{"id":9127,"date":"2026-05-12T21:50:12","date_gmt":"2026-05-12T21:50:12","guid":{"rendered":"https:\/\/abra.org.pt\/?post_type=product&#038;p=9127"},"modified":"2026-05-13T22:35:10","modified_gmt":"2026-05-13T22:35:10","slug":"joaquina","status":"publish","type":"product","link":"https:\/\/abra.org.pt\/index.php\/produto\/joaquina\/","title":{"rendered":"Joaquina"},"content":{"rendered":"","protected":false},"excerpt":{"rendered":"<h3><\/h3>\n<h1><\/h1>\n<p>&nbsp;<\/p>\n<h2 class=\"itemTitle\">Joaquina<\/h2>\n<h2 class=\"itemTitle\"><strong style=\"font-size: 16px;\">Data de entrada: 22 de mar\u00e7o de 2026<\/strong><\/h2>\n<h4><strong>Caracter\u00edsticas:<\/strong><\/h4>\n<h5 data-start=\"65\" data-end=\"304\">A Joaquina deu entrada atrav\u00e9s da Ambul\u00e2ncia Animal, extremamente desidratada e com feridas no focinho. Mais tarde, teve de ser internada por apresentar protrus\u00e3o da l\u00edngua e muita dificuldade em alimentar-se.<br \/>\nInfelizmente, foram identificados v\u00e1rios problemas de sa\u00fade: \u00falceras orais cr\u00f3nicas, provavelmente associadas a caliciv\u00edrus, gengivoestomatite, uma condi\u00e7\u00e3o que lhe provoca inflama\u00e7\u00e3o constante na boca e gengivas, foi tamb\u00e9m identificado um tumor mam\u00e1rio, com suspeita de poss\u00edveis met\u00e1stases, uma massa abdominal entre o f\u00edgado e o est\u00f4mago suspeita de processo neopl\u00e1sico (foi realizada citologia, mas o resultado foi inconclusivo), e ainda uma mancha castanha no olho esquerdo, suspeita de melanoma.<br \/>\nApesar de todas estas condi\u00e7\u00f5es, a Joaquina apresenta atualmente an\u00e1lises cl\u00ednicas positivas e foi descartada a hip\u00f3tese de pancreatite, que inicialmente levantava preocupa\u00e7\u00e3o. No entanto, devido ao seu estado cl\u00ednico delicado, n\u00e3o \u00e9 aconselh\u00e1vel submet\u00ea-la j\u00e1 a procedimentos anest\u00e9sicos, sendo necess\u00e1rio continuar a estabiliz\u00e1-la primeiro. Futuramente, poder\u00e1 ainda beneficiar da extra\u00e7\u00e3o de alguns dentes, mas tudo ter\u00e1 de ser feito de forma muito cuidadosa e faseada.<br \/>\nA Joaquina \u00e9 uma gata meiga e merece uma fam\u00edlia, onde possa descansar, estabilizar e viver os seus \u00faltimos anos com conforto e carinho.<\/h5>\n<h2><a href=\"https:\/\/abra.org.pt\/index.php\/adotar\/\">Quero adotar!<\/a><\/h2>\n<div style=\"text-align: left;\">\n<p><a title=\"Joaquina\" href=\"https:\/\/www.flickr.com\/photos\/73528242@N04\/albums\/72177720333612157\" data-flickr-embed=\"true\"><img decoding=\"async\" src=\"https:\/\/live.staticflickr.com\/65535\/55266402998_5359f7b467_n.jpg\" alt=\"Joaquina\" width=\"200\" height=\"100\" \/><\/a><script async src=\"\/\/embedr.flickr.com\/assets\/client-code.js\" charset=\"utf-8\"><\/script><\/p>\n<style>\n .responsive-img {<br \/>    max-width: 100%;<br \/>    height: auto;<br \/>  }<br \/><\/style>\n<\/div>\n","protected":false},"featured_media":9108,"template":"","meta":[],"product_brand":[],"product_cat":[39,38,29,36],"product_tag":[],"class_list":{"0":"post-9127","1":"product","2":"type-product","3":"status-publish","4":"has-post-thumbnail","6":"product_cat-casos-urgentes","7":"product_cat-gatos","8":"product_cat-gatosnocro","9":"product_cat-ultimas-entradas","11":"first","12":"instock","13":"shipping-taxable","14":"product-type-simple"},"_links":{"self":[{"href":"https:\/\/abra.org.pt\/index.php\/wp-json\/wp\/v2\/product\/9127","targetHints":{"allow":["GET"]}}],"collection":[{"href":"https:\/\/abra.org.pt\/index.php\/wp-json\/wp\/v2\/product"}],"about":[{"href":"https:\/\/abra.org.pt\/index.php\/wp-json\/wp\/v2\/types\/product"}],"version-history":[{"count":1,"href":"https:\/\/abra.org.pt\/index.php\/wp-json\/wp\/v2\/product\/9127\/revisions"}],"predecessor-version":[{"id":9129,"href":"https:\/\/abra.org.pt\/index.php\/wp-json\/wp\/v2\/product\/9127\/revisions\/9129"}],"wp:featuredmedia":[{"embeddable":true,"href":"https:\/\/abra.org.pt\/index.php\/wp-json\/wp\/v2\/media\/9108"}],"wp:attachment":[{"href":"https:\/\/abra.org.pt\/index.php\/wp-json\/wp\/v2\/media?parent=9127"}],"wp:term":[{"taxonomy":"product_brand","embeddable":true,"href":"https:\/\/abra.org.pt\/index.php\/wp-json\/wp\/v2\/product_brand?post=9127"},{"taxonomy":"product_cat","embeddable":true,"href":"https:\/\/abra.org.pt\/index.php\/wp-json\/wp\/v2\/product_cat?post=9127"},{"taxonomy":"product_tag","embeddable":true,"href":"https:\/\/abra.org.pt\/index.php\/wp-json\/wp\/v2\/product_tag?post=9127"}],"curies":[{"name":"wp","href":"https:\/\/api.w.org\/{rel}","templated":true}]}}