{"id":8923,"date":"2026-03-31T22:32:56","date_gmt":"2026-03-31T22:32:56","guid":{"rendered":"https:\/\/abra.org.pt\/?post_type=product&#038;p=8923"},"modified":"2026-03-31T22:39:12","modified_gmt":"2026-03-31T22:39:12","slug":"apelo-4-2026","status":"publish","type":"product","link":"https:\/\/abra.org.pt\/index.php\/produto\/apelo-4-2026\/","title":{"rendered":"Apelo 4 &#8211; 2026"},"content":{"rendered":"","protected":false},"excerpt":{"rendered":"<h3><\/h3>\n<h1><\/h1>\n<p>&nbsp;<\/p>\n<h1>Apelo 4<\/h1>\n<p><strong>Data em que desapareceu: 08\/02\/2026<\/strong><\/p>\n<h4><strong>Caracter\u00edsticas:<\/strong><\/h4>\n<h5>O Lucas desapareceu no dia 8 de fevereiro em S\u00e3o Mamede de Infesta. Quando desapareceu tinha uma coleira preta. Est\u00e1 castrado e tem microchip. Se tiver informa\u00e7\u00f5es sobre a localiza\u00e7\u00e3o dele, contacte: 916 472 065.<\/h5>\n","protected":false},"featured_media":8924,"template":"","meta":[],"product_brand":[],"product_cat":[35],"product_tag":[],"class_list":{"0":"post-8923","1":"product","2":"type-product","3":"status-publish","4":"has-post-thumbnail","6":"product_cat-perdidos-e-achados","8":"first","9":"instock","10":"shipping-taxable","11":"product-type-simple"},"_links":{"self":[{"href":"https:\/\/abra.org.pt\/index.php\/wp-json\/wp\/v2\/product\/8923","targetHints":{"allow":["GET"]}}],"collection":[{"href":"https:\/\/abra.org.pt\/index.php\/wp-json\/wp\/v2\/product"}],"about":[{"href":"https:\/\/abra.org.pt\/index.php\/wp-json\/wp\/v2\/types\/product"}],"version-history":[{"count":2,"href":"https:\/\/abra.org.pt\/index.php\/wp-json\/wp\/v2\/product\/8923\/revisions"}],"predecessor-version":[{"id":8926,"href":"https:\/\/abra.org.pt\/index.php\/wp-json\/wp\/v2\/product\/8923\/revisions\/8926"}],"wp:featuredmedia":[{"embeddable":true,"href":"https:\/\/abra.org.pt\/index.php\/wp-json\/wp\/v2\/media\/8924"}],"wp:attachment":[{"href":"https:\/\/abra.org.pt\/index.php\/wp-json\/wp\/v2\/media?parent=8923"}],"wp:term":[{"taxonomy":"product_brand","embeddable":true,"href":"https:\/\/abra.org.pt\/index.php\/wp-json\/wp\/v2\/product_brand?post=8923"},{"taxonomy":"product_cat","embeddable":true,"href":"https:\/\/abra.org.pt\/index.php\/wp-json\/wp\/v2\/product_cat?post=8923"},{"taxonomy":"product_tag","embeddable":true,"href":"https:\/\/abra.org.pt\/index.php\/wp-json\/wp\/v2\/product_tag?post=8923"}],"curies":[{"name":"wp","href":"https:\/\/api.w.org\/{rel}","templated":true}]}}

<h3></h3>
<h1></h1>
<p>&nbsp;</p>
<h1>Apelo 4</h1>
<p><strong>Data em que desapareceu: 08/02/2026</strong></p>
<h4><strong>Características:</strong></h4>
<h5>O Lucas desapareceu no dia 8 de fevereiro em São Mamede de Infesta. Quando desapareceu tinha uma coleira preta. Está castrado e tem microchip. Se tiver informações sobre a localização dele, contacte: 916 472 065.</h5>
