{"id":8534,"date":"2026-02-02T22:23:25","date_gmt":"2026-02-02T22:23:25","guid":{"rendered":"https:\/\/abra.org.pt\/?post_type=product&#038;p=8534"},"modified":"2026-02-17T17:43:59","modified_gmt":"2026-02-17T17:43:59","slug":"apelo-1-2026","status":"publish","type":"product","link":"https:\/\/abra.org.pt\/index.php\/produto\/apelo-1-2026\/","title":{"rendered":"Apelo 1 &#8211; 2026"},"content":{"rendered":"","protected":false},"excerpt":{"rendered":"<h3><\/h3>\n<h1><\/h1>\n<p>&nbsp;<\/p>\n<h1>Apelo 1<\/h1>\n<p><strong>Data em que desapareceu: 02\/12\/2025<\/strong><\/p>\n<h4><strong>Caracter\u00edsticas:<\/strong><\/h4>\n<h5>A Tita fugiu no dia 2 de dezembro. Se tiver informa\u00e7\u00f5es sobre a localiza\u00e7\u00e3o dela, contacte: 917642367.<\/h5>\n<p><a data-flickr-embed=\"true\" href=\"https:\/\/www.flickr.com\/photos\/73528242@N04\/albums\/72177720331793510\" title=\"PA - Tita\"><img decoding=\"async\" src=\"https:\/\/live.staticflickr.com\/65535\/55075116971_9bc1e41f8c.jpg\" width=\"200\" height=\"100\" alt=\"PA - Tita\"\/><\/a><script async src=\"\/\/embedr.flickr.com\/assets\/client-code.js\" charset=\"utf-8\"><\/script><\/p>\n","protected":false},"featured_media":8535,"template":"","meta":[],"product_brand":[],"product_cat":[35],"product_tag":[],"class_list":{"0":"post-8534","1":"product","2":"type-product","3":"status-publish","4":"has-post-thumbnail","6":"product_cat-perdidos-e-achados","8":"first","9":"instock","10":"shipping-taxable","11":"product-type-simple"},"_links":{"self":[{"href":"https:\/\/abra.org.pt\/index.php\/wp-json\/wp\/v2\/product\/8534","targetHints":{"allow":["GET"]}}],"collection":[{"href":"https:\/\/abra.org.pt\/index.php\/wp-json\/wp\/v2\/product"}],"about":[{"href":"https:\/\/abra.org.pt\/index.php\/wp-json\/wp\/v2\/types\/product"}],"version-history":[{"count":2,"href":"https:\/\/abra.org.pt\/index.php\/wp-json\/wp\/v2\/product\/8534\/revisions"}],"predecessor-version":[{"id":8673,"href":"https:\/\/abra.org.pt\/index.php\/wp-json\/wp\/v2\/product\/8534\/revisions\/8673"}],"wp:featuredmedia":[{"embeddable":true,"href":"https:\/\/abra.org.pt\/index.php\/wp-json\/wp\/v2\/media\/8535"}],"wp:attachment":[{"href":"https:\/\/abra.org.pt\/index.php\/wp-json\/wp\/v2\/media?parent=8534"}],"wp:term":[{"taxonomy":"product_brand","embeddable":true,"href":"https:\/\/abra.org.pt\/index.php\/wp-json\/wp\/v2\/product_brand?post=8534"},{"taxonomy":"product_cat","embeddable":true,"href":"https:\/\/abra.org.pt\/index.php\/wp-json\/wp\/v2\/product_cat?post=8534"},{"taxonomy":"product_tag","embeddable":true,"href":"https:\/\/abra.org.pt\/index.php\/wp-json\/wp\/v2\/product_tag?post=8534"}],"curies":[{"name":"wp","href":"https:\/\/api.w.org\/{rel}","templated":true}]}}