{"id":8530,"date":"2026-02-02T22:14:44","date_gmt":"2026-02-02T22:14:44","guid":{"rendered":"https:\/\/abra.org.pt\/?post_type=product&#038;p=8530"},"modified":"2026-02-02T22:19:16","modified_gmt":"2026-02-02T22:19:16","slug":"free","status":"publish","type":"product","link":"https:\/\/abra.org.pt\/index.php\/produto\/free\/","title":{"rendered":"Free"},"content":{"rendered":"","protected":false},"excerpt":{"rendered":"<h3><\/h3>\n<h1><\/h1>\n<p>&nbsp;<\/p>\n<h1>Free<\/h1>\n<p><strong>Data do pedido: 27 de janeiro de 2026<\/strong><\/p>\n<h4><strong>Caracter\u00edsticas:<\/strong><\/h4>\n<h5>O Free \u00e9 um c\u00e3o de companhia de pequeno porte. Est\u00e1 vacinado, castrado, desparasitado e \u00e9 muito bem comportado sendo uma excelente companhia por ter uma alegria contagiosa e ser muito meigo. Neste momento vive<br \/>\nem Braga com uma fam\u00edlia de acolhimento mas que s\u00f3 o poder\u00e1 manter at\u00e9 ao final de Fevereiro. Caso queiram adotar de forma respons\u00e1vel, ou conhe\u00e7am algu\u00e9m que gostaria de dar mais uma oportunidade ao Free, ele seria o c\u00e3o mais feliz do mundo!! Para mais informa\u00e7\u00f5es ou para conhec\u00ea-lo melhor contactar: Susana por whatsapp: +34 600311671.<\/h5>\n<p>&nbsp;<\/p>\n<style>\n  .responsive-img {<br \/>    max-width: 100%;<br \/>    height: auto;<br \/>  }<br \/><\/style>\n<p><a data-flickr-embed=\"true\" href=\"https:\/\/www.flickr.com\/photos\/73528242@N04\/albums\/72177720331803626\" title=\"PE - Free\"><img decoding=\"async\" src=\"https:\/\/live.staticflickr.com\/65535\/55074188882_dc3a9acb13_z.jpg\" width=\"200\" height=\"100\" alt=\"PE - Free\"\/><\/a><script async src=\"\/\/embedr.flickr.com\/assets\/client-code.js\" charset=\"utf-8\"><\/script><\/p>\n<style>\n  .responsive-img {<br \/>    max-width: 100%;<br \/>    height: auto;<br \/>  }<br \/><\/style>\n","protected":false},"featured_media":8532,"template":"","meta":[],"product_brand":[],"product_cat":[37,34],"product_tag":[],"class_list":{"0":"post-8530","1":"product","2":"type-product","3":"status-publish","4":"has-post-thumbnail","6":"product_cat-caes","7":"product_cat-pedidos-externos","9":"first","10":"instock","11":"shipping-taxable","12":"product-type-simple"},"_links":{"self":[{"href":"https:\/\/abra.org.pt\/index.php\/wp-json\/wp\/v2\/product\/8530","targetHints":{"allow":["GET"]}}],"collection":[{"href":"https:\/\/abra.org.pt\/index.php\/wp-json\/wp\/v2\/product"}],"about":[{"href":"https:\/\/abra.org.pt\/index.php\/wp-json\/wp\/v2\/types\/product"}],"version-history":[{"count":1,"href":"https:\/\/abra.org.pt\/index.php\/wp-json\/wp\/v2\/product\/8530\/revisions"}],"predecessor-version":[{"id":8533,"href":"https:\/\/abra.org.pt\/index.php\/wp-json\/wp\/v2\/product\/8530\/revisions\/8533"}],"wp:featuredmedia":[{"embeddable":true,"href":"https:\/\/abra.org.pt\/index.php\/wp-json\/wp\/v2\/media\/8532"}],"wp:attachment":[{"href":"https:\/\/abra.org.pt\/index.php\/wp-json\/wp\/v2\/media?parent=8530"}],"wp:term":[{"taxonomy":"product_brand","embeddable":true,"href":"https:\/\/abra.org.pt\/index.php\/wp-json\/wp\/v2\/product_brand?post=8530"},{"taxonomy":"product_cat","embeddable":true,"href":"https:\/\/abra.org.pt\/index.php\/wp-json\/wp\/v2\/product_cat?post=8530"},{"taxonomy":"product_tag","embeddable":true,"href":"https:\/\/abra.org.pt\/index.php\/wp-json\/wp\/v2\/product_tag?post=8530"}],"curies":[{"name":"wp","href":"https:\/\/api.w.org\/{rel}","templated":true}]}}

<h3></h3>
<h1></h1>
<p>&nbsp;</p>
<h1>Free</h1>
<p><strong>Data do pedido: 27 de janeiro de 2026</strong></p>
<h4><strong>Características:</strong></h4>
<h5>O Free é um cão de companhia de pequeno porte. Está vacinado, castrado, desparasitado e é muito bem comportado sendo uma excelente companhia por ter uma alegria contagiosa e ser muito meigo. Neste momento vive<br />
em Braga com uma família de acolhimento mas que só o poderá manter até ao final de Fevereiro. Caso queiram adotar de forma responsável, ou conheçam alguém que gostaria de dar mais uma oportunidade ao Free, ele seria o cão mais feliz do mundo!! Para mais informações ou para conhecê-lo melhor contactar: Susana por whatsapp: +34 600311671.</h5>
<p>&nbsp;</p>
<style>
  .responsive-img {<br />    max-width: 100%;<br />    height: auto;<br />  }<br /></style>
<p><a data-flickr-embed="true" href="https://www.flickr.com/photos/73528242@N04/albums/72177720331803626" title="PE - Free"><img decoding="async" src="https://live.staticflickr.com/65535/55074188882_dc3a9acb13_z.jpg" width="200" height="100" alt="PE - Free"/></a><script async src="//embedr.flickr.com/assets/client-code.js" charset="utf-8"></script></p>
<style>
  .responsive-img {<br />    max-width: 100%;<br />    height: auto;<br />  }<br /></style>
