{"id":8219,"date":"2025-12-24T13:46:23","date_gmt":"2025-12-24T13:46:23","guid":{"rendered":"https:\/\/abra.org.pt\/?post_type=product&#038;p=8219"},"modified":"2025-12-24T13:51:56","modified_gmt":"2025-12-24T13:51:56","slug":"apelo-19-2025","status":"publish","type":"product","link":"https:\/\/abra.org.pt\/index.php\/produto\/apelo-19-2025\/","title":{"rendered":"Apelo 19 &#8211; 2025"},"content":{"rendered":"","protected":false},"excerpt":{"rendered":"<h3><\/h3>\n<h1><\/h1>\n<p>&nbsp;<\/p>\n<h1>Apelo 19<\/h1>\n<p><strong>Data em que desapareceu: 16\/12\/2025<\/strong><\/p>\n<h4><strong>Caracter\u00edsticas:<\/strong><\/h4>\n<h5>O Nico tem tem aproximadamente 1 ano e desapareceu no dia 16 de dezembro \u00e0 tarde. Ele \u00e9 um gato com mistura de siam\u00eas com branco e olhos azuis. Se tiver informa\u00e7\u00f5es sobre a localiza\u00e7\u00e3o dele, contacte: 917 331 399.<\/h5>\n<p><a title=\"Nico (Perdidos e Achados)\" href=\"https:\/\/www.flickr.com\/photos\/73528242@N04\/albums\/72177720331082430\" data-flickr-embed=\"true\"><img decoding=\"async\" src=\"https:\/\/live.staticflickr.com\/65535\/55003255910_953cc12305_c.jpg\" alt=\"Nico (Perdidos e Achados)\" width=\"200\" height=\"100\" \/><\/a><script async src=\"\/\/embedr.flickr.com\/assets\/client-code.js\" charset=\"utf-8\"><\/script><\/p>\n","protected":false},"featured_media":8220,"template":"","meta":[],"product_brand":[],"product_cat":[35],"product_tag":[],"class_list":{"0":"post-8219","1":"product","2":"type-product","3":"status-publish","4":"has-post-thumbnail","6":"product_cat-perdidos-e-achados","8":"first","9":"instock","10":"shipping-taxable","11":"product-type-simple"},"_links":{"self":[{"href":"https:\/\/abra.org.pt\/index.php\/wp-json\/wp\/v2\/product\/8219","targetHints":{"allow":["GET"]}}],"collection":[{"href":"https:\/\/abra.org.pt\/index.php\/wp-json\/wp\/v2\/product"}],"about":[{"href":"https:\/\/abra.org.pt\/index.php\/wp-json\/wp\/v2\/types\/product"}],"version-history":[{"count":1,"href":"https:\/\/abra.org.pt\/index.php\/wp-json\/wp\/v2\/product\/8219\/revisions"}],"predecessor-version":[{"id":8224,"href":"https:\/\/abra.org.pt\/index.php\/wp-json\/wp\/v2\/product\/8219\/revisions\/8224"}],"wp:featuredmedia":[{"embeddable":true,"href":"https:\/\/abra.org.pt\/index.php\/wp-json\/wp\/v2\/media\/8220"}],"wp:attachment":[{"href":"https:\/\/abra.org.pt\/index.php\/wp-json\/wp\/v2\/media?parent=8219"}],"wp:term":[{"taxonomy":"product_brand","embeddable":true,"href":"https:\/\/abra.org.pt\/index.php\/wp-json\/wp\/v2\/product_brand?post=8219"},{"taxonomy":"product_cat","embeddable":true,"href":"https:\/\/abra.org.pt\/index.php\/wp-json\/wp\/v2\/product_cat?post=8219"},{"taxonomy":"product_tag","embeddable":true,"href":"https:\/\/abra.org.pt\/index.php\/wp-json\/wp\/v2\/product_tag?post=8219"}],"curies":[{"name":"wp","href":"https:\/\/api.w.org\/{rel}","templated":true}]}}

<h3></h3>
<h1></h1>
<p>&nbsp;</p>
<h1>Apelo 19</h1>
<p><strong>Data em que desapareceu: 16/12/2025</strong></p>
<h4><strong>Características:</strong></h4>
<h5>O Nico tem tem aproximadamente 1 ano e desapareceu no dia 16 de dezembro à tarde. Ele é um gato com mistura de siamês com branco e olhos azuis. Se tiver informações sobre a localização dele, contacte: 917 331 399.</h5>
<p><a title="Nico (Perdidos e Achados)" href="https://www.flickr.com/photos/73528242@N04/albums/72177720331082430" data-flickr-embed="true"><img decoding="async" src="https://live.staticflickr.com/65535/55003255910_953cc12305_c.jpg" alt="Nico (Perdidos e Achados)" width="200" height="100" /></a><script async src="//embedr.flickr.com/assets/client-code.js" charset="utf-8"></script></p>
