{"id":7815,"date":"2025-10-21T12:24:19","date_gmt":"2025-10-21T12:24:19","guid":{"rendered":"https:\/\/abra.org.pt\/?post_type=product&#038;p=7815"},"modified":"2026-01-28T13:45:51","modified_gmt":"2026-01-28T13:45:51","slug":"cao-para-adocao","status":"publish","type":"product","link":"https:\/\/abra.org.pt\/index.php\/produto\/cao-para-adocao\/","title":{"rendered":"Baron"},"content":{"rendered":"","protected":false},"excerpt":{"rendered":"<h3><\/h3>\n<h1><\/h1>\n<p>&nbsp;<\/p>\n<h1>Baron<\/h1>\n<p><strong>Data do pedido: 16 de outubro de 2025<\/strong><\/p>\n<h4><strong>Caracter\u00edsticas:<\/strong><\/h4>\n<h5>Tem 2 anos, \u00e9 um c\u00e3o de porte m\u00e9dio, tem microchip e vacinas em dia. \u00a0\u00c9 meigo, adora crian\u00e7as e \u00e9 muito soci\u00e1vel. Se tiver interesse em adotar, contacte: 910 263 460.<\/h5>\n<p>&nbsp;<\/p>\n<style>\n  .responsive-img {<br \/>    max-width: 100%;<br \/>    height: auto;<br \/>  }<br \/><\/style>\n<p><a title=\"C\u00e3o (pedido externo)\" href=\"https:\/\/www.flickr.com\/photos\/73528242@N04\/albums\/72177720329825724\" data-flickr-embed=\"true\"><img decoding=\"async\" src=\"https:\/\/live.staticflickr.com\/65535\/54868777947_5b5dacab47.jpg\" alt=\"C\u00e3o (pedido externo)\" width=\"200\" height=\"100\" \/><\/a><script async src=\"\/\/embedr.flickr.com\/assets\/client-code.js\" charset=\"utf-8\"><\/script><\/p>\n<style>\n  .responsive-img {<br \/>    max-width: 100%;<br \/>    height: auto;<br \/>  }<br \/><\/style>\n","protected":false},"featured_media":7816,"template":"","meta":[],"product_brand":[],"product_cat":[37,34],"product_tag":[],"class_list":{"0":"post-7815","1":"product","2":"type-product","3":"status-publish","4":"has-post-thumbnail","6":"product_cat-caes","7":"product_cat-pedidos-externos","9":"first","10":"instock","11":"shipping-taxable","12":"product-type-simple"},"_links":{"self":[{"href":"https:\/\/abra.org.pt\/index.php\/wp-json\/wp\/v2\/product\/7815","targetHints":{"allow":["GET"]}}],"collection":[{"href":"https:\/\/abra.org.pt\/index.php\/wp-json\/wp\/v2\/product"}],"about":[{"href":"https:\/\/abra.org.pt\/index.php\/wp-json\/wp\/v2\/types\/product"}],"version-history":[{"count":2,"href":"https:\/\/abra.org.pt\/index.php\/wp-json\/wp\/v2\/product\/7815\/revisions"}],"predecessor-version":[{"id":8480,"href":"https:\/\/abra.org.pt\/index.php\/wp-json\/wp\/v2\/product\/7815\/revisions\/8480"}],"wp:featuredmedia":[{"embeddable":true,"href":"https:\/\/abra.org.pt\/index.php\/wp-json\/wp\/v2\/media\/7816"}],"wp:attachment":[{"href":"https:\/\/abra.org.pt\/index.php\/wp-json\/wp\/v2\/media?parent=7815"}],"wp:term":[{"taxonomy":"product_brand","embeddable":true,"href":"https:\/\/abra.org.pt\/index.php\/wp-json\/wp\/v2\/product_brand?post=7815"},{"taxonomy":"product_cat","embeddable":true,"href":"https:\/\/abra.org.pt\/index.php\/wp-json\/wp\/v2\/product_cat?post=7815"},{"taxonomy":"product_tag","embeddable":true,"href":"https:\/\/abra.org.pt\/index.php\/wp-json\/wp\/v2\/product_tag?post=7815"}],"curies":[{"name":"wp","href":"https:\/\/api.w.org\/{rel}","templated":true}]}}

<h3></h3>
<h1></h1>
<p>&nbsp;</p>
<h1>Baron</h1>
<p><strong>Data do pedido: 16 de outubro de 2025</strong></p>
<h4><strong>Características:</strong></h4>
<h5>Tem 2 anos, é um cão de porte médio, tem microchip e vacinas em dia.  É meigo, adora crianças e é muito sociável. Se tiver interesse em adotar, contacte: 910 263 460.</h5>
<p>&nbsp;</p>
<style>
  .responsive-img {<br />    max-width: 100%;<br />    height: auto;<br />  }<br /></style>
<p><a title="Cão (pedido externo)" href="https://www.flickr.com/photos/73528242@N04/albums/72177720329825724" data-flickr-embed="true"><img decoding="async" src="https://live.staticflickr.com/65535/54868777947_5b5dacab47.jpg" alt="Cão (pedido externo)" width="200" height="100" /></a><script async src="//embedr.flickr.com/assets/client-code.js" charset="utf-8"></script></p>
<style>
  .responsive-img {<br />    max-width: 100%;<br />    height: auto;<br />  }<br /></style>
