{"id":7623,"date":"2025-09-29T14:07:16","date_gmt":"2025-09-29T14:07:16","guid":{"rendered":"https:\/\/abra.org.pt\/?post_type=product&#038;p=7623"},"modified":"2025-09-29T14:20:52","modified_gmt":"2025-09-29T14:20:52","slug":"apelo-14-2025","status":"publish","type":"product","link":"https:\/\/abra.org.pt\/index.php\/produto\/apelo-14-2025\/","title":{"rendered":"Apelo 14 &#8211; 2025"},"content":{"rendered":"","protected":false},"excerpt":{"rendered":"<h3><\/h3>\n<h1><\/h1>\n<p>&nbsp;<\/p>\n<h1>Apelo 14<\/h1>\n<p><strong>Data em que desapareceu: 25\/09\/2025<\/strong><\/p>\n<h4><strong>Caracter\u00edsticas:<\/strong><\/h4>\n<h5 class=\"x14z9mp xat24cr x1lziwak x1vvkbs xtlvy1s x126k92a\">A Lua caiu da varanda do segundo andar na noite do dia 25\/09 para 26\/09 na Pra\u00e7a Padre Ricardo Rocha, n.\u00ba 3, S. V\u00edtor Braga. Possui microchip, tem 2 anos, \u00e9 esterilizada. \u00c9 uma gata meiga, mas assustada. Se tiver informa\u00e7\u00f5es sobre a localiza\u00e7\u00e3o dela, contacte: 918 941 552 ou 914 913 458.<\/h5>\n<p><a title=\"Lua (Perdidos e Achados)\" href=\"https:\/\/www.flickr.com\/photos\/73528242@N04\/albums\/72177720329349098\" data-flickr-embed=\"true\"><img decoding=\"async\" src=\"https:\/\/live.staticflickr.com\/65535\/54819943546_a4375dde09.jpg\" alt=\"Lua (Perdidos e Achados)\" width=\"200\" height=\"100\" \/><\/a><script async src=\"\/\/embedr.flickr.com\/assets\/client-code.js\" charset=\"utf-8\"><\/script><\/p>\n","protected":false},"featured_media":7624,"template":"","meta":[],"product_brand":[],"product_cat":[35],"product_tag":[],"class_list":{"0":"post-7623","1":"product","2":"type-product","3":"status-publish","4":"has-post-thumbnail","6":"product_cat-perdidos-e-achados","8":"first","9":"instock","10":"shipping-taxable","11":"product-type-simple"},"_links":{"self":[{"href":"https:\/\/abra.org.pt\/index.php\/wp-json\/wp\/v2\/product\/7623","targetHints":{"allow":["GET"]}}],"collection":[{"href":"https:\/\/abra.org.pt\/index.php\/wp-json\/wp\/v2\/product"}],"about":[{"href":"https:\/\/abra.org.pt\/index.php\/wp-json\/wp\/v2\/types\/product"}],"version-history":[{"count":2,"href":"https:\/\/abra.org.pt\/index.php\/wp-json\/wp\/v2\/product\/7623\/revisions"}],"predecessor-version":[{"id":7632,"href":"https:\/\/abra.org.pt\/index.php\/wp-json\/wp\/v2\/product\/7623\/revisions\/7632"}],"wp:featuredmedia":[{"embeddable":true,"href":"https:\/\/abra.org.pt\/index.php\/wp-json\/wp\/v2\/media\/7624"}],"wp:attachment":[{"href":"https:\/\/abra.org.pt\/index.php\/wp-json\/wp\/v2\/media?parent=7623"}],"wp:term":[{"taxonomy":"product_brand","embeddable":true,"href":"https:\/\/abra.org.pt\/index.php\/wp-json\/wp\/v2\/product_brand?post=7623"},{"taxonomy":"product_cat","embeddable":true,"href":"https:\/\/abra.org.pt\/index.php\/wp-json\/wp\/v2\/product_cat?post=7623"},{"taxonomy":"product_tag","embeddable":true,"href":"https:\/\/abra.org.pt\/index.php\/wp-json\/wp\/v2\/product_tag?post=7623"}],"curies":[{"name":"wp","href":"https:\/\/api.w.org\/{rel}","templated":true}]}}

<h3></h3>
<h1></h1>
<p>&nbsp;</p>
<h1>Apelo 14</h1>
<p><strong>Data em que desapareceu: 25/09/2025</strong></p>
<h4><strong>Características:</strong></h4>
<h5 class="x14z9mp xat24cr x1lziwak x1vvkbs xtlvy1s x126k92a">A Lua caiu da varanda do segundo andar na noite do dia 25/09 para 26/09 na Praça Padre Ricardo Rocha, n.º 3, S. Vítor Braga. Possui microchip, tem 2 anos, é esterilizada. É uma gata meiga, mas assustada. Se tiver informações sobre a localização dela, contacte: 918 941 552 ou 914 913 458.</h5>
<p><a title="Lua (Perdidos e Achados)" href="https://www.flickr.com/photos/73528242@N04/albums/72177720329349098" data-flickr-embed="true"><img decoding="async" src="https://live.staticflickr.com/65535/54819943546_a4375dde09.jpg" alt="Lua (Perdidos e Achados)" width="200" height="100" /></a><script async src="//embedr.flickr.com/assets/client-code.js" charset="utf-8"></script></p>
