{"id":7437,"date":"2025-09-04T14:44:20","date_gmt":"2025-09-04T14:44:20","guid":{"rendered":"https:\/\/abra.org.pt\/?post_type=product&#038;p=7437"},"modified":"2026-01-28T13:50:01","modified_gmt":"2026-01-28T13:50:01","slug":"gatinhos-para-adocao","status":"publish","type":"product","link":"https:\/\/abra.org.pt\/index.php\/produto\/gatinhos-para-adocao\/","title":{"rendered":"Tuxa, Giovana, Virg\u00ednia e Dion"},"content":{"rendered":"","protected":false},"excerpt":{"rendered":"<h3><\/h3>\n<h1><\/h1>\n<p>&nbsp;<\/p>\n<h1>Tuxa, Giovana, Virg\u00ednia e Dion<\/h1>\n<p><strong>Data do pedido: 25 de agosto de 2025<\/strong><\/p>\n<h4><strong>Caracter\u00edsticas:<\/strong><\/h4>\n<h5>T\u00eam 2 meses (nasceram no dia 22 de junho) e j\u00e1 comem sozinhos, usam a areia e s\u00e3o muito inteligentes e carinhosos. S\u00e3o 3 f\u00eameas e 1 macho prontos para encontrar um lar onde possam crescer saud\u00e1veis, seguros e rodeados de amor. Se tiver interesse em adotar, contacte:\u00a0964 395 737.<\/h5>\n<style>\n  .responsive-img {<br \/>    max-width: 100%;<br \/>    height: auto;<br \/>  }<br \/><\/style>\n<p><a title=\"gatinhos para ado\u00e7\u00e3o (ped. externo)\" href=\"https:\/\/www.flickr.com\/photos\/73528242@N04\/albums\/72177720328827243\" data-flickr-embed=\"true\"><img decoding=\"async\" src=\"https:\/\/live.staticflickr.com\/65535\/54765023431_1154114218.jpg\" alt=\"gatinhos para ado\u00e7\u00e3o (ped. externo)\" width=\"200\" height=\"100\" \/><\/a><script async src=\"\/\/embedr.flickr.com\/assets\/client-code.js\" charset=\"utf-8\"><\/script><\/p>\n<style>\n  .responsive-img {<br \/>    max-width: 100%;<br \/>    height: auto;<br \/>  }<br \/><\/style>\n","protected":false},"featured_media":7441,"template":"","meta":[],"product_brand":[],"product_cat":[38,40],"product_tag":[],"class_list":{"0":"post-7437","1":"product","2":"type-product","3":"status-publish","4":"has-post-thumbnail","6":"product_cat-gatos","7":"product_cat-pedidos-externos-gatos","9":"first","10":"instock","11":"shipping-taxable","12":"product-type-simple"},"_links":{"self":[{"href":"https:\/\/abra.org.pt\/index.php\/wp-json\/wp\/v2\/product\/7437","targetHints":{"allow":["GET"]}}],"collection":[{"href":"https:\/\/abra.org.pt\/index.php\/wp-json\/wp\/v2\/product"}],"about":[{"href":"https:\/\/abra.org.pt\/index.php\/wp-json\/wp\/v2\/types\/product"}],"version-history":[{"count":3,"href":"https:\/\/abra.org.pt\/index.php\/wp-json\/wp\/v2\/product\/7437\/revisions"}],"predecessor-version":[{"id":8482,"href":"https:\/\/abra.org.pt\/index.php\/wp-json\/wp\/v2\/product\/7437\/revisions\/8482"}],"wp:featuredmedia":[{"embeddable":true,"href":"https:\/\/abra.org.pt\/index.php\/wp-json\/wp\/v2\/media\/7441"}],"wp:attachment":[{"href":"https:\/\/abra.org.pt\/index.php\/wp-json\/wp\/v2\/media?parent=7437"}],"wp:term":[{"taxonomy":"product_brand","embeddable":true,"href":"https:\/\/abra.org.pt\/index.php\/wp-json\/wp\/v2\/product_brand?post=7437"},{"taxonomy":"product_cat","embeddable":true,"href":"https:\/\/abra.org.pt\/index.php\/wp-json\/wp\/v2\/product_cat?post=7437"},{"taxonomy":"product_tag","embeddable":true,"href":"https:\/\/abra.org.pt\/index.php\/wp-json\/wp\/v2\/product_tag?post=7437"}],"curies":[{"name":"wp","href":"https:\/\/api.w.org\/{rel}","templated":true}]}}