{"id":7222,"date":"2025-08-13T17:10:06","date_gmt":"2025-08-13T17:10:06","guid":{"rendered":"https:\/\/abra.org.pt\/?post_type=product&#038;p=7222"},"modified":"2025-08-19T22:57:05","modified_gmt":"2025-08-19T22:57:05","slug":"brownie","status":"publish","type":"product","link":"https:\/\/abra.org.pt\/index.php\/produto\/brownie\/","title":{"rendered":"Brownie"},"content":{"rendered":"","protected":false},"excerpt":{"rendered":"<h3><\/h3>\n<h1><\/h1>\n<p>&nbsp;<\/p>\n<h1>Brownie<\/h1>\n<p><strong>Data do pedido: 13 de agosto de 2025<\/strong><\/p>\n<h4><strong>Caracter\u00edsticas:<\/strong><\/h4>\n<h5>O Brownie tem 8 anos (nascido a 1 de maio de 2017) e \u00e9 um c\u00e3o muito meigo, brincalh\u00e3o e soci\u00e1vel. D\u00e1-se bem com outros animais e crian\u00e7as. Est\u00e1 treinado e habituado a viver em ambiente familiar. Est\u00e1 esterilizado, vacinado e desparasitado e n\u00e3o possui necessidades de sa\u00fade especiais. \u00c9 um c\u00e3o equilibrado, bem-disposto, que adora passear, brincar e estar junto das pessoas. \u00c9 tamb\u00e9m muito obediente e est\u00e1 habituado a rotinas. Se tiver interesse em adotar, contacte: 916 939 457 ou almeidacoelho.joao@gmail.com.<\/h5>\n<p>&nbsp;<\/p>\n<style>\n  .responsive-img {<br \/>    max-width: 100%;<br \/>    height: auto;<br \/>  }<br \/><\/style>\n<p><a title=\"Brownie (Pedido externo)\" href=\"https:\/\/www.flickr.com\/photos\/73528242@N04\/albums\/72177720328362844\" data-flickr-embed=\"true\"><img decoding=\"async\" src=\"https:\/\/live.staticflickr.com\/65535\/54718832898_6b80695f25.jpg\" alt=\"Brownie (Pedido externo)\" width=\"200\" height=\"100\" \/><\/a><script async src=\"\/\/embedr.flickr.com\/assets\/client-code.js\" charset=\"utf-8\"><\/script><\/p>\n<style>\n  .responsive-img {<br \/>    max-width: 100%;<br \/>    height: auto;<br \/>  }<br \/><\/style>\n","protected":false},"featured_media":7224,"template":"","meta":[],"product_brand":[],"product_cat":[37,34],"product_tag":[],"class_list":{"0":"post-7222","1":"product","2":"type-product","3":"status-publish","4":"has-post-thumbnail","6":"product_cat-caes","7":"product_cat-pedidos-externos","9":"first","10":"instock","11":"shipping-taxable","12":"product-type-simple"},"_links":{"self":[{"href":"https:\/\/abra.org.pt\/index.php\/wp-json\/wp\/v2\/product\/7222","targetHints":{"allow":["GET"]}}],"collection":[{"href":"https:\/\/abra.org.pt\/index.php\/wp-json\/wp\/v2\/product"}],"about":[{"href":"https:\/\/abra.org.pt\/index.php\/wp-json\/wp\/v2\/types\/product"}],"version-history":[{"count":1,"href":"https:\/\/abra.org.pt\/index.php\/wp-json\/wp\/v2\/product\/7222\/revisions"}],"predecessor-version":[{"id":7226,"href":"https:\/\/abra.org.pt\/index.php\/wp-json\/wp\/v2\/product\/7222\/revisions\/7226"}],"wp:featuredmedia":[{"embeddable":true,"href":"https:\/\/abra.org.pt\/index.php\/wp-json\/wp\/v2\/media\/7224"}],"wp:attachment":[{"href":"https:\/\/abra.org.pt\/index.php\/wp-json\/wp\/v2\/media?parent=7222"}],"wp:term":[{"taxonomy":"product_brand","embeddable":true,"href":"https:\/\/abra.org.pt\/index.php\/wp-json\/wp\/v2\/product_brand?post=7222"},{"taxonomy":"product_cat","embeddable":true,"href":"https:\/\/abra.org.pt\/index.php\/wp-json\/wp\/v2\/product_cat?post=7222"},{"taxonomy":"product_tag","embeddable":true,"href":"https:\/\/abra.org.pt\/index.php\/wp-json\/wp\/v2\/product_tag?post=7222"}],"curies":[{"name":"wp","href":"https:\/\/api.w.org\/{rel}","templated":true}]}}