{"id":7093,"date":"2025-07-30T14:44:49","date_gmt":"2025-07-30T14:44:49","guid":{"rendered":"https:\/\/abra.org.pt\/?post_type=product&#038;p=7093"},"modified":"2025-08-19T22:57:06","modified_gmt":"2025-08-19T22:57:06","slug":"apelo-12-2025","status":"publish","type":"product","link":"https:\/\/abra.org.pt\/index.php\/produto\/apelo-12-2025\/","title":{"rendered":"Apelo 12 &#8211; 2025"},"content":{"rendered":"","protected":false},"excerpt":{"rendered":"<h3><\/h3>\n<h1><\/h1>\n<p>&nbsp;<\/p>\n<h1>Apelo 12<\/h1>\n<p><strong>Data em que desapareceu: 18\/06\/2025<\/strong><\/p>\n<h4><strong>Caracter\u00edsticas:<\/strong><\/h4>\n<h5>A Nina e a Nena fugiram de casa na zona de Jesufrei, VN Famalic\u00e3o, no dia 18 de junho. S\u00e3o irm\u00e3s e possuem microchip. Uma delas estava a usar uma coleira no dia do desaparecimento.\u00a0Se tiver informa\u00e7\u00f5es sobre o paradeiro delas, por favor, contacte: 966471026<\/h5>\n<p><a title=\"Nina e Nena (perdidos e achados)\" href=\"https:\/\/www.flickr.com\/photos\/73528242@N04\/albums\/72177720327994922\" data-flickr-embed=\"true\"><img decoding=\"async\" src=\"https:\/\/live.staticflickr.com\/65535\/54688161497_8b14df5bcb.jpg\" alt=\"Nina e Nena (perdidos e achados)\" width=\"200\" height=\"100\" \/><\/a><script async src=\"\/\/embedr.flickr.com\/assets\/client-code.js\" charset=\"utf-8\"><\/script><\/p>\n","protected":false},"featured_media":7094,"template":"","meta":[],"product_brand":[],"product_cat":[35],"product_tag":[],"class_list":{"0":"post-7093","1":"product","2":"type-product","3":"status-publish","4":"has-post-thumbnail","6":"product_cat-perdidos-e-achados","8":"first","9":"instock","10":"shipping-taxable","11":"product-type-simple"},"_links":{"self":[{"href":"https:\/\/abra.org.pt\/index.php\/wp-json\/wp\/v2\/product\/7093","targetHints":{"allow":["GET"]}}],"collection":[{"href":"https:\/\/abra.org.pt\/index.php\/wp-json\/wp\/v2\/product"}],"about":[{"href":"https:\/\/abra.org.pt\/index.php\/wp-json\/wp\/v2\/types\/product"}],"version-history":[{"count":3,"href":"https:\/\/abra.org.pt\/index.php\/wp-json\/wp\/v2\/product\/7093\/revisions"}],"predecessor-version":[{"id":7097,"href":"https:\/\/abra.org.pt\/index.php\/wp-json\/wp\/v2\/product\/7093\/revisions\/7097"}],"wp:featuredmedia":[{"embeddable":true,"href":"https:\/\/abra.org.pt\/index.php\/wp-json\/wp\/v2\/media\/7094"}],"wp:attachment":[{"href":"https:\/\/abra.org.pt\/index.php\/wp-json\/wp\/v2\/media?parent=7093"}],"wp:term":[{"taxonomy":"product_brand","embeddable":true,"href":"https:\/\/abra.org.pt\/index.php\/wp-json\/wp\/v2\/product_brand?post=7093"},{"taxonomy":"product_cat","embeddable":true,"href":"https:\/\/abra.org.pt\/index.php\/wp-json\/wp\/v2\/product_cat?post=7093"},{"taxonomy":"product_tag","embeddable":true,"href":"https:\/\/abra.org.pt\/index.php\/wp-json\/wp\/v2\/product_tag?post=7093"}],"curies":[{"name":"wp","href":"https:\/\/api.w.org\/{rel}","templated":true}]}}

<h3></h3>
<h1></h1>
<p>&nbsp;</p>
<h1>Apelo 12</h1>
<p><strong>Data em que desapareceu: 18/06/2025</strong></p>
<h4><strong>Características:</strong></h4>
<h5>A Nina e a Nena fugiram de casa na zona de Jesufrei, VN Famalicão, no dia 18 de junho. São irmãs e possuem microchip. Uma delas estava a usar uma coleira no dia do desaparecimento. Se tiver informações sobre o paradeiro delas, por favor, contacte: 966471026</h5>
<p><a title="Nina e Nena (perdidos e achados)" href="https://www.flickr.com/photos/73528242@N04/albums/72177720327994922" data-flickr-embed="true"><img decoding="async" src="https://live.staticflickr.com/65535/54688161497_8b14df5bcb.jpg" alt="Nina e Nena (perdidos e achados)" width="200" height="100" /></a><script async src="//embedr.flickr.com/assets/client-code.js" charset="utf-8"></script></p>
