{"id":6933,"date":"2025-07-21T21:16:29","date_gmt":"2025-07-21T21:16:29","guid":{"rendered":"https:\/\/abra.org.pt\/?post_type=product&#038;p=6933"},"modified":"2025-07-21T21:26:50","modified_gmt":"2025-07-21T21:26:50","slug":"apelo-11-2025","status":"publish","type":"product","link":"https:\/\/abra.org.pt\/index.php\/produto\/apelo-11-2025\/","title":{"rendered":"Apelo 11 &#8211; 2025"},"content":{"rendered":"","protected":false},"excerpt":{"rendered":"<h3><\/h3>\n<h1><\/h1>\n<p>&nbsp;<\/p>\n<h1>Apelo 11<\/h1>\n<p><strong>Data em que desapareceu: 21\/07\/2025<\/strong><\/p>\n<h4><strong>Caracter\u00edsticas:<\/strong><\/h4>\n<h5 dir=\"auto\">O Baco desapareceu a 12 de julho de 2025 na zona de Mire de Tib\u00e3es em Braga. O Baco tem cerca de 50cm de altura e, na altura, pesava cerca de 20 kg. \u00c9 assustado (principalmente com homens) e possui microchip. Tem o f\u00edgado e rins debilitados e s\u00f3 pode comer ra\u00e7\u00e3o \u00e0 base de carne de frango e sem a\u00e7\u00facares, por isso \u00e9 mesmo importante que ele venha para casa para assegurar a dieta dele.<\/h5>\n<p><a title=\"Baco (Perdidos e Achados)\" href=\"https:\/\/www.flickr.com\/photos\/73528242@N04\/albums\/72177720327687420\" data-flickr-embed=\"true\"><img decoding=\"async\" src=\"https:\/\/live.staticflickr.com\/65535\/54670278273_99229c94b6.jpg\" alt=\"Baco (Perdidos e Achados)\" width=\"200\" height=\"100\" \/><\/a><script async src=\"\/\/embedr.flickr.com\/assets\/client-code.js\" charset=\"utf-8\"><\/script><\/p>\n","protected":false},"featured_media":6934,"template":"","meta":[],"product_brand":[],"product_cat":[35],"product_tag":[],"class_list":{"0":"post-6933","1":"product","2":"type-product","3":"status-publish","4":"has-post-thumbnail","6":"product_cat-perdidos-e-achados","8":"first","9":"instock","10":"shipping-taxable","11":"product-type-simple"},"_links":{"self":[{"href":"https:\/\/abra.org.pt\/index.php\/wp-json\/wp\/v2\/product\/6933","targetHints":{"allow":["GET"]}}],"collection":[{"href":"https:\/\/abra.org.pt\/index.php\/wp-json\/wp\/v2\/product"}],"about":[{"href":"https:\/\/abra.org.pt\/index.php\/wp-json\/wp\/v2\/types\/product"}],"version-history":[{"count":1,"href":"https:\/\/abra.org.pt\/index.php\/wp-json\/wp\/v2\/product\/6933\/revisions"}],"predecessor-version":[{"id":6939,"href":"https:\/\/abra.org.pt\/index.php\/wp-json\/wp\/v2\/product\/6933\/revisions\/6939"}],"wp:featuredmedia":[{"embeddable":true,"href":"https:\/\/abra.org.pt\/index.php\/wp-json\/wp\/v2\/media\/6934"}],"wp:attachment":[{"href":"https:\/\/abra.org.pt\/index.php\/wp-json\/wp\/v2\/media?parent=6933"}],"wp:term":[{"taxonomy":"product_brand","embeddable":true,"href":"https:\/\/abra.org.pt\/index.php\/wp-json\/wp\/v2\/product_brand?post=6933"},{"taxonomy":"product_cat","embeddable":true,"href":"https:\/\/abra.org.pt\/index.php\/wp-json\/wp\/v2\/product_cat?post=6933"},{"taxonomy":"product_tag","embeddable":true,"href":"https:\/\/abra.org.pt\/index.php\/wp-json\/wp\/v2\/product_tag?post=6933"}],"curies":[{"name":"wp","href":"https:\/\/api.w.org\/{rel}","templated":true}]}}

<h3></h3>
<h1></h1>
<p>&nbsp;</p>
<h1>Apelo 11</h1>
<p><strong>Data em que desapareceu: 21/07/2025</strong></p>
<h4><strong>Características:</strong></h4>
<h5 dir="auto">O Baco desapareceu a 12 de julho de 2025 na zona de Mire de Tibães em Braga. O Baco tem cerca de 50cm de altura e, na altura, pesava cerca de 20 kg. É assustado (principalmente com homens) e possui microchip. Tem o fígado e rins debilitados e só pode comer ração à base de carne de frango e sem açúcares, por isso é mesmo importante que ele venha para casa para assegurar a dieta dele.</h5>
<p><a title="Baco (Perdidos e Achados)" href="https://www.flickr.com/photos/73528242@N04/albums/72177720327687420" data-flickr-embed="true"><img decoding="async" src="https://live.staticflickr.com/65535/54670278273_99229c94b6.jpg" alt="Baco (Perdidos e Achados)" width="200" height="100" /></a><script async src="//embedr.flickr.com/assets/client-code.js" charset="utf-8"></script></p>
