{"id":6762,"date":"2025-07-09T10:45:55","date_gmt":"2025-07-09T10:45:55","guid":{"rendered":"https:\/\/abra.org.pt\/?post_type=product&#038;p=6762"},"modified":"2025-07-10T23:14:35","modified_gmt":"2025-07-10T23:14:35","slug":"rocky-2","status":"publish","type":"product","link":"https:\/\/abra.org.pt\/index.php\/produto\/rocky-2\/","title":{"rendered":"Rocky"},"content":{"rendered":"","protected":false},"excerpt":{"rendered":"<h3><\/h3>\n<h1><\/h1>\n<p>&nbsp;<\/p>\n<h1>Rocky<\/h1>\n<p><strong>Data do pedido: 7 de julho de 2025<\/strong><\/p>\n<h4><strong>Caracter\u00edsticas:<\/strong><\/h4>\n<h5>O Rocky \u00e9 um c\u00e3o com cerca de 11 meses, muito carinhoso e brincalh\u00e3o. Possui microchip, tem as vacinas em dia e n\u00e3o est\u00e1 esterilizado.<\/h5>\n<h5><strong>Contacto para ado\u00e7\u00e3o: 920 316 509<\/strong><\/h5>\n<style>\n  .responsive-img {<br \/>    max-width: 100%;<br \/>    height: auto;<br \/>  }<br \/><\/style>\n<p><a title=\"Rocky (Ped. Externo)\" href=\"https:\/\/www.flickr.com\/photos\/73528242@N04\/albums\/72177720327416400\" data-flickr-embed=\"true\"><img decoding=\"async\" src=\"https:\/\/live.staticflickr.com\/65535\/54643577809_b7fb403cc8.jpg\" alt=\"Rocky (Ped. Externo)\" width=\"200\" height=\"100\" \/><\/a><script async src=\"\/\/embedr.flickr.com\/assets\/client-code.js\" charset=\"utf-8\"><\/script><\/p>\n<style>\n  .responsive-img {<br \/>    max-width: 100%;<br \/>    height: auto;<br \/>  }<br \/><\/style>\n","protected":false},"featured_media":6763,"template":"","meta":[],"product_brand":[],"product_cat":[37,34],"product_tag":[],"class_list":{"0":"post-6762","1":"product","2":"type-product","3":"status-publish","4":"has-post-thumbnail","6":"product_cat-caes","7":"product_cat-pedidos-externos","9":"first","10":"instock","11":"shipping-taxable","12":"product-type-simple"},"_links":{"self":[{"href":"https:\/\/abra.org.pt\/index.php\/wp-json\/wp\/v2\/product\/6762","targetHints":{"allow":["GET"]}}],"collection":[{"href":"https:\/\/abra.org.pt\/index.php\/wp-json\/wp\/v2\/product"}],"about":[{"href":"https:\/\/abra.org.pt\/index.php\/wp-json\/wp\/v2\/types\/product"}],"version-history":[{"count":2,"href":"https:\/\/abra.org.pt\/index.php\/wp-json\/wp\/v2\/product\/6762\/revisions"}],"predecessor-version":[{"id":6768,"href":"https:\/\/abra.org.pt\/index.php\/wp-json\/wp\/v2\/product\/6762\/revisions\/6768"}],"wp:featuredmedia":[{"embeddable":true,"href":"https:\/\/abra.org.pt\/index.php\/wp-json\/wp\/v2\/media\/6763"}],"wp:attachment":[{"href":"https:\/\/abra.org.pt\/index.php\/wp-json\/wp\/v2\/media?parent=6762"}],"wp:term":[{"taxonomy":"product_brand","embeddable":true,"href":"https:\/\/abra.org.pt\/index.php\/wp-json\/wp\/v2\/product_brand?post=6762"},{"taxonomy":"product_cat","embeddable":true,"href":"https:\/\/abra.org.pt\/index.php\/wp-json\/wp\/v2\/product_cat?post=6762"},{"taxonomy":"product_tag","embeddable":true,"href":"https:\/\/abra.org.pt\/index.php\/wp-json\/wp\/v2\/product_tag?post=6762"}],"curies":[{"name":"wp","href":"https:\/\/api.w.org\/{rel}","templated":true}]}}

<h3></h3>
<h1></h1>
<p>&nbsp;</p>
<h1>Rocky</h1>
<p><strong>Data do pedido: 7 de julho de 2025</strong></p>
<h4><strong>Características:</strong></h4>
<h5>O Rocky é um cão com cerca de 11 meses, muito carinhoso e brincalhão. Possui microchip, tem as vacinas em dia e não está esterilizado.</h5>
<h5><strong>Contacto para adoção: 920 316 509</strong></h5>
<style>
  .responsive-img {<br />    max-width: 100%;<br />    height: auto;<br />  }<br /></style>
<p><a title="Rocky (Ped. Externo)" href="https://www.flickr.com/photos/73528242@N04/albums/72177720327416400" data-flickr-embed="true"><img decoding="async" src="https://live.staticflickr.com/65535/54643577809_b7fb403cc8.jpg" alt="Rocky (Ped. Externo)" width="200" height="100" /></a><script async src="//embedr.flickr.com/assets/client-code.js" charset="utf-8"></script></p>
<style>
  .responsive-img {<br />    max-width: 100%;<br />    height: auto;<br />  }<br /></style>
