{"id":6642,"date":"2025-07-02T13:07:11","date_gmt":"2025-07-02T13:07:11","guid":{"rendered":"https:\/\/abra.org.pt\/?post_type=product&#038;p=6642"},"modified":"2025-07-10T23:14:36","modified_gmt":"2025-07-10T23:14:36","slug":"charlier","status":"publish","type":"product","link":"https:\/\/abra.org.pt\/index.php\/produto\/charlier\/","title":{"rendered":"Charlier"},"content":{"rendered":"","protected":false},"excerpt":{"rendered":"<h3><\/h3>\n<h1><\/h1>\n<p>&nbsp;<\/p>\n<h1>Charlier<\/h1>\n<p><strong>Data do pedido: 25 de junho de 2025<\/strong><\/p>\n<h4><strong>Caracter\u00edsticas:<\/strong><\/h4>\n<h5>O Charlier \u00e9 um c\u00e3o saud\u00e1vel de porte m\u00e9dio com 13 anos de idade. Muito carinhoso, adora passear e brincar com bolinhas. Est\u00e1 esterilizado, desparasitado e tem as vacinas em dia. Gostaria de encontrar um lar onde ele possa ser cuidado e amado.<\/h5>\n<h5><strong>Contactos para ado\u00e7\u00e3o: 961 303 557 e 961 303 339<\/strong><\/h5>\n<style>\n  .responsive-img {<br \/>    max-width: 100%;<br \/>    height: auto;<br \/>  }<br \/><\/style>\n<p><a title=\"Charlier (Pedido Externo)\" href=\"https:\/\/www.flickr.com\/photos\/73528242@N04\/albums\/72177720327273052\" data-flickr-embed=\"true\"><img decoding=\"async\" src=\"https:\/\/live.staticflickr.com\/65535\/54627469782_63914877c2.jpg\" alt=\"Charlier (Pedido Externo)\" width=\"200\" height=\"100\" \/><\/a><script async src=\"\/\/embedr.flickr.com\/assets\/client-code.js\" charset=\"utf-8\"><\/script><\/p>\n<style>\n  .responsive-img {<br \/>    max-width: 100%;<br \/>    height: auto;<br \/>  }<br \/><\/style>\n","protected":false},"featured_media":6643,"template":"","meta":[],"product_brand":[],"product_cat":[37,34],"product_tag":[],"class_list":{"0":"post-6642","1":"product","2":"type-product","3":"status-publish","4":"has-post-thumbnail","6":"product_cat-caes","7":"product_cat-pedidos-externos","9":"first","10":"instock","11":"shipping-taxable","12":"product-type-simple"},"_links":{"self":[{"href":"https:\/\/abra.org.pt\/index.php\/wp-json\/wp\/v2\/product\/6642","targetHints":{"allow":["GET"]}}],"collection":[{"href":"https:\/\/abra.org.pt\/index.php\/wp-json\/wp\/v2\/product"}],"about":[{"href":"https:\/\/abra.org.pt\/index.php\/wp-json\/wp\/v2\/types\/product"}],"version-history":[{"count":3,"href":"https:\/\/abra.org.pt\/index.php\/wp-json\/wp\/v2\/product\/6642\/revisions"}],"predecessor-version":[{"id":6646,"href":"https:\/\/abra.org.pt\/index.php\/wp-json\/wp\/v2\/product\/6642\/revisions\/6646"}],"wp:featuredmedia":[{"embeddable":true,"href":"https:\/\/abra.org.pt\/index.php\/wp-json\/wp\/v2\/media\/6643"}],"wp:attachment":[{"href":"https:\/\/abra.org.pt\/index.php\/wp-json\/wp\/v2\/media?parent=6642"}],"wp:term":[{"taxonomy":"product_brand","embeddable":true,"href":"https:\/\/abra.org.pt\/index.php\/wp-json\/wp\/v2\/product_brand?post=6642"},{"taxonomy":"product_cat","embeddable":true,"href":"https:\/\/abra.org.pt\/index.php\/wp-json\/wp\/v2\/product_cat?post=6642"},{"taxonomy":"product_tag","embeddable":true,"href":"https:\/\/abra.org.pt\/index.php\/wp-json\/wp\/v2\/product_tag?post=6642"}],"curies":[{"name":"wp","href":"https:\/\/api.w.org\/{rel}","templated":true}]}}

<h3></h3>
<h1></h1>
<p>&nbsp;</p>
<h1>Charlier</h1>
<p><strong>Data do pedido: 25 de junho de 2025</strong></p>
<h4><strong>Características:</strong></h4>
<h5>O Charlier é um cão saudável de porte médio com 13 anos de idade. Muito carinhoso, adora passear e brincar com bolinhas. Está esterilizado, desparasitado e tem as vacinas em dia. Gostaria de encontrar um lar onde ele possa ser cuidado e amado.</h5>
<h5><strong>Contactos para adoção: 961 303 557 e 961 303 339</strong></h5>
<style>
  .responsive-img {<br />    max-width: 100%;<br />    height: auto;<br />  }<br /></style>
<p><a title="Charlier (Pedido Externo)" href="https://www.flickr.com/photos/73528242@N04/albums/72177720327273052" data-flickr-embed="true"><img decoding="async" src="https://live.staticflickr.com/65535/54627469782_63914877c2.jpg" alt="Charlier (Pedido Externo)" width="200" height="100" /></a><script async src="//embedr.flickr.com/assets/client-code.js" charset="utf-8"></script></p>
<style>
  .responsive-img {<br />    max-width: 100%;<br />    height: auto;<br />  }<br /></style>
