{"id":6248,"date":"2025-06-01T20:04:48","date_gmt":"2025-06-01T20:04:48","guid":{"rendered":"https:\/\/abra.org.pt\/?post_type=product&#038;p=6248"},"modified":"2025-12-14T22:40:58","modified_gmt":"2025-12-14T22:40:58","slug":"reine","status":"publish","type":"product","link":"https:\/\/abra.org.pt\/index.php\/produto\/reine\/","title":{"rendered":"Reine"},"content":{"rendered":"","protected":false},"excerpt":{"rendered":"<h3><\/h3>\n<h1><\/h1>\n<p>&nbsp;<\/p>\n<h2 class=\"itemTitle\"><span data-sheets-root=\"1\">Reine<\/span><\/h2>\n<p><strong>Data de entrada: 11 de maio de 2025<\/strong><\/p>\n<h4><strong>Caracter\u00edsticas:<\/strong><\/h4>\n<h5>A Reine deu entrada no CRO ainda assustada. Entrou com os tr\u00eas beb\u00e9s: Kamala, Bordeaux e Joshua. Seguiu para uma Fam\u00edlia de Acolhimento Tempor\u00e1rio com a sua filhota Bordeaux, onde tem estado enquanto aguarda por uma fam\u00edlia para sempre. A Reine adora viver numa casa, gosta muito de todos os animais, e senta-se ao lado de humanos sem medo. Apesar disso, \u00e9 reservada e ainda evita as tentativas de toque. Seria muito feliz num lar com adotantes pacientes que lhe permitam ser como \u00e9.<\/h5>\n<h2><a href=\"https:\/\/abra.org.pt\/index.php\/adotar\/\">Quero adotar!<\/a><\/h2>\n<div style=\"text-align: left;\">\n<p><a title=\"Reine\" href=\"https:\/\/www.flickr.com\/photos\/73528242@N04\/albums\/72177720326562988\" data-flickr-embed=\"true\"><img decoding=\"async\" src=\"https:\/\/live.staticflickr.com\/65535\/54561174174_5a92da6b95.jpg\" alt=\"Reine\" width=\"200\" height=\"100\" \/><\/a><script async src=\"\/\/embedr.flickr.com\/assets\/client-code.js\" charset=\"utf-8\"><\/script><\/p>\n<style>\n  .responsive-img {<br \/>    max-width: 100%;<br \/>    height: auto;<br \/>  }<br \/><\/style>\n<\/div>\n<p><script async src=\"\/\/embedr.flickr.com\/assets\/client-code.js\" charset=\"utf-8\"><\/script><\/p>\n<style>\n  .responsive-img {<br \/>    max-width: 100%;<br \/>    height: auto;<br \/>  }<br \/><\/style>\n","protected":false},"featured_media":6253,"template":"","meta":[],"product_brand":[],"product_cat":[38,33,36],"product_tag":[],"class_list":{"0":"post-6248","1":"product","2":"type-product","3":"status-publish","4":"has-post-thumbnail","6":"product_cat-gatos","7":"product_cat-gatos-em-fat","8":"product_cat-ultimas-entradas","10":"first","11":"instock","12":"shipping-taxable","13":"product-type-simple"},"_links":{"self":[{"href":"https:\/\/abra.org.pt\/index.php\/wp-json\/wp\/v2\/product\/6248","targetHints":{"allow":["GET"]}}],"collection":[{"href":"https:\/\/abra.org.pt\/index.php\/wp-json\/wp\/v2\/product"}],"about":[{"href":"https:\/\/abra.org.pt\/index.php\/wp-json\/wp\/v2\/types\/product"}],"version-history":[{"count":3,"href":"https:\/\/abra.org.pt\/index.php\/wp-json\/wp\/v2\/product\/6248\/revisions"}],"predecessor-version":[{"id":8183,"href":"https:\/\/abra.org.pt\/index.php\/wp-json\/wp\/v2\/product\/6248\/revisions\/8183"}],"wp:featuredmedia":[{"embeddable":true,"href":"https:\/\/abra.org.pt\/index.php\/wp-json\/wp\/v2\/media\/6253"}],"wp:attachment":[{"href":"https:\/\/abra.org.pt\/index.php\/wp-json\/wp\/v2\/media?parent=6248"}],"wp:term":[{"taxonomy":"product_brand","embeddable":true,"href":"https:\/\/abra.org.pt\/index.php\/wp-json\/wp\/v2\/product_brand?post=6248"},{"taxonomy":"product_cat","embeddable":true,"href":"https:\/\/abra.org.pt\/index.php\/wp-json\/wp\/v2\/product_cat?post=6248"},{"taxonomy":"product_tag","embeddable":true,"href":"https:\/\/abra.org.pt\/index.php\/wp-json\/wp\/v2\/product_tag?post=6248"}],"curies":[{"name":"wp","href":"https:\/\/api.w.org\/{rel}","templated":true}]}}

<h3></h3>
<h1></h1>
<p>&nbsp;</p>
<h2 class="itemTitle"><span data-sheets-root="1">Reine</span></h2>
<p><strong>Data de entrada: 11 de maio de 2025</strong></p>
<h4><strong>Características:</strong></h4>
<h5>A Reine deu entrada no CRO ainda assustada. Entrou com os três bebés: Kamala, Bordeaux e Joshua. Seguiu para uma Família de Acolhimento Temporário com a sua filhota Bordeaux, onde tem estado enquanto aguarda por uma família para sempre. A Reine adora viver numa casa, gosta muito de todos os animais, e senta-se ao lado de humanos sem medo. Apesar disso, é reservada e ainda evita as tentativas de toque. Seria muito feliz num lar com adotantes pacientes que lhe permitam ser como é.</h5>
<h2><a href="https://abra.org.pt/index.php/adotar/">Quero adotar!</a></h2>
<div style="text-align: left;">
<p><a title="Reine" href="https://www.flickr.com/photos/73528242@N04/albums/72177720326562988" data-flickr-embed="true"><img decoding="async" src="https://live.staticflickr.com/65535/54561174174_5a92da6b95.jpg" alt="Reine" width="200" height="100" /></a><script async src="//embedr.flickr.com/assets/client-code.js" charset="utf-8"></script></p>
<style>
  .responsive-img {<br />    max-width: 100%;<br />    height: auto;<br />  }<br /></style>
</div>
<p><script async src="//embedr.flickr.com/assets/client-code.js" charset="utf-8"></script></p>
<style>
  .responsive-img {<br />    max-width: 100%;<br />    height: auto;<br />  }<br /></style>
