{"id":5752,"date":"2025-03-20T12:04:26","date_gmt":"2025-03-20T12:04:26","guid":{"rendered":"https:\/\/abra.org.pt\/?post_type=product&#038;p=5752"},"modified":"2025-03-23T12:17:38","modified_gmt":"2025-03-23T12:17:38","slug":"nero","status":"publish","type":"product","link":"https:\/\/abra.org.pt\/index.php\/produto\/nero\/","title":{"rendered":"Nero"},"content":{"rendered":"","protected":false},"excerpt":{"rendered":"<h3><\/h3>\n<h1><\/h1>\n<p>&nbsp;<\/p>\n<h1>Nero<\/h1>\n<p><strong>Data do pedido: 25 de fevereiro de 2025<\/strong><\/p>\n<h4><strong>Caracter\u00edsticas:<\/strong><\/h4>\n<h5>O Nero \u00e9 um c\u00e3o muito meigo e soci\u00e1vel, est\u00e1 habituado a passear de trela, neste momento encontra-se a viver numa casa desabitada o que n\u00e3o \u00e9 a situa\u00e7\u00e3o ideal para um c\u00e3o s\u00e9nior. Apesar de tudo o Nero \u00e9 um c\u00e3o muito alegre e brincalh\u00e3o. <\/h5>\n<h5><strong>Contacto para ado\u00e7\u00e3o: 965096767<\/strong><\/h5>\n<style>\n  .responsive-img {<br \/>    max-width: 100%;<br \/>    height: auto;<br \/>  }<br \/><\/style>\n<p><a data-flickr-embed=\"true\" href=\"https:\/\/www.flickr.com\/photos\/73528242@N04\/albums\/72177720324531210\" title=\"PE - Nero\"><img decoding=\"async\" src=\"https:\/\/live.staticflickr.com\/65535\/54398996055_53522051b8.jpg\" width=\"200\" height=\"100\" alt=\"PE - Nero\"\/><\/a><script async src=\"\/\/embedr.flickr.com\/assets\/client-code.js\" charset=\"utf-8\"><\/script><\/p>\n<style>\n  .responsive-img {<br \/>    max-width: 100%;<br \/>    height: auto;<br \/>  }<br \/><\/style>\n","protected":false},"featured_media":5754,"template":"","meta":[],"product_brand":[],"product_cat":[37,34],"product_tag":[],"class_list":{"0":"post-5752","1":"product","2":"type-product","3":"status-publish","4":"has-post-thumbnail","6":"product_cat-caes","7":"product_cat-pedidos-externos","9":"first","10":"instock","11":"shipping-taxable","12":"product-type-simple"},"_links":{"self":[{"href":"https:\/\/abra.org.pt\/index.php\/wp-json\/wp\/v2\/product\/5752","targetHints":{"allow":["GET"]}}],"collection":[{"href":"https:\/\/abra.org.pt\/index.php\/wp-json\/wp\/v2\/product"}],"about":[{"href":"https:\/\/abra.org.pt\/index.php\/wp-json\/wp\/v2\/types\/product"}],"version-history":[{"count":3,"href":"https:\/\/abra.org.pt\/index.php\/wp-json\/wp\/v2\/product\/5752\/revisions"}],"predecessor-version":[{"id":5781,"href":"https:\/\/abra.org.pt\/index.php\/wp-json\/wp\/v2\/product\/5752\/revisions\/5781"}],"wp:featuredmedia":[{"embeddable":true,"href":"https:\/\/abra.org.pt\/index.php\/wp-json\/wp\/v2\/media\/5754"}],"wp:attachment":[{"href":"https:\/\/abra.org.pt\/index.php\/wp-json\/wp\/v2\/media?parent=5752"}],"wp:term":[{"taxonomy":"product_brand","embeddable":true,"href":"https:\/\/abra.org.pt\/index.php\/wp-json\/wp\/v2\/product_brand?post=5752"},{"taxonomy":"product_cat","embeddable":true,"href":"https:\/\/abra.org.pt\/index.php\/wp-json\/wp\/v2\/product_cat?post=5752"},{"taxonomy":"product_tag","embeddable":true,"href":"https:\/\/abra.org.pt\/index.php\/wp-json\/wp\/v2\/product_tag?post=5752"}],"curies":[{"name":"wp","href":"https:\/\/api.w.org\/{rel}","templated":true}]}}