{"id":5616,"date":"2025-02-22T20:52:37","date_gmt":"2025-02-22T20:52:37","guid":{"rendered":"https:\/\/abra.org.pt\/?post_type=product&#038;p=5616"},"modified":"2025-02-22T20:54:44","modified_gmt":"2025-02-22T20:54:44","slug":"olga","status":"publish","type":"product","link":"https:\/\/abra.org.pt\/index.php\/produto\/olga\/","title":{"rendered":"Olga"},"content":{"rendered":"","protected":false},"excerpt":{"rendered":"<h3><\/h3>\n<h1><\/h1>\n<p>&nbsp;<\/p>\n<h1>Olga<\/h1>\n<p><strong>Data do pedido: 17 de fevereiro de 2025<\/strong><\/p>\n<h4><strong>Caracter\u00edsticas:<\/strong><\/h4>\n<h5>&#8220;J\u00e1 \u00e9 mais agitada dos irm\u00e3os (Ivar e Martha), brinca muito e come bastante! (risos) Ela \u00e9 uma verdadeira bola de energia e adora interagir com as pessoas. ( t\u00e3o linda com seu pelo cinza e branco, que parece ser gerada por AI). Todos os gatinhos t\u00eam 4 meses e j\u00e1 s\u00e3o totalmente independentes. Eles est\u00e3o acostumados a responder aos nomes e comem de tudo! S\u00e3o muito amorosos, adoram dormir sempre na cama e proporcionam muita alegria. &#8221; Se tiver interesse em adotar, contacte:<\/h5>\n<h5>933958058<\/h5>\n<p><a title=\"PE - Olga\" href=\"https:\/\/www.flickr.com\/photos\/73528242@N04\/albums\/72177720324022119\" data-flickr-embed=\"true\"><img decoding=\"async\" src=\"https:\/\/live.staticflickr.com\/65535\/54343042222_d645eafe58.jpg\" alt=\"PE - Olga\" width=\"200\" height=\"100\" \/><\/a><script async src=\"\/\/embedr.flickr.com\/assets\/client-code.js\" charset=\"utf-8\"><\/script><\/p>\n<style>\n  .responsive-img {<br \/>    max-width: 100%;<br \/>    height: auto;<br \/>  }<br \/><\/style>\n<p><script async src=\"\/\/embedr.flickr.com\/assets\/client-code.js\" charset=\"utf-8\"><\/script><\/p>\n<style>\n  .responsive-img {<br \/>    max-width: 100%;<br \/>    height: auto;<br \/>  }<br \/><\/style>\n","protected":false},"featured_media":5617,"template":"","meta":[],"product_brand":[],"product_cat":[38,40],"product_tag":[],"class_list":{"0":"post-5616","1":"product","2":"type-product","3":"status-publish","4":"has-post-thumbnail","6":"product_cat-gatos","7":"product_cat-pedidos-externos-gatos","9":"first","10":"instock","11":"shipping-taxable","12":"product-type-simple"},"_links":{"self":[{"href":"https:\/\/abra.org.pt\/index.php\/wp-json\/wp\/v2\/product\/5616","targetHints":{"allow":["GET"]}}],"collection":[{"href":"https:\/\/abra.org.pt\/index.php\/wp-json\/wp\/v2\/product"}],"about":[{"href":"https:\/\/abra.org.pt\/index.php\/wp-json\/wp\/v2\/types\/product"}],"version-history":[{"count":1,"href":"https:\/\/abra.org.pt\/index.php\/wp-json\/wp\/v2\/product\/5616\/revisions"}],"predecessor-version":[{"id":5618,"href":"https:\/\/abra.org.pt\/index.php\/wp-json\/wp\/v2\/product\/5616\/revisions\/5618"}],"wp:featuredmedia":[{"embeddable":true,"href":"https:\/\/abra.org.pt\/index.php\/wp-json\/wp\/v2\/media\/5617"}],"wp:attachment":[{"href":"https:\/\/abra.org.pt\/index.php\/wp-json\/wp\/v2\/media?parent=5616"}],"wp:term":[{"taxonomy":"product_brand","embeddable":true,"href":"https:\/\/abra.org.pt\/index.php\/wp-json\/wp\/v2\/product_brand?post=5616"},{"taxonomy":"product_cat","embeddable":true,"href":"https:\/\/abra.org.pt\/index.php\/wp-json\/wp\/v2\/product_cat?post=5616"},{"taxonomy":"product_tag","embeddable":true,"href":"https:\/\/abra.org.pt\/index.php\/wp-json\/wp\/v2\/product_tag?post=5616"}],"curies":[{"name":"wp","href":"https:\/\/api.w.org\/{rel}","templated":true}]}}

<h3></h3>
<h1></h1>
<p>&nbsp;</p>
<h1>Olga</h1>
<p><strong>Data do pedido: 17 de fevereiro de 2025</strong></p>
<h4><strong>Características:</strong></h4>
<h5>&#8220;Já é mais agitada dos irmãos (Ivar e Martha), brinca muito e come bastante! (risos) Ela é uma verdadeira bola de energia e adora interagir com as pessoas. ( tão linda com seu pelo cinza e branco, que parece ser gerada por AI). Todos os gatinhos têm 4 meses e já são totalmente independentes. Eles estão acostumados a responder aos nomes e comem de tudo! São muito amorosos, adoram dormir sempre na cama e proporcionam muita alegria. &#8221; Se tiver interesse em adotar, contacte:</h5>
<h5>933958058</h5>
<p><a title="PE - Olga" href="https://www.flickr.com/photos/73528242@N04/albums/72177720324022119" data-flickr-embed="true"><img decoding="async" src="https://live.staticflickr.com/65535/54343042222_d645eafe58.jpg" alt="PE - Olga" width="200" height="100" /></a><script async src="//embedr.flickr.com/assets/client-code.js" charset="utf-8"></script></p>
<style>
  .responsive-img {<br />    max-width: 100%;<br />    height: auto;<br />  }<br /></style>
<p><script async src="//embedr.flickr.com/assets/client-code.js" charset="utf-8"></script></p>
<style>
  .responsive-img {<br />    max-width: 100%;<br />    height: auto;<br />  }<br /></style>
