{"id":5544,"date":"2025-02-02T20:39:40","date_gmt":"2025-02-02T20:39:40","guid":{"rendered":"https:\/\/abra.org.pt\/?post_type=product&#038;p=5544"},"modified":"2025-02-02T20:43:45","modified_gmt":"2025-02-02T20:43:45","slug":"lara-e-lira","status":"publish","type":"product","link":"https:\/\/abra.org.pt\/index.php\/produto\/lara-e-lira\/","title":{"rendered":"Lara e Lira"},"content":{"rendered":"","protected":false},"excerpt":{"rendered":"<h3><\/h3>\n<h1><\/h1>\n<p>&nbsp;<\/p>\n<h1>Lara &amp; Lira<\/h1>\n<p><strong>Data do pedido: 30 de janeiro de 2025<\/strong><\/p>\n<h4><strong>Caracter\u00edsticas:<\/strong><\/h4>\n<h5>Duas cadelas com 3 meses procuram um lar. Ado\u00e7\u00e3o respons\u00e1vel.<\/h5>\n<h5><strong>Contacto para adop\u00e7\u00e3o: 968 497 427 (Adriana)<\/strong><\/h5>\n<style>\n  .responsive-img {<br \/>    max-width: 100%;<br \/>    height: auto;<br \/>  }<br \/><\/style>\n<p><a data-flickr-embed=\"true\" href=\"https:\/\/www.flickr.com\/photos\/73528242@N04\/54303330325\/in\/dateposted-public\/\" title=\"Lara e Lira - PE\"><img decoding=\"async\" src=\"https:\/\/live.staticflickr.com\/65535\/54303330325_d6dcaec5f9_z.jpg\" width=\"200\" height=\"100\" alt=\"Lara e Lira - PE\"\/><\/a><script async src=\"\/\/embedr.flickr.com\/assets\/client-code.js\" charset=\"utf-8\"><\/script><\/p>\n<style>\n  .responsive-img {<br \/>    max-width: 100%;<br \/>    height: auto;<br \/>  }<br \/><\/style>\n","protected":false},"featured_media":5545,"template":"","meta":[],"product_brand":[],"product_cat":[37,34],"product_tag":[],"class_list":{"0":"post-5544","1":"product","2":"type-product","3":"status-publish","4":"has-post-thumbnail","6":"product_cat-caes","7":"product_cat-pedidos-externos","9":"first","10":"instock","11":"shipping-taxable","12":"product-type-simple"},"_links":{"self":[{"href":"https:\/\/abra.org.pt\/index.php\/wp-json\/wp\/v2\/product\/5544","targetHints":{"allow":["GET"]}}],"collection":[{"href":"https:\/\/abra.org.pt\/index.php\/wp-json\/wp\/v2\/product"}],"about":[{"href":"https:\/\/abra.org.pt\/index.php\/wp-json\/wp\/v2\/types\/product"}],"version-history":[{"count":1,"href":"https:\/\/abra.org.pt\/index.php\/wp-json\/wp\/v2\/product\/5544\/revisions"}],"predecessor-version":[{"id":5546,"href":"https:\/\/abra.org.pt\/index.php\/wp-json\/wp\/v2\/product\/5544\/revisions\/5546"}],"wp:featuredmedia":[{"embeddable":true,"href":"https:\/\/abra.org.pt\/index.php\/wp-json\/wp\/v2\/media\/5545"}],"wp:attachment":[{"href":"https:\/\/abra.org.pt\/index.php\/wp-json\/wp\/v2\/media?parent=5544"}],"wp:term":[{"taxonomy":"product_brand","embeddable":true,"href":"https:\/\/abra.org.pt\/index.php\/wp-json\/wp\/v2\/product_brand?post=5544"},{"taxonomy":"product_cat","embeddable":true,"href":"https:\/\/abra.org.pt\/index.php\/wp-json\/wp\/v2\/product_cat?post=5544"},{"taxonomy":"product_tag","embeddable":true,"href":"https:\/\/abra.org.pt\/index.php\/wp-json\/wp\/v2\/product_tag?post=5544"}],"curies":[{"name":"wp","href":"https:\/\/api.w.org\/{rel}","templated":true}]}}

<h3></h3>
<h1></h1>
<p>&nbsp;</p>
<h1>Lara &amp; Lira</h1>
<p><strong>Data do pedido: 30 de janeiro de 2025</strong></p>
<h4><strong>Características:</strong></h4>
<h5>Duas cadelas com 3 meses procuram um lar. Adoção responsável.</h5>
<h5><strong>Contacto para adopção: 968 497 427 (Adriana)</strong></h5>
<style>
  .responsive-img {<br />    max-width: 100%;<br />    height: auto;<br />  }<br /></style>
<p><a data-flickr-embed="true" href="https://www.flickr.com/photos/73528242@N04/54303330325/in/dateposted-public/" title="Lara e Lira - PE"><img decoding="async" src="https://live.staticflickr.com/65535/54303330325_d6dcaec5f9_z.jpg" width="200" height="100" alt="Lara e Lira - PE"/></a><script async src="//embedr.flickr.com/assets/client-code.js" charset="utf-8"></script></p>
<style>
  .responsive-img {<br />    max-width: 100%;<br />    height: auto;<br />  }<br /></style>
