{"id":5400,"date":"2024-12-18T10:16:33","date_gmt":"2024-12-18T10:16:33","guid":{"rendered":"https:\/\/abra.org.pt\/?post_type=product&#038;p=5400"},"modified":"2024-12-18T10:21:32","modified_gmt":"2024-12-18T10:21:32","slug":"fusca","status":"publish","type":"product","link":"https:\/\/abra.org.pt\/index.php\/produto\/fusca\/","title":{"rendered":"Fusca"},"content":{"rendered":"","protected":false},"excerpt":{"rendered":"<h3><\/h3>\n<h1><\/h1>\n<p>&nbsp;<\/p>\n<h1>Fusca<\/h1>\n<p><strong>Data do pedido: 10 de dezembro de 2024<\/strong><\/p>\n<h4><strong>Caracter\u00edsticas:<\/strong><\/h4>\n<h5>A Fusca \u00e9 uma gatinha com 3 meses para ado\u00e7\u00e3o. A gatinha \u00e9 desparasitada, e ainda beb\u00e9, meiguinha e fofinha. Se estiver interessado contacte:<\/h5>\n<h5>916836889<\/h5>\n<p><a title=\"PE - Fusca\" href=\"https:\/\/www.flickr.com\/photos\/73528242@N04\/albums\/72177720322659803\" data-flickr-embed=\"true\"><img decoding=\"async\" src=\"https:\/\/live.staticflickr.com\/65535\/54211162227_6948d0a0b7.jpg\" alt=\"PE - Fusca\" width=\"200\" height=\"100\" \/><\/a><script async src=\"\/\/embedr.flickr.com\/assets\/client-code.js\" charset=\"utf-8\"><\/script><\/p>\n<style>\n  .responsive-img {<br \/>    max-width: 100%;<br \/>    height: auto;<br \/>  }<br \/><\/style>\n<p><script async src=\"\/\/embedr.flickr.com\/assets\/client-code.js\" charset=\"utf-8\"><\/script><\/p>\n<style>\n  .responsive-img {<br \/>    max-width: 100%;<br \/>    height: auto;<br \/>  }<br \/><\/style>\n","protected":false},"featured_media":5401,"template":"","meta":[],"product_brand":[],"product_cat":[38,40],"product_tag":[],"class_list":{"0":"post-5400","1":"product","2":"type-product","3":"status-publish","4":"has-post-thumbnail","6":"product_cat-gatos","7":"product_cat-pedidos-externos-gatos","9":"first","10":"instock","11":"shipping-taxable","12":"product-type-simple"},"_links":{"self":[{"href":"https:\/\/abra.org.pt\/index.php\/wp-json\/wp\/v2\/product\/5400","targetHints":{"allow":["GET"]}}],"collection":[{"href":"https:\/\/abra.org.pt\/index.php\/wp-json\/wp\/v2\/product"}],"about":[{"href":"https:\/\/abra.org.pt\/index.php\/wp-json\/wp\/v2\/types\/product"}],"version-history":[{"count":1,"href":"https:\/\/abra.org.pt\/index.php\/wp-json\/wp\/v2\/product\/5400\/revisions"}],"predecessor-version":[{"id":5402,"href":"https:\/\/abra.org.pt\/index.php\/wp-json\/wp\/v2\/product\/5400\/revisions\/5402"}],"wp:featuredmedia":[{"embeddable":true,"href":"https:\/\/abra.org.pt\/index.php\/wp-json\/wp\/v2\/media\/5401"}],"wp:attachment":[{"href":"https:\/\/abra.org.pt\/index.php\/wp-json\/wp\/v2\/media?parent=5400"}],"wp:term":[{"taxonomy":"product_brand","embeddable":true,"href":"https:\/\/abra.org.pt\/index.php\/wp-json\/wp\/v2\/product_brand?post=5400"},{"taxonomy":"product_cat","embeddable":true,"href":"https:\/\/abra.org.pt\/index.php\/wp-json\/wp\/v2\/product_cat?post=5400"},{"taxonomy":"product_tag","embeddable":true,"href":"https:\/\/abra.org.pt\/index.php\/wp-json\/wp\/v2\/product_tag?post=5400"}],"curies":[{"name":"wp","href":"https:\/\/api.w.org\/{rel}","templated":true}]}}

<h3></h3>
<h1></h1>
<p>&nbsp;</p>
<h1>Fusca</h1>
<p><strong>Data do pedido: 10 de dezembro de 2024</strong></p>
<h4><strong>Características:</strong></h4>
<h5>A Fusca é uma gatinha com 3 meses para adoção. A gatinha é desparasitada, e ainda bebé, meiguinha e fofinha. Se estiver interessado contacte:</h5>
<h5>916836889</h5>
<p><a title="PE - Fusca" href="https://www.flickr.com/photos/73528242@N04/albums/72177720322659803" data-flickr-embed="true"><img decoding="async" src="https://live.staticflickr.com/65535/54211162227_6948d0a0b7.jpg" alt="PE - Fusca" width="200" height="100" /></a><script async src="//embedr.flickr.com/assets/client-code.js" charset="utf-8"></script></p>
<style>
  .responsive-img {<br />    max-width: 100%;<br />    height: auto;<br />  }<br /></style>
<p><script async src="//embedr.flickr.com/assets/client-code.js" charset="utf-8"></script></p>
<style>
  .responsive-img {<br />    max-width: 100%;<br />    height: auto;<br />  }<br /></style>
