{"id":5262,"date":"2024-11-17T18:16:19","date_gmt":"2024-11-17T18:16:19","guid":{"rendered":"https:\/\/abra.org.pt\/?post_type=product&#038;p=5262"},"modified":"2024-11-17T18:34:26","modified_gmt":"2024-11-17T18:34:26","slug":"apelo-31-2024","status":"publish","type":"product","link":"https:\/\/abra.org.pt\/index.php\/produto\/apelo-31-2024\/","title":{"rendered":"Apelo 31 &#8211; 2024"},"content":{"rendered":"","protected":false},"excerpt":{"rendered":"<h3><\/h3>\n<h1><\/h1>\n<p>&nbsp;<\/p>\n<h1>Teo<\/h1>\n<p><strong>Data em que desapareceu: 27\/10\/2024<\/strong><\/p>\n<h4><strong>Caracter\u00edsticas:<\/strong><\/h4>\n<h5>&#8220;O gato\u00a0fugiu de casa no dia 27\/10 por volta das 19h00, na rua C\u00e2ndido de Oliveira, S\u00e3o Victor. Ele tem a ponta da orelha cortada e cicatrizes nas patinhas, j\u00e1 haviamos resgatado ele da rua. Ele atende por Teo.\u00a0&#8220;<\/h5>\n<p><a title=\"Apelo 31 - 2024\" href=\"https:\/\/www.flickr.com\/photos\/73528242@N04\/albums\/72177720321993974\" data-flickr-embed=\"true\"><img decoding=\"async\" src=\"https:\/\/live.staticflickr.com\/65535\/54143890227_65020038b6.jpg\" alt=\"Apelo 31 - 2024\" width=\"200\" height=\"100\" \/><\/a><script async src=\"\/\/embedr.flickr.com\/assets\/client-code.js\" charset=\"utf-8\"><\/script><\/p>\n","protected":false},"featured_media":5263,"template":"","meta":[],"product_brand":[],"product_cat":[35],"product_tag":[],"class_list":{"0":"post-5262","1":"product","2":"type-product","3":"status-publish","4":"has-post-thumbnail","6":"product_cat-perdidos-e-achados","8":"first","9":"instock","10":"shipping-taxable","11":"product-type-simple"},"_links":{"self":[{"href":"https:\/\/abra.org.pt\/index.php\/wp-json\/wp\/v2\/product\/5262","targetHints":{"allow":["GET"]}}],"collection":[{"href":"https:\/\/abra.org.pt\/index.php\/wp-json\/wp\/v2\/product"}],"about":[{"href":"https:\/\/abra.org.pt\/index.php\/wp-json\/wp\/v2\/types\/product"}],"version-history":[{"count":2,"href":"https:\/\/abra.org.pt\/index.php\/wp-json\/wp\/v2\/product\/5262\/revisions"}],"predecessor-version":[{"id":5268,"href":"https:\/\/abra.org.pt\/index.php\/wp-json\/wp\/v2\/product\/5262\/revisions\/5268"}],"wp:featuredmedia":[{"embeddable":true,"href":"https:\/\/abra.org.pt\/index.php\/wp-json\/wp\/v2\/media\/5263"}],"wp:attachment":[{"href":"https:\/\/abra.org.pt\/index.php\/wp-json\/wp\/v2\/media?parent=5262"}],"wp:term":[{"taxonomy":"product_brand","embeddable":true,"href":"https:\/\/abra.org.pt\/index.php\/wp-json\/wp\/v2\/product_brand?post=5262"},{"taxonomy":"product_cat","embeddable":true,"href":"https:\/\/abra.org.pt\/index.php\/wp-json\/wp\/v2\/product_cat?post=5262"},{"taxonomy":"product_tag","embeddable":true,"href":"https:\/\/abra.org.pt\/index.php\/wp-json\/wp\/v2\/product_tag?post=5262"}],"curies":[{"name":"wp","href":"https:\/\/api.w.org\/{rel}","templated":true}]}}

<h3></h3>
<h1></h1>
<p>&nbsp;</p>
<h1>Teo</h1>
<p><strong>Data em que desapareceu: 27/10/2024</strong></p>
<h4><strong>Características:</strong></h4>
<h5>&#8220;O gato fugiu de casa no dia 27/10 por volta das 19h00, na rua Cândido de Oliveira, São Victor. Ele tem a ponta da orelha cortada e cicatrizes nas patinhas, já haviamos resgatado ele da rua. Ele atende por Teo. &#8220;</h5>
<p><a title="Apelo 31 - 2024" href="https://www.flickr.com/photos/73528242@N04/albums/72177720321993974" data-flickr-embed="true"><img decoding="async" src="https://live.staticflickr.com/65535/54143890227_65020038b6.jpg" alt="Apelo 31 - 2024" width="200" height="100" /></a><script async src="//embedr.flickr.com/assets/client-code.js" charset="utf-8"></script></p>
