{"id":5006,"date":"2024-10-12T15:19:06","date_gmt":"2024-10-12T15:19:06","guid":{"rendered":"https:\/\/abra.org.pt\/?post_type=product&#038;p=5006"},"modified":"2025-07-10T16:15:57","modified_gmt":"2025-07-10T16:15:57","slug":"pico","status":"publish","type":"product","link":"https:\/\/abra.org.pt\/index.php\/produto\/pico\/","title":{"rendered":"Pico"},"content":{"rendered":"","protected":false},"excerpt":{"rendered":"<h3><\/h3>\n<h1><\/h1>\n<p>&nbsp;<\/p>\n<h2 class=\"itemTitle\">Pico<\/h2>\n<p><strong>Data de entrada: 27 de setembro de 2024<\/strong><\/p>\n<h4><strong>Caracter\u00edsticas:<\/strong><\/h4>\n<h5>O Pico deu entrada no CRO com a irm\u00e3 Lava, ambos muito magros e praticamente sem pelo. Estima-se que tenha menos de um ano de idade, e \u00e9 um c\u00e3o muito meigo e carente.<\/h5>\n<h2><a href=\"https:\/\/abra.org.pt\/index.php\/adotar\/\">Quero adotar!<\/a><\/h2>\n<div style=\"text-align: left;\">\n<p><a title=\"Pico\" href=\"https:\/\/www.flickr.com\/photos\/73528242@N04\/albums\/72177720321131792\" data-flickr-embed=\"true\"><img decoding=\"async\" src=\"https:\/\/live.staticflickr.com\/65535\/54646072293_1724423eb9.jpg\" alt=\"Pico\" width=\"200\" height=\"100\" \/><\/a><script async src=\"\/\/embedr.flickr.com\/assets\/client-code.js\" charset=\"utf-8\"><\/script><\/p>\n<style>\n  .responsive-img {<br \/>    max-width: 100%;<br \/>    height: auto;<br \/>  }<br \/><\/style>\n<\/div>\n<p><script async src=\"\/\/embedr.flickr.com\/assets\/client-code.js\" charset=\"utf-8\"><\/script><\/p>\n<h5>\n<style>\n  .responsive-img {<br \/>    max-width: 100%;<br \/>    height: auto;<br \/>  }<br \/><\/style>\n<\/h5>\n","protected":false},"featured_media":6818,"template":"","meta":[],"product_brand":[],"product_cat":[37,28,36],"product_tag":[],"class_list":{"0":"post-5006","1":"product","2":"type-product","3":"status-publish","4":"has-post-thumbnail","6":"product_cat-caes","7":"product_cat-caesnocro","8":"product_cat-ultimas-entradas","10":"first","11":"instock","12":"shipping-taxable","13":"product-type-simple"},"_links":{"self":[{"href":"https:\/\/abra.org.pt\/index.php\/wp-json\/wp\/v2\/product\/5006","targetHints":{"allow":["GET"]}}],"collection":[{"href":"https:\/\/abra.org.pt\/index.php\/wp-json\/wp\/v2\/product"}],"about":[{"href":"https:\/\/abra.org.pt\/index.php\/wp-json\/wp\/v2\/types\/product"}],"version-history":[{"count":6,"href":"https:\/\/abra.org.pt\/index.php\/wp-json\/wp\/v2\/product\/5006\/revisions"}],"predecessor-version":[{"id":6830,"href":"https:\/\/abra.org.pt\/index.php\/wp-json\/wp\/v2\/product\/5006\/revisions\/6830"}],"wp:featuredmedia":[{"embeddable":true,"href":"https:\/\/abra.org.pt\/index.php\/wp-json\/wp\/v2\/media\/6818"}],"wp:attachment":[{"href":"https:\/\/abra.org.pt\/index.php\/wp-json\/wp\/v2\/media?parent=5006"}],"wp:term":[{"taxonomy":"product_brand","embeddable":true,"href":"https:\/\/abra.org.pt\/index.php\/wp-json\/wp\/v2\/product_brand?post=5006"},{"taxonomy":"product_cat","embeddable":true,"href":"https:\/\/abra.org.pt\/index.php\/wp-json\/wp\/v2\/product_cat?post=5006"},{"taxonomy":"product_tag","embeddable":true,"href":"https:\/\/abra.org.pt\/index.php\/wp-json\/wp\/v2\/product_tag?post=5006"}],"curies":[{"name":"wp","href":"https:\/\/api.w.org\/{rel}","templated":true}]}}

<h3></h3>
<h1></h1>
<p>&nbsp;</p>
<h2 class="itemTitle">Pico</h2>
<p><strong>Data de entrada: 27 de setembro de 2024</strong></p>
<h4><strong>Características:</strong></h4>
<h5>O Pico deu entrada no CRO com a irmã Lava, ambos muito magros e praticamente sem pelo. Estima-se que tenha menos de um ano de idade, e é um cão muito meigo e carente.</h5>
<h2><a href="https://abra.org.pt/index.php/adotar/">Quero adotar!</a></h2>
<div style="text-align: left;">
<p><a title="Pico" href="https://www.flickr.com/photos/73528242@N04/albums/72177720321131792" data-flickr-embed="true"><img decoding="async" src="https://live.staticflickr.com/65535/54646072293_1724423eb9.jpg" alt="Pico" width="200" height="100" /></a><script async src="//embedr.flickr.com/assets/client-code.js" charset="utf-8"></script></p>
<style>
  .responsive-img {<br />    max-width: 100%;<br />    height: auto;<br />  }<br /></style>
</div>
<p><script async src="//embedr.flickr.com/assets/client-code.js" charset="utf-8"></script></p>
<h5>
<style>
  .responsive-img {<br />    max-width: 100%;<br />    height: auto;<br />  }<br /></style>
</h5>
