{"id":4472,"date":"2024-09-23T23:14:31","date_gmt":"2024-09-23T23:14:31","guid":{"rendered":"https:\/\/blissful-lederberg.94-46-22-133.plesk.page\/?post_type=product&#038;p=4472"},"modified":"2024-09-23T23:17:16","modified_gmt":"2024-09-23T23:17:16","slug":"apelo-26-2024","status":"publish","type":"product","link":"https:\/\/abra.org.pt\/index.php\/produto\/apelo-26-2024\/","title":{"rendered":"Apelo 26 &#8211; 2024"},"content":{"rendered":"","protected":false},"excerpt":{"rendered":"<h3><\/h3>\n<h1><\/h1>\n<p>&nbsp;<\/p>\n<h1>Algod\u00e3o<\/h1>\n<p><strong>Data em que desapareceu: 15\/05\/2024<\/strong><\/p>\n<h4><strong>Caracter\u00edsticas:<\/strong><\/h4>\n<h5>&#8220;Este gato desapareceu no passado dia 15\/05\/2024. A \u00faltima vez que foi visto foi nesse dia durante o in\u00edcio da manh\u00e3. O gato \u00e9 castrado e tem uma mancha preta na barriga, \u00e9 muito amig\u00e1vel mas \u00e9 muito medroso. Ele tem 2 anos.&#8221;<\/h5>\n<p><a title=\"PA - Algod\u00e3o\" href=\"https:\/\/www.flickr.com\/photos\/73528242@N04\/albums\/72177720318483711\" data-flickr-embed=\"true\"><img decoding=\"async\" src=\"https:\/\/live.staticflickr.com\/65535\/53835960503_365bfbd405.jpg\" alt=\"PA - Algod\u00e3o\" width=\"200\" height=\"100\" \/><\/a><script async src=\"\/\/embedr.flickr.com\/assets\/client-code.js\" charset=\"utf-8\"><\/script><\/p>\n","protected":false},"featured_media":4473,"template":"","meta":[],"product_brand":[],"product_cat":[35],"product_tag":[],"class_list":{"0":"post-4472","1":"product","2":"type-product","3":"status-publish","4":"has-post-thumbnail","6":"product_cat-perdidos-e-achados","8":"first","9":"instock","10":"shipping-taxable","11":"product-type-simple"},"_links":{"self":[{"href":"https:\/\/abra.org.pt\/index.php\/wp-json\/wp\/v2\/product\/4472","targetHints":{"allow":["GET"]}}],"collection":[{"href":"https:\/\/abra.org.pt\/index.php\/wp-json\/wp\/v2\/product"}],"about":[{"href":"https:\/\/abra.org.pt\/index.php\/wp-json\/wp\/v2\/types\/product"}],"version-history":[{"count":1,"href":"https:\/\/abra.org.pt\/index.php\/wp-json\/wp\/v2\/product\/4472\/revisions"}],"predecessor-version":[{"id":4474,"href":"https:\/\/abra.org.pt\/index.php\/wp-json\/wp\/v2\/product\/4472\/revisions\/4474"}],"wp:featuredmedia":[{"embeddable":true,"href":"https:\/\/abra.org.pt\/index.php\/wp-json\/wp\/v2\/media\/4473"}],"wp:attachment":[{"href":"https:\/\/abra.org.pt\/index.php\/wp-json\/wp\/v2\/media?parent=4472"}],"wp:term":[{"taxonomy":"product_brand","embeddable":true,"href":"https:\/\/abra.org.pt\/index.php\/wp-json\/wp\/v2\/product_brand?post=4472"},{"taxonomy":"product_cat","embeddable":true,"href":"https:\/\/abra.org.pt\/index.php\/wp-json\/wp\/v2\/product_cat?post=4472"},{"taxonomy":"product_tag","embeddable":true,"href":"https:\/\/abra.org.pt\/index.php\/wp-json\/wp\/v2\/product_tag?post=4472"}],"curies":[{"name":"wp","href":"https:\/\/api.w.org\/{rel}","templated":true}]}}

<h3></h3>
<h1></h1>
<p>&nbsp;</p>
<h1>Algodão</h1>
<p><strong>Data em que desapareceu: 15/05/2024</strong></p>
<h4><strong>Características:</strong></h4>
<h5>&#8220;Este gato desapareceu no passado dia 15/05/2024. A última vez que foi visto foi nesse dia durante o início da manhã. O gato é castrado e tem uma mancha preta na barriga, é muito amigável mas é muito medroso. Ele tem 2 anos.&#8221;</h5>
<p><a title="PA - Algodão" href="https://www.flickr.com/photos/73528242@N04/albums/72177720318483711" data-flickr-embed="true"><img decoding="async" src="https://live.staticflickr.com/65535/53835960503_365bfbd405.jpg" alt="PA - Algodão" width="200" height="100" /></a><script async src="//embedr.flickr.com/assets/client-code.js" charset="utf-8"></script></p>
