{"id":4466,"date":"2024-09-23T22:56:29","date_gmt":"2024-09-23T22:56:29","guid":{"rendered":"https:\/\/blissful-lederberg.94-46-22-133.plesk.page\/?post_type=product&#038;p=4466"},"modified":"2024-09-23T22:59:27","modified_gmt":"2024-09-23T22:59:27","slug":"apelo-24-2024","status":"publish","type":"product","link":"https:\/\/abra.org.pt\/index.php\/produto\/apelo-24-2024\/","title":{"rendered":"Apelo 24 &#8211; 2024"},"content":{"rendered":"","protected":false},"excerpt":{"rendered":"<h3><\/h3>\n<h1><\/h1>\n<p>&nbsp;<\/p>\n<h1>Gatinha<\/h1>\n<p><strong>Data em que desapareceu: 28\/05\/2024<\/strong><\/p>\n<h4><strong>Caracter\u00edsticas:<\/strong><\/h4>\n<h5>&#8220;Esta gatinha apareceu numa garagem em Real. J\u00e1 se encontrava h\u00e1 alguns dias pela zona, sendo que nunca conseguiam apanh\u00e1-la. \u00c9 f\u00eamea, tem cerca de 4 a 5 meses. Muito d\u00f3cil mas est\u00e1 assustada, possivelmente por estar longe de casa.&#8221;<\/h5>\n<p><a data-flickr-embed=\"true\" href=\"https:\/\/www.flickr.com\/photos\/73528242@N04\/albums\/72177720317535185\" title=\"PA 35 - 2024\"><img decoding=\"async\" src=\"https:\/\/live.staticflickr.com\/65535\/53764932771_7eab425700.jpg\" width=\"200\" height=\"100\" alt=\"PA 35 - 2024\"\/><\/a><script async src=\"\/\/embedr.flickr.com\/assets\/client-code.js\" charset=\"utf-8\"><\/script><\/p>\n","protected":false},"featured_media":4467,"template":"","meta":[],"product_brand":[],"product_cat":[35],"product_tag":[],"class_list":{"0":"post-4466","1":"product","2":"type-product","3":"status-publish","4":"has-post-thumbnail","6":"product_cat-perdidos-e-achados","8":"first","9":"instock","10":"shipping-taxable","11":"product-type-simple"},"_links":{"self":[{"href":"https:\/\/abra.org.pt\/index.php\/wp-json\/wp\/v2\/product\/4466","targetHints":{"allow":["GET"]}}],"collection":[{"href":"https:\/\/abra.org.pt\/index.php\/wp-json\/wp\/v2\/product"}],"about":[{"href":"https:\/\/abra.org.pt\/index.php\/wp-json\/wp\/v2\/types\/product"}],"version-history":[{"count":1,"href":"https:\/\/abra.org.pt\/index.php\/wp-json\/wp\/v2\/product\/4466\/revisions"}],"predecessor-version":[{"id":4468,"href":"https:\/\/abra.org.pt\/index.php\/wp-json\/wp\/v2\/product\/4466\/revisions\/4468"}],"wp:featuredmedia":[{"embeddable":true,"href":"https:\/\/abra.org.pt\/index.php\/wp-json\/wp\/v2\/media\/4467"}],"wp:attachment":[{"href":"https:\/\/abra.org.pt\/index.php\/wp-json\/wp\/v2\/media?parent=4466"}],"wp:term":[{"taxonomy":"product_brand","embeddable":true,"href":"https:\/\/abra.org.pt\/index.php\/wp-json\/wp\/v2\/product_brand?post=4466"},{"taxonomy":"product_cat","embeddable":true,"href":"https:\/\/abra.org.pt\/index.php\/wp-json\/wp\/v2\/product_cat?post=4466"},{"taxonomy":"product_tag","embeddable":true,"href":"https:\/\/abra.org.pt\/index.php\/wp-json\/wp\/v2\/product_tag?post=4466"}],"curies":[{"name":"wp","href":"https:\/\/api.w.org\/{rel}","templated":true}]}}

<h3></h3>
<h1></h1>
<p>&nbsp;</p>
<h1>Gatinha</h1>
<p><strong>Data em que desapareceu: 28/05/2024</strong></p>
<h4><strong>Características:</strong></h4>
<h5>&#8220;Esta gatinha apareceu numa garagem em Real. Já se encontrava há alguns dias pela zona, sendo que nunca conseguiam apanhá-la. É fêmea, tem cerca de 4 a 5 meses. Muito dócil mas está assustada, possivelmente por estar longe de casa.&#8221;</h5>
<p><a data-flickr-embed="true" href="https://www.flickr.com/photos/73528242@N04/albums/72177720317535185" title="PA 35 - 2024"><img decoding="async" src="https://live.staticflickr.com/65535/53764932771_7eab425700.jpg" width="200" height="100" alt="PA 35 - 2024"/></a><script async src="//embedr.flickr.com/assets/client-code.js" charset="utf-8"></script></p>
