{"id":4400,"date":"2024-09-23T21:20:03","date_gmt":"2024-09-23T21:20:03","guid":{"rendered":"https:\/\/blissful-lederberg.94-46-22-133.plesk.page\/?post_type=product&#038;p=4400"},"modified":"2024-09-23T21:23:18","modified_gmt":"2024-09-23T21:23:18","slug":"zuca","status":"publish","type":"product","link":"https:\/\/abra.org.pt\/index.php\/produto\/zuca\/","title":{"rendered":"Zuca"},"content":{"rendered":"","protected":false},"excerpt":{"rendered":"<h3><\/h3>\n<h1><\/h1>\n<p>&nbsp;<\/p>\n<h1>Zuca<\/h1>\n<p><strong>Data do pedido: 15 de fevereiro de 2024<\/strong><\/p>\n<h4><strong>Caracter\u00edsticas:<\/strong><\/h4>\n<h5>&#8220;Macho de 2 anos. Castrado, vacinado e com microchip. Sem problemas de sa\u00fade. Ensinado a fazer as necessidades exclusivamente na rua. Carinhoso e brincalh\u00e3o em casa, adora passear na floresta e na praia. D\u00e1-se bem com gatos e crian\u00e7as, soci\u00e1vel com cadelas e machos mais pequenos. Requer treino para refor\u00e7ar a sua auto-confian\u00e7a e superar os medos. Suporte gratuito durante toda a adapta\u00e7\u00e3o com um treinador de c\u00e3es certificado (PT\/EN). Prefere-se algu\u00e9m com espa\u00e7o exterior, pois ele tem bastante energia e adora brincar. Localiza\u00e7\u00e3o atual: Baleal, Peniche. Para mais informa\u00e7\u00f5es, contactar os n\u00fameros abaixo.&#8221;<\/h5>\n<h5><strong>Contacto para adop\u00e7\u00e3o: <span data-sheets-root=\"1\" data-sheets-value=\"{&quot;1&quot;:3,&quot;3&quot;:936494813}\" data-sheets-userformat=\"{&quot;2&quot;:6723,&quot;3&quot;:{&quot;1&quot;:0},&quot;4&quot;:{&quot;1&quot;:2,&quot;2&quot;:16777215},&quot;9&quot;:2,&quot;12&quot;:0,&quot;14&quot;:{&quot;1&quot;:2,&quot;2&quot;:0},&quot;15&quot;:&quot;docs-Montserrat&quot;}\">+447930039974 ou +351 910 613 145<\/span><\/strong><\/h5>\n<style>\n  .responsive-img {<br \/>    max-width: 100%;<br \/>    height: auto;<br \/>  }<br \/><\/style>\n<p><script async src=\"\/\/embedr.flickr.com\/assets\/client-code.js\" charset=\"utf-8\"><\/script><\/p>\n<style>\n  .responsive-img {<br \/>    max-width: 100%;<br \/>    height: auto;<br \/>  }<br \/><\/style>\n","protected":false},"featured_media":4401,"template":"","meta":[],"product_brand":[],"product_cat":[37,34],"product_tag":[],"class_list":{"0":"post-4400","1":"product","2":"type-product","3":"status-publish","4":"has-post-thumbnail","6":"product_cat-caes","7":"product_cat-pedidos-externos","9":"first","10":"instock","11":"shipping-taxable","12":"product-type-simple"},"_links":{"self":[{"href":"https:\/\/abra.org.pt\/index.php\/wp-json\/wp\/v2\/product\/4400","targetHints":{"allow":["GET"]}}],"collection":[{"href":"https:\/\/abra.org.pt\/index.php\/wp-json\/wp\/v2\/product"}],"about":[{"href":"https:\/\/abra.org.pt\/index.php\/wp-json\/wp\/v2\/types\/product"}],"version-history":[{"count":1,"href":"https:\/\/abra.org.pt\/index.php\/wp-json\/wp\/v2\/product\/4400\/revisions"}],"predecessor-version":[{"id":4402,"href":"https:\/\/abra.org.pt\/index.php\/wp-json\/wp\/v2\/product\/4400\/revisions\/4402"}],"wp:featuredmedia":[{"embeddable":true,"href":"https:\/\/abra.org.pt\/index.php\/wp-json\/wp\/v2\/media\/4401"}],"wp:attachment":[{"href":"https:\/\/abra.org.pt\/index.php\/wp-json\/wp\/v2\/media?parent=4400"}],"wp:term":[{"taxonomy":"product_brand","embeddable":true,"href":"https:\/\/abra.org.pt\/index.php\/wp-json\/wp\/v2\/product_brand?post=4400"},{"taxonomy":"product_cat","embeddable":true,"href":"https:\/\/abra.org.pt\/index.php\/wp-json\/wp\/v2\/product_cat?post=4400"},{"taxonomy":"product_tag","embeddable":true,"href":"https:\/\/abra.org.pt\/index.php\/wp-json\/wp\/v2\/product_tag?post=4400"}],"curies":[{"name":"wp","href":"https:\/\/api.w.org\/{rel}","templated":true}]}}

<h3></h3>
<h1></h1>
<p>&nbsp;</p>
<h1>Zuca</h1>
<p><strong>Data do pedido: 15 de fevereiro de 2024</strong></p>
<h4><strong>Características:</strong></h4>
<h5>&#8220;Macho de 2 anos. Castrado, vacinado e com microchip. Sem problemas de saúde. Ensinado a fazer as necessidades exclusivamente na rua. Carinhoso e brincalhão em casa, adora passear na floresta e na praia. Dá-se bem com gatos e crianças, sociável com cadelas e machos mais pequenos. Requer treino para reforçar a sua auto-confiança e superar os medos. Suporte gratuito durante toda a adaptação com um treinador de cães certificado (PT/EN). Prefere-se alguém com espaço exterior, pois ele tem bastante energia e adora brincar. Localização atual: Baleal, Peniche. Para mais informações, contactar os números abaixo.&#8221;</h5>
<h5><strong>Contacto para adopção: <span data-sheets-root="1" data-sheets-value="{&quot;1&quot;:3,&quot;3&quot;:936494813}" data-sheets-userformat="{&quot;2&quot;:6723,&quot;3&quot;:{&quot;1&quot;:0},&quot;4&quot;:{&quot;1&quot;:2,&quot;2&quot;:16777215},&quot;9&quot;:2,&quot;12&quot;:0,&quot;14&quot;:{&quot;1&quot;:2,&quot;2&quot;:0},&quot;15&quot;:&quot;docs-Montserrat&quot;}">+447930039974 ou +351 910 613 145</span></strong></h5>
<style>
  .responsive-img {<br />    max-width: 100%;<br />    height: auto;<br />  }<br /></style>
<p><script async src="//embedr.flickr.com/assets/client-code.js" charset="utf-8"></script></p>
<style>
  .responsive-img {<br />    max-width: 100%;<br />    height: auto;<br />  }<br /></style>
