{"id":3793,"date":"2024-04-02T20:26:23","date_gmt":"2024-04-02T20:26:23","guid":{"rendered":"https:\/\/blissful-lederberg.94-46-22-133.plesk.page\/?post_type=product&#038;p=3793"},"modified":"2024-04-02T20:31:21","modified_gmt":"2024-04-02T20:31:21","slug":"apelo-16-2023","status":"publish","type":"product","link":"https:\/\/abra.org.pt\/index.php\/produto\/apelo-16-2023\/","title":{"rendered":"Apelo 16 &#8211; 2023"},"content":{"rendered":"","protected":false},"excerpt":{"rendered":"<h3><\/h3>\n<h1><\/h1>\n<p>&nbsp;<\/p>\n<h1>Mimi<\/h1>\n<p><strong>Data em que desapareceu: 11\/01\/2023<\/strong><\/p>\n<h4><strong>Caracter\u00edsticas:<\/strong><\/h4>\n<h5>A Mimi desapareceu em Real, perto da Real Taberna no dia 11 de janeiro de 2023. \u00c9 muito mansinha e assustadi\u00e7a. Tem uma manchinha no nariz caracter\u00edstica.<\/h5>\n<p><a data-flickr-embed=\"true\" href=\"https:\/\/www.flickr.com\/photos\/73528242@N04\/albums\/72177720305535186\" title=\"PA - Mimi\"><img decoding=\"async\" src=\"https:\/\/live.staticflickr.com\/65535\/52651077234_bcf14cbafd.jpg\" width=\"200\" height=\"100\" alt=\"PA - Mimi\"\/><\/a><script async src=\"\/\/embedr.flickr.com\/assets\/client-code.js\" charset=\"utf-8\"><\/script><\/p>\n","protected":false},"featured_media":3794,"template":"","meta":[],"product_brand":[],"product_cat":[35],"product_tag":[],"class_list":{"0":"post-3793","1":"product","2":"type-product","3":"status-publish","4":"has-post-thumbnail","6":"product_cat-perdidos-e-achados","8":"first","9":"instock","10":"shipping-taxable","11":"product-type-simple"},"_links":{"self":[{"href":"https:\/\/abra.org.pt\/index.php\/wp-json\/wp\/v2\/product\/3793","targetHints":{"allow":["GET"]}}],"collection":[{"href":"https:\/\/abra.org.pt\/index.php\/wp-json\/wp\/v2\/product"}],"about":[{"href":"https:\/\/abra.org.pt\/index.php\/wp-json\/wp\/v2\/types\/product"}],"version-history":[{"count":1,"href":"https:\/\/abra.org.pt\/index.php\/wp-json\/wp\/v2\/product\/3793\/revisions"}],"predecessor-version":[{"id":3795,"href":"https:\/\/abra.org.pt\/index.php\/wp-json\/wp\/v2\/product\/3793\/revisions\/3795"}],"wp:featuredmedia":[{"embeddable":true,"href":"https:\/\/abra.org.pt\/index.php\/wp-json\/wp\/v2\/media\/3794"}],"wp:attachment":[{"href":"https:\/\/abra.org.pt\/index.php\/wp-json\/wp\/v2\/media?parent=3793"}],"wp:term":[{"taxonomy":"product_brand","embeddable":true,"href":"https:\/\/abra.org.pt\/index.php\/wp-json\/wp\/v2\/product_brand?post=3793"},{"taxonomy":"product_cat","embeddable":true,"href":"https:\/\/abra.org.pt\/index.php\/wp-json\/wp\/v2\/product_cat?post=3793"},{"taxonomy":"product_tag","embeddable":true,"href":"https:\/\/abra.org.pt\/index.php\/wp-json\/wp\/v2\/product_tag?post=3793"}],"curies":[{"name":"wp","href":"https:\/\/api.w.org\/{rel}","templated":true}]}}

<h3></h3>
<h1></h1>
<p>&nbsp;</p>
<h1>Mimi</h1>
<p><strong>Data em que desapareceu: 11/01/2023</strong></p>
<h4><strong>Características:</strong></h4>
<h5>A Mimi desapareceu em Real, perto da Real Taberna no dia 11 de janeiro de 2023. É muito mansinha e assustadiça. Tem uma manchinha no nariz característica.</h5>
<p><a data-flickr-embed="true" href="https://www.flickr.com/photos/73528242@N04/albums/72177720305535186" title="PA - Mimi"><img decoding="async" src="https://live.staticflickr.com/65535/52651077234_bcf14cbafd.jpg" width="200" height="100" alt="PA - Mimi"/></a><script async src="//embedr.flickr.com/assets/client-code.js" charset="utf-8"></script></p>
