{"id":3775,"date":"2024-03-27T20:10:47","date_gmt":"2024-03-27T20:10:47","guid":{"rendered":"https:\/\/blissful-lederberg.94-46-22-133.plesk.page\/?post_type=product&#038;p=3775"},"modified":"2024-09-23T22:33:34","modified_gmt":"2024-09-23T22:33:34","slug":"apelo-11-2022","status":"publish","type":"product","link":"https:\/\/abra.org.pt\/index.php\/produto\/apelo-11-2022\/","title":{"rendered":"Apelo 11 &#8211; 2022"},"content":{"rendered":"","protected":false},"excerpt":{"rendered":"<h3><\/h3>\n<h1><\/h1>\n<p>&nbsp;<\/p>\n<h1>Mila<\/h1>\n<p><strong>Data em que desapareceu: 08\/03\/2022<\/strong><\/p>\n<h4><strong>Caracter\u00edsticas:<\/strong><\/h4>\n<h5>P\u00ealo preto, tinha uma coleira verde. \u00c9 muito meiga e assustadi\u00e7a. Tem chip.<\/h5>\n","protected":false},"featured_media":3776,"template":"","meta":[],"product_brand":[],"product_cat":[35],"product_tag":[],"class_list":{"0":"post-3775","1":"product","2":"type-product","3":"status-publish","4":"has-post-thumbnail","6":"product_cat-perdidos-e-achados","8":"first","9":"instock","10":"shipping-taxable","11":"product-type-simple"},"_links":{"self":[{"href":"https:\/\/abra.org.pt\/index.php\/wp-json\/wp\/v2\/product\/3775","targetHints":{"allow":["GET"]}}],"collection":[{"href":"https:\/\/abra.org.pt\/index.php\/wp-json\/wp\/v2\/product"}],"about":[{"href":"https:\/\/abra.org.pt\/index.php\/wp-json\/wp\/v2\/types\/product"}],"version-history":[{"count":2,"href":"https:\/\/abra.org.pt\/index.php\/wp-json\/wp\/v2\/product\/3775\/revisions"}],"predecessor-version":[{"id":4446,"href":"https:\/\/abra.org.pt\/index.php\/wp-json\/wp\/v2\/product\/3775\/revisions\/4446"}],"wp:featuredmedia":[{"embeddable":true,"href":"https:\/\/abra.org.pt\/index.php\/wp-json\/wp\/v2\/media\/3776"}],"wp:attachment":[{"href":"https:\/\/abra.org.pt\/index.php\/wp-json\/wp\/v2\/media?parent=3775"}],"wp:term":[{"taxonomy":"product_brand","embeddable":true,"href":"https:\/\/abra.org.pt\/index.php\/wp-json\/wp\/v2\/product_brand?post=3775"},{"taxonomy":"product_cat","embeddable":true,"href":"https:\/\/abra.org.pt\/index.php\/wp-json\/wp\/v2\/product_cat?post=3775"},{"taxonomy":"product_tag","embeddable":true,"href":"https:\/\/abra.org.pt\/index.php\/wp-json\/wp\/v2\/product_tag?post=3775"}],"curies":[{"name":"wp","href":"https:\/\/api.w.org\/{rel}","templated":true}]}}

<h3></h3>
<h1></h1>
<p>&nbsp;</p>
<h1>Mila</h1>
<p><strong>Data em que desapareceu: 08/03/2022</strong></p>
<h4><strong>Características:</strong></h4>
<h5>Pêlo preto, tinha uma coleira verde. É muito meiga e assustadiça. Tem chip.</h5>
