{"id":3679,"date":"2024-03-19T22:32:00","date_gmt":"2024-03-19T22:32:00","guid":{"rendered":"https:\/\/blissful-lederberg.94-46-22-133.plesk.page\/?post_type=product&#038;p=3679"},"modified":"2024-09-23T21:09:22","modified_gmt":"2024-09-23T21:09:22","slug":"nina","status":"publish","type":"product","link":"https:\/\/abra.org.pt\/index.php\/produto\/nina\/","title":{"rendered":"Nina"},"content":{"rendered":"","protected":false},"excerpt":{"rendered":"<h3><\/h3>\n<h1><\/h1>\n<p>&nbsp;<\/p>\n<h1>Nina<\/h1>\n<p><strong>Data do pedido: 10 de setembro 2023<\/strong><\/p>\n<h4><strong>Caracter\u00edsticas:<\/strong><\/h4>\n<h5>A Nina \u00e9 uma cadela de porte m\u00e9dio\/grande j\u00e1 esterilizada e com chip. Em virtude do div\u00f3rcio da sua tutora e da necessidade de vender a moradia onde ambas viviam, procura agora uma nova fam\u00edlia. Entre diretamente em contacto com a tutora se quiser adotar esta cadelinha.<\/h5>\n<h5><strong>Contacto para adop\u00e7\u00e3o: <span data-sheets-root=\"1\" data-sheets-value=\"{&quot;1&quot;:2,&quot;2&quot;:&quot;962 685 180&quot;}\" data-sheets-userformat=\"{&quot;2&quot;:4801,&quot;3&quot;:{&quot;1&quot;:0},&quot;9&quot;:2,&quot;10&quot;:1,&quot;12&quot;:0,&quot;15&quot;:&quot;Montserrat&quot;}\">935 081 525<\/span><\/strong><\/h5>\n<p>&nbsp;<\/p>\n<p><a title=\"PE - Nina\" href=\"https:\/\/www.flickr.com\/photos\/73528242@N04\/albums\/72177720311097597\" data-flickr-embed=\"true\"><img decoding=\"async\" src=\"https:\/\/live.staticflickr.com\/65535\/53178787658_e906a1ca56.jpg\" alt=\"PE - Nina\" width=\"200\" height=\"100\" \/><\/a><script async src=\"\/\/embedr.flickr.com\/assets\/client-code.js\" charset=\"utf-8\"><\/script><\/p>\n<style>\n  .responsive-img {<br \/>    max-width: 100%;<br \/>    height: auto;<br \/>  }<br \/><\/style>\n<p><script async src=\"\/\/embedr.flickr.com\/assets\/client-code.js\" charset=\"utf-8\"><\/script><\/p>\n<style>\n  .responsive-img {<br \/>    max-width: 100%;<br \/>    height: auto;<br \/>  }<br \/><\/style>\n","protected":false},"featured_media":3680,"template":"","meta":[],"product_brand":[],"product_cat":[37,34],"product_tag":[],"class_list":{"0":"post-3679","1":"product","2":"type-product","3":"status-publish","4":"has-post-thumbnail","6":"product_cat-caes","7":"product_cat-pedidos-externos","9":"first","10":"instock","11":"shipping-taxable","12":"product-type-simple"},"_links":{"self":[{"href":"https:\/\/abra.org.pt\/index.php\/wp-json\/wp\/v2\/product\/3679","targetHints":{"allow":["GET"]}}],"collection":[{"href":"https:\/\/abra.org.pt\/index.php\/wp-json\/wp\/v2\/product"}],"about":[{"href":"https:\/\/abra.org.pt\/index.php\/wp-json\/wp\/v2\/types\/product"}],"version-history":[{"count":6,"href":"https:\/\/abra.org.pt\/index.php\/wp-json\/wp\/v2\/product\/3679\/revisions"}],"predecessor-version":[{"id":4398,"href":"https:\/\/abra.org.pt\/index.php\/wp-json\/wp\/v2\/product\/3679\/revisions\/4398"}],"wp:featuredmedia":[{"embeddable":true,"href":"https:\/\/abra.org.pt\/index.php\/wp-json\/wp\/v2\/media\/3680"}],"wp:attachment":[{"href":"https:\/\/abra.org.pt\/index.php\/wp-json\/wp\/v2\/media?parent=3679"}],"wp:term":[{"taxonomy":"product_brand","embeddable":true,"href":"https:\/\/abra.org.pt\/index.php\/wp-json\/wp\/v2\/product_brand?post=3679"},{"taxonomy":"product_cat","embeddable":true,"href":"https:\/\/abra.org.pt\/index.php\/wp-json\/wp\/v2\/product_cat?post=3679"},{"taxonomy":"product_tag","embeddable":true,"href":"https:\/\/abra.org.pt\/index.php\/wp-json\/wp\/v2\/product_tag?post=3679"}],"curies":[{"name":"wp","href":"https:\/\/api.w.org\/{rel}","templated":true}]}}

<h3></h3>
<h1></h1>
<p>&nbsp;</p>
<h1>Nina</h1>
<p><strong>Data do pedido: 10 de setembro 2023</strong></p>
<h4><strong>Características:</strong></h4>
<h5>A Nina é uma cadela de porte médio/grande já esterilizada e com chip. Em virtude do divórcio da sua tutora e da necessidade de vender a moradia onde ambas viviam, procura agora uma nova família. Entre diretamente em contacto com a tutora se quiser adotar esta cadelinha.</h5>
<h5><strong>Contacto para adopção: <span data-sheets-root="1" data-sheets-value="{&quot;1&quot;:2,&quot;2&quot;:&quot;962 685 180&quot;}" data-sheets-userformat="{&quot;2&quot;:4801,&quot;3&quot;:{&quot;1&quot;:0},&quot;9&quot;:2,&quot;10&quot;:1,&quot;12&quot;:0,&quot;15&quot;:&quot;Montserrat&quot;}">935 081 525</span></strong></h5>
<p>&nbsp;</p>
<p><a title="PE - Nina" href="https://www.flickr.com/photos/73528242@N04/albums/72177720311097597" data-flickr-embed="true"><img decoding="async" src="https://live.staticflickr.com/65535/53178787658_e906a1ca56.jpg" alt="PE - Nina" width="200" height="100" /></a><script async src="//embedr.flickr.com/assets/client-code.js" charset="utf-8"></script></p>
<style>
  .responsive-img {<br />    max-width: 100%;<br />    height: auto;<br />  }<br /></style>
<p><script async src="//embedr.flickr.com/assets/client-code.js" charset="utf-8"></script></p>
<style>
  .responsive-img {<br />    max-width: 100%;<br />    height: auto;<br />  }<br /></style>
