{"id":3671,"date":"2024-03-19T22:16:13","date_gmt":"2024-03-19T22:16:13","guid":{"rendered":"https:\/\/blissful-lederberg.94-46-22-133.plesk.page\/?post_type=product&#038;p=3671"},"modified":"2024-09-23T21:10:08","modified_gmt":"2024-09-23T21:10:08","slug":"quincas","status":"publish","type":"product","link":"https:\/\/abra.org.pt\/index.php\/produto\/quincas\/","title":{"rendered":"Quincas"},"content":{"rendered":"","protected":false},"excerpt":{"rendered":"<h3><\/h3>\n<h1><\/h1>\n<p>&nbsp;<\/p>\n<h1>Quincas<\/h1>\n<p><strong>Data do pedido: 11 de setembro 2022<\/strong><\/p>\n<h4><strong>Caracter\u00edsticas:<\/strong><\/h4>\n<h5>C\u00e3ozinho meigo, gosta muito da companhia das pessoas, \u00e9 muito brincalh\u00e3o, joga \u00e0 bola, gosta de colo e aten\u00e7\u00e3o. J\u00e1 se encontra vacinado, esterilizado e com chip. Quando foi encontrado tinha febre da carra\u00e7a (se n\u00e3o tivesse sido recolhido, tinha morrido passado uma semana!). Esteve internado no hospital veterin\u00e1rio por dois dias a soro e antibi\u00f3ticos, mas agora est\u00e1 muito bem! \u00c9 um c\u00e3ozito saud\u00e1vel, com cerca de 1 ano e meio de idade, muito alegre e generoso. Quem o quiser adotar leva um companheiro de brincadeira por muitos anos!<\/h5>\n<h5><strong>Contacto para adop\u00e7\u00e3o: <span data-sheets-root=\"1\" data-sheets-value=\"{&quot;1&quot;:3,&quot;3&quot;:914473879}\" data-sheets-userformat=\"{&quot;2&quot;:4801,&quot;3&quot;:{&quot;1&quot;:0},&quot;9&quot;:2,&quot;10&quot;:1,&quot;12&quot;:0,&quot;15&quot;:&quot;Montserrat&quot;}\">914 473 879<\/span><\/strong><\/h5>\n<p>&nbsp;<\/p>\n<p><a title=\"PE - Quincas\" href=\"https:\/\/www.flickr.com\/photos\/73528242@N04\/albums\/72177720302034138\" data-flickr-embed=\"true\"><img decoding=\"async\" src=\"https:\/\/live.staticflickr.com\/65535\/52350873303_0315e344c5_z.jpg\" alt=\"PE - Quincas\" width=\"200\" height=\"100\" \/><\/a><script async src=\"\/\/embedr.flickr.com\/assets\/client-code.js\" charset=\"utf-8\"><\/script><\/p>\n<style>\n  .responsive-img {<br \/>    max-width: 100%;<br \/>    height: auto;<br \/>  }<br \/><\/style>\n<p><script async src=\"\/\/embedr.flickr.com\/assets\/client-code.js\" charset=\"utf-8\"><\/script><\/p>\n<style>\n  .responsive-img {<br \/>    max-width: 100%;<br \/>    height: auto;<br \/>  }<br \/><\/style>\n","protected":false},"featured_media":3672,"template":"","meta":[],"product_brand":[],"product_cat":[37,34],"product_tag":[],"class_list":{"0":"post-3671","1":"product","2":"type-product","3":"status-publish","4":"has-post-thumbnail","6":"product_cat-caes","7":"product_cat-pedidos-externos","9":"first","10":"instock","11":"shipping-taxable","12":"product-type-simple"},"_links":{"self":[{"href":"https:\/\/abra.org.pt\/index.php\/wp-json\/wp\/v2\/product\/3671","targetHints":{"allow":["GET"]}}],"collection":[{"href":"https:\/\/abra.org.pt\/index.php\/wp-json\/wp\/v2\/product"}],"about":[{"href":"https:\/\/abra.org.pt\/index.php\/wp-json\/wp\/v2\/types\/product"}],"version-history":[{"count":4,"href":"https:\/\/abra.org.pt\/index.php\/wp-json\/wp\/v2\/product\/3671\/revisions"}],"predecessor-version":[{"id":4399,"href":"https:\/\/abra.org.pt\/index.php\/wp-json\/wp\/v2\/product\/3671\/revisions\/4399"}],"wp:featuredmedia":[{"embeddable":true,"href":"https:\/\/abra.org.pt\/index.php\/wp-json\/wp\/v2\/media\/3672"}],"wp:attachment":[{"href":"https:\/\/abra.org.pt\/index.php\/wp-json\/wp\/v2\/media?parent=3671"}],"wp:term":[{"taxonomy":"product_brand","embeddable":true,"href":"https:\/\/abra.org.pt\/index.php\/wp-json\/wp\/v2\/product_brand?post=3671"},{"taxonomy":"product_cat","embeddable":true,"href":"https:\/\/abra.org.pt\/index.php\/wp-json\/wp\/v2\/product_cat?post=3671"},{"taxonomy":"product_tag","embeddable":true,"href":"https:\/\/abra.org.pt\/index.php\/wp-json\/wp\/v2\/product_tag?post=3671"}],"curies":[{"name":"wp","href":"https:\/\/api.w.org\/{rel}","templated":true}]}}

<h3></h3>
<h1></h1>
<p>&nbsp;</p>
<h1>Quincas</h1>
<p><strong>Data do pedido: 11 de setembro 2022</strong></p>
<h4><strong>Características:</strong></h4>
<h5>Cãozinho meigo, gosta muito da companhia das pessoas, é muito brincalhão, joga à bola, gosta de colo e atenção. Já se encontra vacinado, esterilizado e com chip. Quando foi encontrado tinha febre da carraça (se não tivesse sido recolhido, tinha morrido passado uma semana!). Esteve internado no hospital veterinário por dois dias a soro e antibióticos, mas agora está muito bem! É um cãozito saudável, com cerca de 1 ano e meio de idade, muito alegre e generoso. Quem o quiser adotar leva um companheiro de brincadeira por muitos anos!</h5>
<h5><strong>Contacto para adopção: <span data-sheets-root="1" data-sheets-value="{&quot;1&quot;:3,&quot;3&quot;:914473879}" data-sheets-userformat="{&quot;2&quot;:4801,&quot;3&quot;:{&quot;1&quot;:0},&quot;9&quot;:2,&quot;10&quot;:1,&quot;12&quot;:0,&quot;15&quot;:&quot;Montserrat&quot;}">914 473 879</span></strong></h5>
<p>&nbsp;</p>
<p><a title="PE - Quincas" href="https://www.flickr.com/photos/73528242@N04/albums/72177720302034138" data-flickr-embed="true"><img decoding="async" src="https://live.staticflickr.com/65535/52350873303_0315e344c5_z.jpg" alt="PE - Quincas" width="200" height="100" /></a><script async src="//embedr.flickr.com/assets/client-code.js" charset="utf-8"></script></p>
<style>
  .responsive-img {<br />    max-width: 100%;<br />    height: auto;<br />  }<br /></style>
<p><script async src="//embedr.flickr.com/assets/client-code.js" charset="utf-8"></script></p>
<style>
  .responsive-img {<br />    max-width: 100%;<br />    height: auto;<br />  }<br /></style>
