{"id":3576,"date":"2024-03-11T14:53:53","date_gmt":"2024-03-11T14:53:53","guid":{"rendered":"https:\/\/blissful-lederberg.94-46-22-133.plesk.page\/?post_type=product&#038;p=3576"},"modified":"2025-02-08T17:09:59","modified_gmt":"2025-02-08T17:09:59","slug":"edison","status":"publish","type":"product","link":"https:\/\/abra.org.pt\/index.php\/produto\/edison\/","title":{"rendered":"Edison"},"content":{"rendered":"","protected":false},"excerpt":{"rendered":"<h3><\/h3>\n<h1><\/h1>\n<p>&nbsp;<\/p>\n<h2 class=\"itemTitle\">Edison<\/h2>\n<p><strong>Data de entrada: 14 de janeiro 2024<\/strong><\/p>\n<h4><strong>Caracter\u00edsticas:<\/strong><\/h4>\n<h5>O Edison deu entrada com o Planck, ambos recolhidos da rua com les\u00f5es sem causa conhecida. Depois de ser visto por um veterin\u00e1rio, deu entrada no Centro de Recolha Oficial, onde aguarda agora por um adotante \u00e0 sua altura. Se o quiser adotar, entre em contacto connosco:\u00a0<a href=\"mailto:geral@abra.org.pt\">geral@abra.org.pt<\/a><\/h5>\n<h2><a href=\"https:\/\/abra.org.pt\/index.php\/adotar\/\">Quero adotar!<\/a><\/h2>\n<div style=\"text-align: left;\">\n<p><a data-flickr-embed=\"true\" href=\"https:\/\/www.flickr.com\/photos\/73528242@N04\/albums\/72177720314078669\" title=\"Edison\"><img decoding=\"async\" src=\"https:\/\/live.staticflickr.com\/65535\/54314924320_039a99a81b.jpg\" width=\"200\" height=\"100\" alt=\"Edison\"\/><\/a><script async src=\"\/\/embedr.flickr.com\/assets\/client-code.js\" charset=\"utf-8\"><\/script><\/p>\n<style>\n  .responsive-img {<br \/>    max-width: 100%;<br \/>    height: auto;<br \/>  }<br \/><\/style>\n<\/div>\n<p><script async src=\"\/\/embedr.flickr.com\/assets\/client-code.js\" charset=\"utf-8\"><\/script><\/p>\n<style>\n  .responsive-img {<br \/>    max-width: 100%;<br \/>    height: auto;<br \/>  }<br \/><\/style>\n","protected":false},"featured_media":5579,"template":"","meta":[],"product_brand":[],"product_cat":[37,28],"product_tag":[],"class_list":{"0":"post-3576","1":"product","2":"type-product","3":"status-publish","4":"has-post-thumbnail","6":"product_cat-caes","7":"product_cat-caesnocro","9":"first","10":"instock","11":"shipping-taxable","12":"product-type-simple"},"_links":{"self":[{"href":"https:\/\/abra.org.pt\/index.php\/wp-json\/wp\/v2\/product\/3576","targetHints":{"allow":["GET"]}}],"collection":[{"href":"https:\/\/abra.org.pt\/index.php\/wp-json\/wp\/v2\/product"}],"about":[{"href":"https:\/\/abra.org.pt\/index.php\/wp-json\/wp\/v2\/types\/product"}],"version-history":[{"count":5,"href":"https:\/\/abra.org.pt\/index.php\/wp-json\/wp\/v2\/product\/3576\/revisions"}],"predecessor-version":[{"id":5581,"href":"https:\/\/abra.org.pt\/index.php\/wp-json\/wp\/v2\/product\/3576\/revisions\/5581"}],"wp:featuredmedia":[{"embeddable":true,"href":"https:\/\/abra.org.pt\/index.php\/wp-json\/wp\/v2\/media\/5579"}],"wp:attachment":[{"href":"https:\/\/abra.org.pt\/index.php\/wp-json\/wp\/v2\/media?parent=3576"}],"wp:term":[{"taxonomy":"product_brand","embeddable":true,"href":"https:\/\/abra.org.pt\/index.php\/wp-json\/wp\/v2\/product_brand?post=3576"},{"taxonomy":"product_cat","embeddable":true,"href":"https:\/\/abra.org.pt\/index.php\/wp-json\/wp\/v2\/product_cat?post=3576"},{"taxonomy":"product_tag","embeddable":true,"href":"https:\/\/abra.org.pt\/index.php\/wp-json\/wp\/v2\/product_tag?post=3576"}],"curies":[{"name":"wp","href":"https:\/\/api.w.org\/{rel}","templated":true}]}}

<h3></h3>
<h1></h1>
<p>&nbsp;</p>
<h2 class="itemTitle">Edison</h2>
<p><strong>Data de entrada: 14 de janeiro 2024</strong></p>
<h4><strong>Características:</strong></h4>
<h5>O Edison deu entrada com o Planck, ambos recolhidos da rua com lesões sem causa conhecida. Depois de ser visto por um veterinário, deu entrada no Centro de Recolha Oficial, onde aguarda agora por um adotante à sua altura. Se o quiser adotar, entre em contacto connosco: <a href="mailto:geral@abra.org.pt">geral@abra.org.pt</a></h5>
<h2><a href="https://abra.org.pt/index.php/adotar/">Quero adotar!</a></h2>
<div style="text-align: left;">
<p><a data-flickr-embed="true" href="https://www.flickr.com/photos/73528242@N04/albums/72177720314078669" title="Edison"><img decoding="async" src="https://live.staticflickr.com/65535/54314924320_039a99a81b.jpg" width="200" height="100" alt="Edison"/></a><script async src="//embedr.flickr.com/assets/client-code.js" charset="utf-8"></script></p>
<style>
  .responsive-img {<br />    max-width: 100%;<br />    height: auto;<br />  }<br /></style>
</div>
<p><script async src="//embedr.flickr.com/assets/client-code.js" charset="utf-8"></script></p>
<style>
  .responsive-img {<br />    max-width: 100%;<br />    height: auto;<br />  }<br /></style>
