{"id":3443,"date":"2024-03-10T00:13:46","date_gmt":"2024-03-10T00:13:46","guid":{"rendered":"https:\/\/blissful-lederberg.94-46-22-133.plesk.page\/?post_type=product&#038;p=3443"},"modified":"2025-10-29T22:13:33","modified_gmt":"2025-10-29T22:13:33","slug":"ulisses","status":"publish","type":"product","link":"https:\/\/abra.org.pt\/index.php\/produto\/ulisses\/","title":{"rendered":"Ulisses"},"content":{"rendered":"","protected":false},"excerpt":{"rendered":"<h3><\/h3>\n<h1><\/h1>\n<p>&nbsp;<\/p>\n<h2 class=\"itemTitle\">Ulisses<\/h2>\n<p><strong>Data de entrada: 2 de fevereiro 2023<\/strong><\/p>\n<h4><strong>Caracter\u00edsticas:<\/strong><\/h4>\n<h5>O Ulisses entrou no CRO no estado que se pode ver nas fotos mais antigas da galeria. Desconhecemos detalhes da sua hist\u00f3ria, de como chegou a ficar assim, mas queremos que encontre um lar onde se sinta amado e seguro o mais rapidamente poss\u00edvel. Se o olhar triste e o estado miser\u00e1vel em que se encontra o tocar como nos tocou a n\u00f3s, entre em contacto: geral@abra.org.pt.<\/h5>\n<h2><a href=\"https:\/\/abra.org.pt\/index.php\/adotar\/\">Quero adotar!<\/a><\/h2>\n<div style=\"text-align: left;\">\n<p><a title=\"Ulisses\" href=\"https:\/\/www.flickr.com\/photos\/73528242@N04\/albums\/72177720305713100\" data-flickr-embed=\"true\"><img decoding=\"async\" src=\"https:\/\/live.staticflickr.com\/65535\/52901255420_99dbc4599b_w.jpg\" alt=\"Ulisses\" width=\"200\" height=\"100\" \/><\/a><script async src=\"\/\/embedr.flickr.com\/assets\/client-code.js\" charset=\"utf-8\"><\/script><\/p>\n<style>\n  .responsive-img {<br \/>    max-width: 100%;<br \/>    height: auto;<br \/>  }<br \/><\/style>\n<\/div>\n<p><script async src=\"\/\/embedr.flickr.com\/assets\/client-code.js\" charset=\"utf-8\"><\/script><\/p>\n<style>\n  .responsive-img {<br \/>    max-width: 100%;<br \/>    height: auto;<br \/>  }<br \/><\/style>\n","protected":false},"featured_media":3444,"template":"","meta":[],"product_brand":[],"product_cat":[37,28],"product_tag":[],"class_list":{"0":"post-3443","1":"product","2":"type-product","3":"status-publish","4":"has-post-thumbnail","6":"product_cat-caes","7":"product_cat-caesnocro","9":"first","10":"instock","11":"shipping-taxable","12":"product-type-simple"},"_links":{"self":[{"href":"https:\/\/abra.org.pt\/index.php\/wp-json\/wp\/v2\/product\/3443","targetHints":{"allow":["GET"]}}],"collection":[{"href":"https:\/\/abra.org.pt\/index.php\/wp-json\/wp\/v2\/product"}],"about":[{"href":"https:\/\/abra.org.pt\/index.php\/wp-json\/wp\/v2\/types\/product"}],"version-history":[{"count":2,"href":"https:\/\/abra.org.pt\/index.php\/wp-json\/wp\/v2\/product\/3443\/revisions"}],"predecessor-version":[{"id":4794,"href":"https:\/\/abra.org.pt\/index.php\/wp-json\/wp\/v2\/product\/3443\/revisions\/4794"}],"wp:featuredmedia":[{"embeddable":true,"href":"https:\/\/abra.org.pt\/index.php\/wp-json\/wp\/v2\/media\/3444"}],"wp:attachment":[{"href":"https:\/\/abra.org.pt\/index.php\/wp-json\/wp\/v2\/media?parent=3443"}],"wp:term":[{"taxonomy":"product_brand","embeddable":true,"href":"https:\/\/abra.org.pt\/index.php\/wp-json\/wp\/v2\/product_brand?post=3443"},{"taxonomy":"product_cat","embeddable":true,"href":"https:\/\/abra.org.pt\/index.php\/wp-json\/wp\/v2\/product_cat?post=3443"},{"taxonomy":"product_tag","embeddable":true,"href":"https:\/\/abra.org.pt\/index.php\/wp-json\/wp\/v2\/product_tag?post=3443"}],"curies":[{"name":"wp","href":"https:\/\/api.w.org\/{rel}","templated":true}]}}

<h3></h3>
<h1></h1>
<p>&nbsp;</p>
<h2 class="itemTitle">Ulisses</h2>
<p><strong>Data de entrada: 2 de fevereiro 2023</strong></p>
<h4><strong>Características:</strong></h4>
<h5>O Ulisses entrou no CRO no estado que se pode ver nas fotos mais antigas da galeria. Desconhecemos detalhes da sua história, de como chegou a ficar assim, mas queremos que encontre um lar onde se sinta amado e seguro o mais rapidamente possível. Se o olhar triste e o estado miserável em que se encontra o tocar como nos tocou a nós, entre em contacto: geral@abra.org.pt.</h5>
<h2><a href="https://abra.org.pt/index.php/adotar/">Quero adotar!</a></h2>
<div style="text-align: left;">
<p><a title="Ulisses" href="https://www.flickr.com/photos/73528242@N04/albums/72177720305713100" data-flickr-embed="true"><img decoding="async" src="https://live.staticflickr.com/65535/52901255420_99dbc4599b_w.jpg" alt="Ulisses" width="200" height="100" /></a><script async src="//embedr.flickr.com/assets/client-code.js" charset="utf-8"></script></p>
<style>
  .responsive-img {<br />    max-width: 100%;<br />    height: auto;<br />  }<br /></style>
</div>
<p><script async src="//embedr.flickr.com/assets/client-code.js" charset="utf-8"></script></p>
<style>
  .responsive-img {<br />    max-width: 100%;<br />    height: auto;<br />  }<br /></style>
