{"id":3440,"date":"2024-03-10T00:07:24","date_gmt":"2024-03-10T00:07:24","guid":{"rendered":"https:\/\/blissful-lederberg.94-46-22-133.plesk.page\/?post_type=product&#038;p=3440"},"modified":"2026-02-12T22:10:09","modified_gmt":"2026-02-12T22:10:09","slug":"preto","status":"publish","type":"product","link":"https:\/\/abra.org.pt\/index.php\/produto\/preto\/","title":{"rendered":"Preto"},"content":{"rendered":"","protected":false},"excerpt":{"rendered":"<h3><\/h3>\n<h1><\/h1>\n<p>&nbsp;<\/p>\n<h2 class=\"itemTitle\">Preto<\/h2>\n<p><strong>Data de entrada: 31 de janeiro 2023<\/strong><\/p>\n<h4><strong>Caracter\u00edsticas:<\/strong><\/h4>\n<h5>O Preto deu entrada no CRO juntamente com o Amarelo, o seu companheiro de vida. Entretanto, este \u00faltimo acabou por ser adotado enquanto o Preto n\u00e3o teve a mesma sorte&#8230; Apesar de n\u00e3o ter tido nenhum interessado at\u00e9 ao momento, ele \u00e9 um c\u00e3o muito calmo, anda bem \u00e0 trela e gosta de festinhas! Para al\u00e9m disso, \u00e9 soci\u00e1vel e est\u00e1 sempre dispon\u00edvel para dar bons passeios! Desejamos que o Preto tenha a oportunidade de saber o que \u00e9 ter um lar para chamar de seu, e temos a certeza de que algu\u00e9m conseguir\u00e1 observar todas as suas qualidades.<\/h5>\n<h2><a href=\"https:\/\/abra.org.pt\/index.php\/adotar\/\">Quero adotar!<\/a><\/h2>\n<div style=\"text-align: left;\">\n<p><a title=\"Preto\" href=\"https:\/\/www.flickr.com\/photos\/73528242@N04\/albums\/72177720305674834\" data-flickr-embed=\"true\"><img decoding=\"async\" src=\"https:\/\/live.staticflickr.com\/65535\/55092933525_7a143fdc32_c.jpg\" alt=\"Preto\" width=\"200\" height=\"100\" \/><\/a><script async src=\"\/\/embedr.flickr.com\/assets\/client-code.js\" charset=\"utf-8\"><\/script><\/p>\n<style>\n  .responsive-img {<br \/>    max-width: 100%;<br \/>    height: auto;<br \/>  }<br \/><\/style>\n<\/div>\n<p><script async src=\"\/\/embedr.flickr.com\/assets\/client-code.js\" charset=\"utf-8\"><\/script><\/p>\n<style>\n  .responsive-img {<br \/>    max-width: 100%;<br \/>    height: auto;<br \/>  }<br \/><\/style>\n","protected":false},"featured_media":8606,"template":"","meta":[],"product_brand":[],"product_cat":[37,28],"product_tag":[],"class_list":{"0":"post-3440","1":"product","2":"type-product","3":"status-publish","4":"has-post-thumbnail","6":"product_cat-caes","7":"product_cat-caesnocro","9":"first","10":"instock","11":"shipping-taxable","12":"product-type-simple"},"_links":{"self":[{"href":"https:\/\/abra.org.pt\/index.php\/wp-json\/wp\/v2\/product\/3440","targetHints":{"allow":["GET"]}}],"collection":[{"href":"https:\/\/abra.org.pt\/index.php\/wp-json\/wp\/v2\/product"}],"about":[{"href":"https:\/\/abra.org.pt\/index.php\/wp-json\/wp\/v2\/types\/product"}],"version-history":[{"count":6,"href":"https:\/\/abra.org.pt\/index.php\/wp-json\/wp\/v2\/product\/3440\/revisions"}],"predecessor-version":[{"id":8608,"href":"https:\/\/abra.org.pt\/index.php\/wp-json\/wp\/v2\/product\/3440\/revisions\/8608"}],"wp:featuredmedia":[{"embeddable":true,"href":"https:\/\/abra.org.pt\/index.php\/wp-json\/wp\/v2\/media\/8606"}],"wp:attachment":[{"href":"https:\/\/abra.org.pt\/index.php\/wp-json\/wp\/v2\/media?parent=3440"}],"wp:term":[{"taxonomy":"product_brand","embeddable":true,"href":"https:\/\/abra.org.pt\/index.php\/wp-json\/wp\/v2\/product_brand?post=3440"},{"taxonomy":"product_cat","embeddable":true,"href":"https:\/\/abra.org.pt\/index.php\/wp-json\/wp\/v2\/product_cat?post=3440"},{"taxonomy":"product_tag","embeddable":true,"href":"https:\/\/abra.org.pt\/index.php\/wp-json\/wp\/v2\/product_tag?post=3440"}],"curies":[{"name":"wp","href":"https:\/\/api.w.org\/{rel}","templated":true}]}}

<h3></h3>
<h1></h1>
<p>&nbsp;</p>
<h2 class="itemTitle">Preto</h2>
<p><strong>Data de entrada: 31 de janeiro 2023</strong></p>
<h4><strong>Características:</strong></h4>
<h5>O Preto deu entrada no CRO juntamente com o Amarelo, o seu companheiro de vida. Entretanto, este último acabou por ser adotado enquanto o Preto não teve a mesma sorte&#8230; Apesar de não ter tido nenhum interessado até ao momento, ele é um cão muito calmo, anda bem à trela e gosta de festinhas! Para além disso, é sociável e está sempre disponível para dar bons passeios! Desejamos que o Preto tenha a oportunidade de saber o que é ter um lar para chamar de seu, e temos a certeza de que alguém conseguirá observar todas as suas qualidades.</h5>
<h2><a href="https://abra.org.pt/index.php/adotar/">Quero adotar!</a></h2>
<div style="text-align: left;">
<p><a title="Preto" href="https://www.flickr.com/photos/73528242@N04/albums/72177720305674834" data-flickr-embed="true"><img decoding="async" src="https://live.staticflickr.com/65535/55092933525_7a143fdc32_c.jpg" alt="Preto" width="200" height="100" /></a><script async src="//embedr.flickr.com/assets/client-code.js" charset="utf-8"></script></p>
<style>
  .responsive-img {<br />    max-width: 100%;<br />    height: auto;<br />  }<br /></style>
</div>
<p><script async src="//embedr.flickr.com/assets/client-code.js" charset="utf-8"></script></p>
<style>
  .responsive-img {<br />    max-width: 100%;<br />    height: auto;<br />  }<br /></style>
