{"id":3201,"date":"2024-03-04T17:49:19","date_gmt":"2024-03-04T17:49:19","guid":{"rendered":"https:\/\/blissful-lederberg.94-46-22-133.plesk.page\/?post_type=product&#038;p=3201"},"modified":"2024-10-06T20:11:35","modified_gmt":"2024-10-06T20:11:35","slug":"gladis","status":"publish","type":"product","link":"https:\/\/abra.org.pt\/index.php\/produto\/gladis\/","title":{"rendered":"Gladis"},"content":{"rendered":"","protected":false},"excerpt":{"rendered":"<h3><\/h3>\n<h1><\/h1>\n<p>&nbsp;<\/p>\n<h1>Gladis<\/h1>\n<p><strong>Data de entrada: 14 de agosto 2016<\/strong><\/p>\n<h4><strong>Caracter\u00edsticas:<\/strong><\/h4>\n<h5>A Gladis foi abandonada nas imedia\u00e7\u00f5es do canil. Quando a equipa de volunt\u00e1rios se dirigia para o canil encontrou-a numa sombra, cheia de sede e fome. Para al\u00e9m do abandono, da sede e da fome a Gladis tinha sinais evidentes de sarna. No entanto, apesar de todo o desconforto que tinha revelou-se muito meiga e simp\u00e1tica. Foi encaminhada para uma cl\u00ednica onde se confirmou o diagn\u00f3stico. Encontra-se a ser tratada e pode ter alta. A Gladis n\u00e3o merecia ter de entrar no canil. O tipo de sarna que tem n\u00e3o \u00e9 contagiosa pelo que pode ser tratada numa FAT.<\/h5>\n<h2><a href=\"https:\/\/abra.org.pt\/index.php\/adotar\/\">Quero adotar!<\/a><\/h2>\n<div style=\"text-align: left;\">\n<p><a title=\"Gladis\" href=\"https:\/\/www.flickr.com\/photos\/73528242@N04\/albums\/72157671559745311\" data-flickr-embed=\"true\"><img decoding=\"async\" src=\"https:\/\/live.staticflickr.com\/8888\/28698932190_a9a93f6083.jpg\" alt=\"Gladis\" width=\"200\" height=\"100\" \/><\/a><script async src=\"\/\/embedr.flickr.com\/assets\/client-code.js\" charset=\"utf-8\"><\/script><\/p>\n<style>\n  .responsive-img {<br \/>    max-width: 100%;<br \/>    height: auto;<br \/>  }<br \/><\/style>\n<\/div>\n<p><script async src=\"\/\/embedr.flickr.com\/assets\/client-code.js\" charset=\"utf-8\"><\/script><\/p>\n<style>\n  .responsive-img {<br \/>    max-width: 100%;<br \/>    height: auto;<br \/>  }<br \/><\/style>\n","protected":false},"featured_media":3202,"template":"","meta":[],"product_brand":[],"product_cat":[37,32],"product_tag":[],"class_list":{"0":"post-3201","1":"product","2":"type-product","3":"status-publish","4":"has-post-thumbnail","6":"product_cat-caes","7":"product_cat-caes-no-hotel","9":"first","10":"instock","11":"shipping-taxable","12":"product-type-simple"},"_links":{"self":[{"href":"https:\/\/abra.org.pt\/index.php\/wp-json\/wp\/v2\/product\/3201","targetHints":{"allow":["GET"]}}],"collection":[{"href":"https:\/\/abra.org.pt\/index.php\/wp-json\/wp\/v2\/product"}],"about":[{"href":"https:\/\/abra.org.pt\/index.php\/wp-json\/wp\/v2\/types\/product"}],"version-history":[{"count":2,"href":"https:\/\/abra.org.pt\/index.php\/wp-json\/wp\/v2\/product\/3201\/revisions"}],"predecessor-version":[{"id":4727,"href":"https:\/\/abra.org.pt\/index.php\/wp-json\/wp\/v2\/product\/3201\/revisions\/4727"}],"wp:featuredmedia":[{"embeddable":true,"href":"https:\/\/abra.org.pt\/index.php\/wp-json\/wp\/v2\/media\/3202"}],"wp:attachment":[{"href":"https:\/\/abra.org.pt\/index.php\/wp-json\/wp\/v2\/media?parent=3201"}],"wp:term":[{"taxonomy":"product_brand","embeddable":true,"href":"https:\/\/abra.org.pt\/index.php\/wp-json\/wp\/v2\/product_brand?post=3201"},{"taxonomy":"product_cat","embeddable":true,"href":"https:\/\/abra.org.pt\/index.php\/wp-json\/wp\/v2\/product_cat?post=3201"},{"taxonomy":"product_tag","embeddable":true,"href":"https:\/\/abra.org.pt\/index.php\/wp-json\/wp\/v2\/product_tag?post=3201"}],"curies":[{"name":"wp","href":"https:\/\/api.w.org\/{rel}","templated":true}]}}