{"id":3166,"date":"2024-02-29T17:52:08","date_gmt":"2024-02-29T17:52:08","guid":{"rendered":"https:\/\/blissful-lederberg.94-46-22-133.plesk.page\/?post_type=product&#038;p=3166"},"modified":"2024-10-06T20:07:33","modified_gmt":"2024-10-06T20:07:33","slug":"dida","status":"publish","type":"product","link":"https:\/\/abra.org.pt\/index.php\/produto\/dida\/","title":{"rendered":"Dida"},"content":{"rendered":"","protected":false},"excerpt":{"rendered":"<h3><\/h3>\n<h1><\/h1>\n<p>&nbsp;<\/p>\n<h1>Dida<\/h1>\n<p><strong>Data de entrada: 13 de janeiro 2015<\/strong><\/p>\n<h4><strong>Caracter\u00edsticas:<\/strong><\/h4>\n<h5>A Dida e os seus cachorros encontravam-se a viver num descampado sob constante amea\u00e7a de serem mortos a tiro. De forma a evitar esta trag\u00e9dia alguns particulares juntaram-se e apadrinharam esta fam\u00edlia num hotel. A situa\u00e7\u00e3o \u00e9 muito provis\u00f3ria pelo que a adop\u00e7\u00e3o ou fam\u00edlia de acolhimento que recebam os cachorros e progenitora \u00e9 muito urgente.<\/h5>\n<h2><a href=\"https:\/\/abra.org.pt\/index.php\/adotar\/\">Quero adotar!<\/a><\/h2>\n<div style=\"text-align: left;\">\n<p><a title=\"Dida\" href=\"https:\/\/www.flickr.com\/photos\/73528242@N04\/albums\/72157647951177903\" data-flickr-embed=\"true\"><img decoding=\"async\" src=\"https:\/\/live.staticflickr.com\/463\/19681303952_6baee8ae96.jpg\" alt=\"Dida\" width=\"200\" height=\"100\" \/><\/a><script async src=\"\/\/embedr.flickr.com\/assets\/client-code.js\" charset=\"utf-8\"><\/script><\/p>\n<style>\n  .responsive-img {<br \/>    max-width: 100%;<br \/>    height: auto;<br \/>  }<br \/><\/style>\n<\/div>\n<p><script async src=\"\/\/embedr.flickr.com\/assets\/client-code.js\" charset=\"utf-8\"><\/script><\/p>\n<style>\n  .responsive-img {<br \/>    max-width: 100%;<br \/>    height: auto;<br \/>  }<br \/><\/style>\n","protected":false},"featured_media":3167,"template":"","meta":[],"product_brand":[],"product_cat":[37,32],"product_tag":[],"class_list":{"0":"post-3166","1":"product","2":"type-product","3":"status-publish","4":"has-post-thumbnail","6":"product_cat-caes","7":"product_cat-caes-no-hotel","9":"first","10":"instock","11":"shipping-taxable","12":"product-type-simple"},"_links":{"self":[{"href":"https:\/\/abra.org.pt\/index.php\/wp-json\/wp\/v2\/product\/3166","targetHints":{"allow":["GET"]}}],"collection":[{"href":"https:\/\/abra.org.pt\/index.php\/wp-json\/wp\/v2\/product"}],"about":[{"href":"https:\/\/abra.org.pt\/index.php\/wp-json\/wp\/v2\/types\/product"}],"version-history":[{"count":3,"href":"https:\/\/abra.org.pt\/index.php\/wp-json\/wp\/v2\/product\/3166\/revisions"}],"predecessor-version":[{"id":4713,"href":"https:\/\/abra.org.pt\/index.php\/wp-json\/wp\/v2\/product\/3166\/revisions\/4713"}],"wp:featuredmedia":[{"embeddable":true,"href":"https:\/\/abra.org.pt\/index.php\/wp-json\/wp\/v2\/media\/3167"}],"wp:attachment":[{"href":"https:\/\/abra.org.pt\/index.php\/wp-json\/wp\/v2\/media?parent=3166"}],"wp:term":[{"taxonomy":"product_brand","embeddable":true,"href":"https:\/\/abra.org.pt\/index.php\/wp-json\/wp\/v2\/product_brand?post=3166"},{"taxonomy":"product_cat","embeddable":true,"href":"https:\/\/abra.org.pt\/index.php\/wp-json\/wp\/v2\/product_cat?post=3166"},{"taxonomy":"product_tag","embeddable":true,"href":"https:\/\/abra.org.pt\/index.php\/wp-json\/wp\/v2\/product_tag?post=3166"}],"curies":[{"name":"wp","href":"https:\/\/api.w.org\/{rel}","templated":true}]}}

<h3></h3>
<h1></h1>
<p>&nbsp;</p>
<h1>Dida</h1>
<p><strong>Data de entrada: 13 de janeiro 2015</strong></p>
<h4><strong>Características:</strong></h4>
<h5>A Dida e os seus cachorros encontravam-se a viver num descampado sob constante ameaça de serem mortos a tiro. De forma a evitar esta tragédia alguns particulares juntaram-se e apadrinharam esta família num hotel. A situação é muito provisória pelo que a adopção ou família de acolhimento que recebam os cachorros e progenitora é muito urgente.</h5>
<h2><a href="https://abra.org.pt/index.php/adotar/">Quero adotar!</a></h2>
<div style="text-align: left;">
<p><a title="Dida" href="https://www.flickr.com/photos/73528242@N04/albums/72157647951177903" data-flickr-embed="true"><img decoding="async" src="https://live.staticflickr.com/463/19681303952_6baee8ae96.jpg" alt="Dida" width="200" height="100" /></a><script async src="//embedr.flickr.com/assets/client-code.js" charset="utf-8"></script></p>
<style>
  .responsive-img {<br />    max-width: 100%;<br />    height: auto;<br />  }<br /></style>
</div>
<p><script async src="//embedr.flickr.com/assets/client-code.js" charset="utf-8"></script></p>
<style>
  .responsive-img {<br />    max-width: 100%;<br />    height: auto;<br />  }<br /></style>
