{"id":3157,"date":"2024-02-29T17:32:49","date_gmt":"2024-02-29T17:32:49","guid":{"rendered":"https:\/\/blissful-lederberg.94-46-22-133.plesk.page\/?post_type=product&#038;p=3157"},"modified":"2024-10-06T20:03:37","modified_gmt":"2024-10-06T20:03:37","slug":"eilish","status":"publish","type":"product","link":"https:\/\/abra.org.pt\/index.php\/produto\/eilish\/","title":{"rendered":"Eilish"},"content":{"rendered":"","protected":false},"excerpt":{"rendered":"<h3><\/h3>\n<h1><\/h1>\n<p>&nbsp;<\/p>\n<h1>Eilish<\/h1>\n<p><strong>Data de entrada: 8 de outubro 2014<\/strong><\/p>\n<h4><strong>Caracter\u00edsticas:<\/strong><\/h4>\n<h5>O Eilish deu entrada durante a tarde de ontem no canil. Os volunt\u00e1rios aperceberam-se que as patas traseiras estavam paralisadas. Foi, de imediato, a uma cl\u00ednica veterin\u00e1ria para ser avaliado. Fez um raio-x que n\u00e3o revelou nenhuma fractura. A paralisia poder\u00e1 dever-se \u00e0 compress\u00e3o do nervo ci\u00e1tico. O Eilish ir\u00e1 fazer um tratamento e os resultados dever\u00e3o ser vis\u00edveis dentro de 24h. Tem-se revelado um c\u00e3o muito meigo e simp\u00e1tico.<\/h5>\n<h2><a href=\"https:\/\/abra.org.pt\/index.php\/adotar\/\">Quero adotar!<\/a><\/h2>\n<div style=\"text-align: left;\">\n<p><a title=\"Eilish\" href=\"https:\/\/www.flickr.com\/photos\/73528242@N04\/albums\/72157648120271847\" data-flickr-embed=\"true\"><img decoding=\"async\" src=\"https:\/\/live.staticflickr.com\/3823\/19759176076_0435b4c1c0.jpg\" alt=\"Eilish\" width=\"200\" height=\"100\" \/><\/a><script async src=\"\/\/embedr.flickr.com\/assets\/client-code.js\" charset=\"utf-8\"><\/script><\/p>\n<style>\n  .responsive-img {<br \/>    max-width: 100%;<br \/>    height: auto;<br \/>  }<br \/><\/style>\n<\/div>\n<p><script async src=\"\/\/embedr.flickr.com\/assets\/client-code.js\" charset=\"utf-8\"><\/script><\/p>\n<style>\n  .responsive-img {<br \/>    max-width: 100%;<br \/>    height: auto;<br \/>  }<br \/><\/style>\n","protected":false},"featured_media":3158,"template":"","meta":[],"product_brand":[],"product_cat":[37,32],"product_tag":[],"class_list":{"0":"post-3157","1":"product","2":"type-product","3":"status-publish","4":"has-post-thumbnail","6":"product_cat-caes","7":"product_cat-caes-no-hotel","9":"first","10":"instock","11":"shipping-taxable","12":"product-type-simple"},"_links":{"self":[{"href":"https:\/\/abra.org.pt\/index.php\/wp-json\/wp\/v2\/product\/3157","targetHints":{"allow":["GET"]}}],"collection":[{"href":"https:\/\/abra.org.pt\/index.php\/wp-json\/wp\/v2\/product"}],"about":[{"href":"https:\/\/abra.org.pt\/index.php\/wp-json\/wp\/v2\/types\/product"}],"version-history":[{"count":2,"href":"https:\/\/abra.org.pt\/index.php\/wp-json\/wp\/v2\/product\/3157\/revisions"}],"predecessor-version":[{"id":4707,"href":"https:\/\/abra.org.pt\/index.php\/wp-json\/wp\/v2\/product\/3157\/revisions\/4707"}],"wp:featuredmedia":[{"embeddable":true,"href":"https:\/\/abra.org.pt\/index.php\/wp-json\/wp\/v2\/media\/3158"}],"wp:attachment":[{"href":"https:\/\/abra.org.pt\/index.php\/wp-json\/wp\/v2\/media?parent=3157"}],"wp:term":[{"taxonomy":"product_brand","embeddable":true,"href":"https:\/\/abra.org.pt\/index.php\/wp-json\/wp\/v2\/product_brand?post=3157"},{"taxonomy":"product_cat","embeddable":true,"href":"https:\/\/abra.org.pt\/index.php\/wp-json\/wp\/v2\/product_cat?post=3157"},{"taxonomy":"product_tag","embeddable":true,"href":"https:\/\/abra.org.pt\/index.php\/wp-json\/wp\/v2\/product_tag?post=3157"}],"curies":[{"name":"wp","href":"https:\/\/api.w.org\/{rel}","templated":true}]}}