{"id":2883,"date":"2024-02-10T17:09:58","date_gmt":"2024-02-10T17:09:58","guid":{"rendered":"https:\/\/blissful-lederberg.94-46-22-133.plesk.page\/?post_type=product&#038;p=2883"},"modified":"2024-10-06T19:50:13","modified_gmt":"2024-10-06T19:50:13","slug":"olavo","status":"publish","type":"product","link":"https:\/\/abra.org.pt\/index.php\/produto\/olavo\/","title":{"rendered":"Olavo"},"content":{"rendered":"","protected":false},"excerpt":{"rendered":"<h3><\/h3>\n<h1><\/h1>\n<p>&nbsp;<\/p>\n<h1>Olavo<\/h1>\n<p><strong>Data de entrada: 28 de janeiro 2021<\/strong><\/p>\n<h4><strong>Caracter\u00edsticas:<\/strong><\/h4>\n<h5>O Olavo entrou no canil com o Manel e o Xavier e era o mais assustado do grupo. Embora inicialmente n\u00e3o deixasse sequer p\u00f4r a trela, a 22 de abril 2022 verifica-se que o Olavo evoluiu bastante e j\u00e1 aprecia passeios \u00e0 trela. Continua a ser um c\u00e3ozinho reservado que n\u00e3o procura contacto humano, mas \u00e9 calmo e soci\u00e1vel com outros c\u00e3es.<\/h5>\n<h2><a href=\"https:\/\/abra.org.pt\/index.php\/adotar\/\">Quero adotar!<\/a><\/h2>\n<div style=\"text-align: left;\">\n<p><a title=\"Olavo 0\" href=\"https:\/\/www.flickr.com\/photos\/73528242@N04\/albums\/72157718074191353\/\" data-flickr-embed=\"true\"><img decoding=\"async\" src=\"https:\/\/live.staticflickr.com\/65535\/50885380566_9a3be4d1ec_c.jpg\" alt=\"Olavo 0\" width=\"200\" height=\"100\" \/><\/a><script async src=\"\/\/embedr.flickr.com\/assets\/client-code.js\" charset=\"utf-8\"><\/script><\/p>\n<style>\n  .responsive-img {<br \/>    max-width: 100%;<br \/>    height: auto;<br \/>  }<br \/><\/style>\n<\/div>\n<p><script async src=\"\/\/embedr.flickr.com\/assets\/client-code.js\" charset=\"utf-8\"><\/script><\/p>\n<style>\n  .responsive-img {<br \/>    max-width: 100%;<br \/>    height: auto;<br \/>  }<br \/><\/style>\n","protected":false},"featured_media":3238,"template":"","meta":[],"product_brand":[],"product_cat":[37,28],"product_tag":[],"class_list":{"0":"post-2883","1":"product","2":"type-product","3":"status-publish","4":"has-post-thumbnail","6":"product_cat-caes","7":"product_cat-caesnocro","9":"first","10":"instock","11":"shipping-taxable","12":"product-type-simple"},"_links":{"self":[{"href":"https:\/\/abra.org.pt\/index.php\/wp-json\/wp\/v2\/product\/2883","targetHints":{"allow":["GET"]}}],"collection":[{"href":"https:\/\/abra.org.pt\/index.php\/wp-json\/wp\/v2\/product"}],"about":[{"href":"https:\/\/abra.org.pt\/index.php\/wp-json\/wp\/v2\/types\/product"}],"version-history":[{"count":12,"href":"https:\/\/abra.org.pt\/index.php\/wp-json\/wp\/v2\/product\/2883\/revisions"}],"predecessor-version":[{"id":4684,"href":"https:\/\/abra.org.pt\/index.php\/wp-json\/wp\/v2\/product\/2883\/revisions\/4684"}],"wp:featuredmedia":[{"embeddable":true,"href":"https:\/\/abra.org.pt\/index.php\/wp-json\/wp\/v2\/media\/3238"}],"wp:attachment":[{"href":"https:\/\/abra.org.pt\/index.php\/wp-json\/wp\/v2\/media?parent=2883"}],"wp:term":[{"taxonomy":"product_brand","embeddable":true,"href":"https:\/\/abra.org.pt\/index.php\/wp-json\/wp\/v2\/product_brand?post=2883"},{"taxonomy":"product_cat","embeddable":true,"href":"https:\/\/abra.org.pt\/index.php\/wp-json\/wp\/v2\/product_cat?post=2883"},{"taxonomy":"product_tag","embeddable":true,"href":"https:\/\/abra.org.pt\/index.php\/wp-json\/wp\/v2\/product_tag?post=2883"}],"curies":[{"name":"wp","href":"https:\/\/api.w.org\/{rel}","templated":true}]}}

<h3></h3>
<h1></h1>
<p>&nbsp;</p>
<h1>Olavo</h1>
<p><strong>Data de entrada: 28 de janeiro 2021</strong></p>
<h4><strong>Características:</strong></h4>
<h5>O Olavo entrou no canil com o Manel e o Xavier e era o mais assustado do grupo. Embora inicialmente não deixasse sequer pôr a trela, a 22 de abril 2022 verifica-se que o Olavo evoluiu bastante e já aprecia passeios à trela. Continua a ser um cãozinho reservado que não procura contacto humano, mas é calmo e sociável com outros cães.</h5>
<h2><a href="https://abra.org.pt/index.php/adotar/">Quero adotar!</a></h2>
<div style="text-align: left;">
<p><a title="Olavo 0" href="https://www.flickr.com/photos/73528242@N04/albums/72157718074191353/" data-flickr-embed="true"><img decoding="async" src="https://live.staticflickr.com/65535/50885380566_9a3be4d1ec_c.jpg" alt="Olavo 0" width="200" height="100" /></a><script async src="//embedr.flickr.com/assets/client-code.js" charset="utf-8"></script></p>
<style>
  .responsive-img {<br />    max-width: 100%;<br />    height: auto;<br />  }<br /></style>
</div>
<p><script async src="//embedr.flickr.com/assets/client-code.js" charset="utf-8"></script></p>
<style>
  .responsive-img {<br />    max-width: 100%;<br />    height: auto;<br />  }<br /></style>
