{"id":10175,"date":"2026-09-01T21:15:56","date_gmt":"2026-09-01T21:15:56","guid":{"rendered":"https:\/\/abra.org.pt\/?post_type=product&#038;p=10175"},"modified":"2026-09-02T10:22:41","modified_gmt":"2026-09-02T10:22:41","slug":"milena","status":"publish","type":"product","link":"https:\/\/abra.org.pt\/index.php\/produto\/milena\/","title":{"rendered":"Milena"},"content":{"rendered":"","protected":false},"excerpt":{"rendered":"<h3><\/h3>\n<h1><\/h1>\n<p>&nbsp;<\/p>\n<h2 class=\"itemTitle\">Milena<\/h2>\n<h2 class=\"itemTitle\"><strong style=\"font-size: 16px;\">Data de entrada: 8 de julho de 2026<\/strong><\/h2>\n<h4><strong>Caracter\u00edsticas:<\/strong><\/h4>\n<h5>A Milena deu entrada ainda dependente com os seus irm\u00e3os Bello e Ulisses, tendo seguido para uma Fam\u00edlia de Acolhimento Tempor\u00e1rio, onde permanece enquanto aguarda pela sua Fam\u00edlia Para Sempre. \u00c9 uma gatinha juvenil e tranquila que promete encher de alegria a casa que a vir crescer.<\/h5>\n<h2><a href=\"https:\/\/abra.org.pt\/index.php\/adotar\/\">Quero adotar!<\/a><\/h2>\n<div style=\"text-align: left;\">\n<p><a title=\"Milena\" href=\"https:\/\/www.flickr.com\/photos\/73528242@N04\/albums\/72177720335411666\" data-flickr-embed=\"true\"><img decoding=\"async\" src=\"https:\/\/live.staticflickr.com\/65535\/55502958033_50f7c0212a_z.jpg\" alt=\"Milena\" width=\"200\" height=\"100\" \/><\/a><script async src=\"\/\/embedr.flickr.com\/assets\/client-code.js\" charset=\"utf-8\"><\/script><\/p>\n<\/div>\n","protected":false},"featured_media":10176,"template":"","meta":[],"product_brand":[],"product_cat":[38,33,36],"product_tag":[],"class_list":["post-10175","product","type-product","status-publish","has-post-thumbnail","product_cat-gatos","product_cat-gatos-em-fat","product_cat-ultimas-entradas","first","instock","shipping-taxable","product-type-simple"],"_links":{"self":[{"href":"https:\/\/abra.org.pt\/index.php\/wp-json\/wp\/v2\/product\/10175","targetHints":{"allow":["GET"]}}],"collection":[{"href":"https:\/\/abra.org.pt\/index.php\/wp-json\/wp\/v2\/product"}],"about":[{"href":"https:\/\/abra.org.pt\/index.php\/wp-json\/wp\/v2\/types\/product"}],"version-history":[{"count":6,"href":"https:\/\/abra.org.pt\/index.php\/wp-json\/wp\/v2\/product\/10175\/revisions"}],"predecessor-version":[{"id":10191,"href":"https:\/\/abra.org.pt\/index.php\/wp-json\/wp\/v2\/product\/10175\/revisions\/10191"}],"wp:featuredmedia":[{"embeddable":true,"href":"https:\/\/abra.org.pt\/index.php\/wp-json\/wp\/v2\/media\/10176"}],"wp:attachment":[{"href":"https:\/\/abra.org.pt\/index.php\/wp-json\/wp\/v2\/media?parent=10175"}],"wp:term":[{"taxonomy":"product_brand","embeddable":true,"href":"https:\/\/abra.org.pt\/index.php\/wp-json\/wp\/v2\/product_brand?post=10175"},{"taxonomy":"product_cat","embeddable":true,"href":"https:\/\/abra.org.pt\/index.php\/wp-json\/wp\/v2\/product_cat?post=10175"},{"taxonomy":"product_tag","embeddable":true,"href":"https:\/\/abra.org.pt\/index.php\/wp-json\/wp\/v2\/product_tag?post=10175"}],"curies":[{"name":"wp","href":"https:\/\/api.w.org\/{rel}","templated":true}]}}

<h3></h3>
<h1></h1>
<p>&nbsp;</p>
<h2 class="itemTitle">Milena</h2>
<h2 class="itemTitle"><strong style="font-size: 16px;">Data de entrada: 8 de julho de 2026</strong></h2>
<h4><strong>Características:</strong></h4>
<h5>A Milena deu entrada ainda dependente com os seus irmãos Bello e Ulisses, tendo seguido para uma Família de Acolhimento Temporário, onde permanece enquanto aguarda pela sua Família Para Sempre. É uma gatinha juvenil e tranquila que promete encher de alegria a casa que a vir crescer.</h5>
<h2><a href="https://abra.org.pt/index.php/adotar/">Quero adotar!</a></h2>
<div style="text-align: left;">
<p><a title="Milena" href="https://www.flickr.com/photos/73528242@N04/albums/72177720335411666" data-flickr-embed="true"><img decoding="async" src="https://live.staticflickr.com/65535/55502958033_50f7c0212a_z.jpg" alt="Milena" width="200" height="100" /></a><script async src="//embedr.flickr.com/assets/client-code.js" charset="utf-8"></script></p>
</div>
