{"id":43,"date":"2023-07-29T16:09:46","date_gmt":"2023-07-29T16:09:46","guid":{"rendered":"https:\/\/blissful-lederberg.94-46-22-133.plesk.page\/?page_id=43"},"modified":"2024-05-09T22:18:52","modified_gmt":"2024-05-09T22:18:52","slug":"noticias","status":"publish","type":"page","link":"https:\/\/abra.org.pt\/index.php\/noticias\/","title":{"rendered":"Not\u00edcias e Comunicados"},"content":{"rendered":"\t\t<div data-elementor-type=\"wp-page\" data-elementor-id=\"43\" class=\"elementor elementor-43\">\n\t\t\t\t\t\t<section class=\"elementor-section elementor-top-section elementor-element elementor-element-459eb814 elementor-section-boxed elementor-section-height-default elementor-section-height-default wpr-particle-no wpr-sticky-section-no\" data-id=\"459eb814\" data-element_type=\"section\">\n\t\t\t\t\t\t<div class=\"elementor-container elementor-column-gap-default\">\n\t\t\t\t\t<div class=\"elementor-column elementor-col-100 elementor-top-column elementor-element elementor-element-12fc9df3\" data-id=\"12fc9df3\" data-element_type=\"column\">\n\t\t\t<div class=\"elementor-widget-wrap\">\n\t\t\t\t\t\t\t<\/div>\n\t\t<\/div>\n\t\t\t\t\t<\/div>\n\t\t<\/section>\n\t\t\t\t<section class=\"elementor-section elementor-top-section elementor-element elementor-element-509e250e elementor-section-full_width elementor-section-height-default elementor-section-height-default wpr-particle-no wpr-sticky-section-no\" data-id=\"509e250e\" data-element_type=\"section\">\n\t\t\t\t\t\t<div class=\"elementor-container elementor-column-gap-default\">\n\t\t\t\t\t<div class=\"elementor-column elementor-col-100 elementor-top-column elementor-element elementor-element-82a71ad\" data-id=\"82a71ad\" data-element_type=\"column\">\n\t\t\t<div class=\"elementor-widget-wrap elementor-element-populated\">\n\t\t\t\t\t\t<div class=\"elementor-element elementor-element-6ce5233c elementor-widget elementor-widget-spacer\" data-id=\"6ce5233c\" data-element_type=\"widget\" data-widget_type=\"spacer.default\">\n\t\t\t\t<div class=\"elementor-widget-container\">\n\t\t\t\t\t\t\t<div class=\"elementor-spacer\">\n\t\t\t<div class=\"elementor-spacer-inner\"><\/div>\n\t\t<\/div>\n\t\t\t\t\t\t<\/div>\n\t\t\t\t<\/div>\n\t\t\t\t<div class=\"elementor-element elementor-element-29bc9d43 elementor-widget elementor-widget-heading\" data-id=\"29bc9d43\" data-element_type=\"widget\" data-widget_type=\"heading.default\">\n\t\t\t\t<div class=\"elementor-widget-container\">\n\t\t\t\t\t<h2 class=\"elementor-heading-title elementor-size-default\">Not\u00edcias e Comunicados<\/h2>\t\t\t\t<\/div>\n\t\t\t\t<\/div>\n\t\t\t\t<div class=\"elementor-element elementor-element-7cfcbc0c elementor-widget elementor-widget-spacer\" data-id=\"7cfcbc0c\" data-element_type=\"widget\" data-widget_type=\"spacer.default\">\n\t\t\t\t<div class=\"elementor-widget-container\">\n\t\t\t\t\t\t\t<div class=\"elementor-spacer\">\n\t\t\t<div class=\"elementor-spacer-inner\"><\/div>\n\t\t<\/div>\n\t\t\t\t\t\t<\/div>\n\t\t\t\t<\/div>\n\t\t\t\t\t<\/div>\n\t\t<\/div>\n\t\t\t\t\t<\/div>\n\t\t<\/section>\n\t\t\t\t<section class=\"elementor-section elementor-top-section elementor-element elementor-element-4b06fa8 elementor-section-boxed elementor-section-height-default elementor-section-height-default wpr-particle-no wpr-sticky-section-no\" data-id=\"4b06fa8\" data-element_type=\"section\">\n\t\t\t\t\t\t<div class=\"elementor-container elementor-column-gap-default\">\n\t\t\t\t\t<div class=\"elementor-column elementor-col-100 elementor-top-column elementor-element elementor-element-7222861\" data-id=\"7222861\" data-element_type=\"column\">\n\t\t\t<div class=\"elementor-widget-wrap elementor-element-populated\">\n\t\t\t\t\t\t<div class=\"elementor-element elementor-element-0fc12c2 wpr-grid-columns-3 wpr-grid-columns--tablet2 wpr-grid-columns--mobile1 wpr-grid-pagination-center wpr-item-styles-inner elementor-widget elementor-widget-wpr-grid\" data-id=\"0fc12c2\" data-element_type=\"widget\" data-widget_type=\"wpr-grid.default\">\n\t\t\t\t<div class=\"elementor-widget-container\">\n\t\t\t\t\t<ul class=\"wpr-grid-filters elementor-clearfix wpr-grid-filters-sep-right\"><li class=\" wpr-pointer-none wpr-pointer-line-fx wpr-pointer-fx-fade\"><span  data-filter=\"*\" class=\"wpr-grid-filters-item wpr-active-filter \"><i class=\" wpr-grid-filters-icon-left\"><\/i>Todos<\/span><em class=\"wpr-grid-filters-sep\"><\/em><\/li><li class=\" wpr-pointer-none wpr-pointer-line-fx wpr-pointer-fx-fade\"><span   data-ajax-filter=[\"category\",\"comunicados\"]  data-filter=\".category-comunicados\"><i class=\" wpr-grid-filters-icon-left\"><\/i>Comunicados<\/span><em class=\"wpr-grid-filters-sep\"><\/em><\/li><li class=\" wpr-pointer-none wpr-pointer-line-fx wpr-pointer-fx-fade\"><span   data-ajax-filter=[\"category\",\"noticias\"]  data-filter=\".category-noticias\"><i class=\" wpr-grid-filters-icon-left\"><\/i>Not\u00edcias<\/span><em class=\"wpr-grid-filters-sep\"><\/em><\/li><\/ul><section class=\"wpr-grid elementor-clearfix\" data-settings=\"{&quot;layout&quot;:&quot;masonry&quot;,&quot;stick_last_element_to_bottom&quot;:&quot;no&quot;,&quot;columns_desktop&quot;:3,&quot;gutter_hr&quot;:64,&quot;gutter_hr_mobile&quot;:64,&quot;gutter_hr_mobile_extra&quot;:64,&quot;gutter_hr_tablet&quot;:64,&quot;gutter_hr_tablet_extra&quot;:64,&quot;gutter_hr_laptop&quot;:64,&quot;gutter_hr_widescreen&quot;:64,&quot;gutter_vr&quot;:15,&quot;gutter_vr_mobile&quot;:15,&quot;gutter_vr_mobile_extra&quot;:15,&quot;gutter_vr_tablet&quot;:15,&quot;gutter_vr_tablet_extra&quot;:15,&quot;gutter_vr_laptop&quot;:15,&quot;gutter_vr_widescreen&quot;:15,&quot;animation&quot;:&quot;default&quot;,&quot;animation_duration&quot;:0.299999999999999988897769753748434595763683319091796875,&quot;animation_delay&quot;:0.1000000000000000055511151231257827021181583404541015625,&quot;deeplinking&quot;:&quot;no&quot;,&quot;filters_linkable&quot;:&quot;&quot;,&quot;filters_default_filter&quot;:&quot;&quot;,&quot;filters_count&quot;:&quot;no&quot;,&quot;filters_hide_empty&quot;:&quot;&quot;,&quot;filters_animation&quot;:&quot;default&quot;,&quot;filters_animation_duration&quot;:0.299999999999999988897769753748434595763683319091796875,&quot;filters_animation_delay&quot;:0.1000000000000000055511151231257827021181583404541015625,&quot;pagination_type&quot;:&quot;load-more&quot;,&quot;pagination_max_pages&quot;:1,&quot;lightbox&quot;:{&quot;selector&quot;:&quot;.wpr-grid-image-wrap&quot;,&quot;iframeMaxWidth&quot;:&quot;60%&quot;,&quot;hash&quot;:false,&quot;autoplay&quot;:&quot;true&quot;,&quot;pause&quot;:5000,&quot;progressBar&quot;:&quot;true&quot;,&quot;counter&quot;:&quot;true&quot;,&quot;controls&quot;:&quot;true&quot;,&quot;getCaptionFromTitleOrAlt&quot;:&quot;true&quot;,&quot;thumbnail&quot;:&quot;true&quot;,&quot;showThumbByDefault&quot;:&quot;true&quot;,&quot;share&quot;:&quot;true&quot;,&quot;zoom&quot;:&quot;true&quot;,&quot;fullScreen&quot;:&quot;true&quot;,&quot;download&quot;:&quot;true&quot;}}\"><article class=\"wpr-grid-item elementor-clearfix post-6148 post type-post status-publish format-standard hentry category-noticias\"><div class=\"wpr-grid-item-inner\"><div class=\"wpr-grid-item-below-content elementor-clearfix\"><h2 class=\"wpr-grid-item-title elementor-repeater-item-615846c wpr-grid-item-display-block wpr-grid-item-align-left wpr-pointer-none wpr-pointer-line-fx wpr-pointer-fx-slide\"><div class=\"inner-block\"><a target=\"_self\"  href=\"https:\/\/abra.org.pt\/index.php\/2024\/12\/09\/abra-recebe-medalha-de-prata-da-cidade-de-braga\/\">Um reconhecimento pelo trabalho da nossa associa\u00e7\u00e3o<\/a><\/div><\/h2><div class=\"wpr-grid-item-date elementor-repeater-item-a0521b1 wpr-grid-item-display-inline wpr-grid-item-align-left\"><div class=\"inner-block\"><span>Dezembro 9, 2024<span class=\"wpr-grid-extra-text-right\">\/<\/span><\/span><\/div><\/div><div class=\"wpr-grid-item-excerpt elementor-repeater-item-2765264 wpr-grid-item-display-block wpr-grid-item-align-left\"><div class=\"inner-block\"><p>ABRA recebe Medalha de Prata da Cidade de Braga.<\/p><\/div><\/div><div class=\"wpr-grid-item-read-more elementor-repeater-item-85d2680 wpr-grid-item-display-block wpr-grid-item-align-left\"><div class=\"inner-block\"><a target=\"_self\" href=\"https:\/\/abra.org.pt\/index.php\/2024\/12\/09\/abra-recebe-medalha-de-prata-da-cidade-de-braga\/\" class=\"wpr-button-effect wpr-button-none\"><span>Ler mais<\/span><\/a><\/div><\/div><\/div><\/div><\/article><article class=\"wpr-grid-item elementor-clearfix post-1150 post type-post status-publish format-standard hentry category-comunicados\"><div class=\"wpr-grid-item-inner\"><div class=\"wpr-grid-item-below-content elementor-clearfix\"><h2 class=\"wpr-grid-item-title elementor-repeater-item-615846c wpr-grid-item-display-block wpr-grid-item-align-left wpr-pointer-none wpr-pointer-line-fx wpr-pointer-fx-slide\"><div class=\"inner-block\"><a target=\"_self\"  href=\"https:\/\/abra.org.pt\/index.php\/2023\/10\/08\/comunicado\/\">Cuidado com a lagarta do pinheiro<\/a><\/div><\/h2><div class=\"wpr-grid-item-date elementor-repeater-item-a0521b1 wpr-grid-item-display-inline wpr-grid-item-align-left\"><div class=\"inner-block\"><span>Outubro 8, 2023<span class=\"wpr-grid-extra-text-right\">\/<\/span><\/span><\/div><\/div><div class=\"wpr-grid-item-excerpt elementor-repeater-item-2765264 wpr-grid-item-display-block wpr-grid-item-align-left\"><div class=\"inner-block\"><p>Uma praga presente no nosso pa\u00eds que carece de especial aten\u00e7\u00e3o entre os meses de Janeiro e Maio.<\/p><\/div><\/div><div class=\"wpr-grid-item-read-more elementor-repeater-item-85d2680 wpr-grid-item-display-block wpr-grid-item-align-left\"><div class=\"inner-block\"><a target=\"_self\" href=\"https:\/\/abra.org.pt\/index.php\/2023\/10\/08\/comunicado\/\" class=\"wpr-button-effect wpr-button-none\"><span>Ler mais<\/span><\/a><\/div><\/div><\/div><\/div><\/article><article class=\"wpr-grid-item elementor-clearfix post-1075 post type-post status-publish format-standard hentry category-noticias\"><div class=\"wpr-grid-item-inner\"><div class=\"wpr-grid-item-below-content elementor-clearfix\"><h2 class=\"wpr-grid-item-title elementor-repeater-item-615846c wpr-grid-item-display-block wpr-grid-item-align-left wpr-pointer-none wpr-pointer-line-fx wpr-pointer-fx-slide\"><div class=\"inner-block\"><a target=\"_self\"  href=\"https:\/\/abra.org.pt\/index.php\/2023\/10\/07\/voluntario-por-um-dia\/\">Dia do C\u00e3o<\/a><\/div><\/h2><div class=\"wpr-grid-item-date elementor-repeater-item-a0521b1 wpr-grid-item-display-inline wpr-grid-item-align-left\"><div class=\"inner-block\"><span>Outubro 7, 2023<span class=\"wpr-grid-extra-text-right\">\/<\/span><\/span><\/div><\/div><div class=\"wpr-grid-item-excerpt elementor-repeater-item-2765264 wpr-grid-item-display-block wpr-grid-item-align-left\"><div class=\"inner-block\"><p>Fomos comemorar o Dia do C\u00e3o \u00e0 institui\u00e7\u00e3o FelizMenteLar e levamos uma surpresa para os residentes do espa\u00e7o.<\/p><\/div><\/div><div class=\"wpr-grid-item-read-more elementor-repeater-item-85d2680 wpr-grid-item-display-block wpr-grid-item-align-left\"><div class=\"inner-block\"><a target=\"_self\" href=\"https:\/\/abra.org.pt\/index.php\/2023\/10\/07\/voluntario-por-um-dia\/\" class=\"wpr-button-effect wpr-button-none\"><span>Ler mais<\/span><\/a><\/div><\/div><\/div><\/div><\/article><\/section>\t\t\t\t<\/div>\n\t\t\t\t<\/div>\n\t\t\t\t\t<\/div>\n\t\t<\/div>\n\t\t\t\t\t<\/div>\n\t\t<\/section>\n\t\t\t\t<\/div>\n\t\t","protected":false},"excerpt":{"rendered":"<p>Not\u00edcias e Comunicados Todos Comunicados Not\u00edcias Comunicado October 8, 2023\/ Comunicado Quinta, 15 de Agosto de 2019 O Presidente da Mesa da Assembleia Geral da ABRA \u2013 Associa\u00e7\u00e3o Bracarense dos&hellip; Ler mais Volunt\u00e1rio por um dia October 7, 2023\/ Volunt\u00e1rio por um dia Quarta, 20 Janeiro 2016 No passado dia 16, a ABRA recebeu um grupo de amigos que&hellip; Ler mais<\/p>\n","protected":false},"author":1,"featured_media":0,"parent":0,"menu_order":0,"comment_status":"closed","ping_status":"closed","template":"","meta":{"footnotes":""},"class_list":["post-43","page","type-page","status-publish","hentry"],"_links":{"self":[{"href":"https:\/\/abra.org.pt\/index.php\/wp-json\/wp\/v2\/pages\/43","targetHints":{"allow":["GET"]}}],"collection":[{"href":"https:\/\/abra.org.pt\/index.php\/wp-json\/wp\/v2\/pages"}],"about":[{"href":"https:\/\/abra.org.pt\/index.php\/wp-json\/wp\/v2\/types\/page"}],"author":[{"embeddable":true,"href":"https:\/\/abra.org.pt\/index.php\/wp-json\/wp\/v2\/users\/1"}],"replies":[{"embeddable":true,"href":"https:\/\/abra.org.pt\/index.php\/wp-json\/wp\/v2\/comments?post=43"}],"version-history":[{"count":31,"href":"https:\/\/abra.org.pt\/index.php\/wp-json\/wp\/v2\/pages\/43\/revisions"}],"predecessor-version":[{"id":2780,"href":"https:\/\/abra.org.pt\/index.php\/wp-json\/wp\/v2\/pages\/43\/revisions\/2780"}],"wp:attachment":[{"href":"https:\/\/abra.org.pt\/index.php\/wp-json\/wp\/v2\/media?parent=43"}],"curies":[{"name":"wp","href":"https:\/\/api.w.org\/{rel}","templated":true}]}}

Notícias e Comunicados

<div data-elementor-type="wp-page" data-elementor-id="43" class="elementor elementor-43">
						<section class="elementor-section elementor-top-section elementor-element elementor-element-459eb814 elementor-section-boxed elementor-section-height-default elementor-section-height-default wpr-particle-no wpr-sticky-section-no" data-id="459eb814" data-element_type="section">
						<div class="elementor-container elementor-column-gap-default">
					<div class="elementor-column elementor-col-100 elementor-top-column elementor-element elementor-element-12fc9df3" data-id="12fc9df3" data-element_type="column">
			<div class="elementor-widget-wrap">
							</div>
		</div>
					</div>
		</section>
				<section class="elementor-section elementor-top-section elementor-element elementor-element-509e250e elementor-section-full_width elementor-section-height-default elementor-section-height-default wpr-particle-no wpr-sticky-section-no" data-id="509e250e" data-element_type="section">
						<div class="elementor-container elementor-column-gap-default">
					<div class="elementor-column elementor-col-100 elementor-top-column elementor-element elementor-element-82a71ad" data-id="82a71ad" data-element_type="column">
			<div class="elementor-widget-wrap elementor-element-populated">
						<div class="elementor-element elementor-element-6ce5233c elementor-widget elementor-widget-spacer" data-id="6ce5233c" data-element_type="widget" data-widget_type="spacer.default">
				<div class="elementor-widget-container">
							<div class="elementor-spacer">
			<div class="elementor-spacer-inner"></div>
		</div>
						</div>
				</div>
				<div class="elementor-element elementor-element-29bc9d43 elementor-widget elementor-widget-heading" data-id="29bc9d43" data-element_type="widget" data-widget_type="heading.default">
				<div class="elementor-widget-container">
					<h2 class="elementor-heading-title elementor-size-default">Notícias e Comunicados</h2>				</div>
				</div>
				<div class="elementor-element elementor-element-7cfcbc0c elementor-widget elementor-widget-spacer" data-id="7cfcbc0c" data-element_type="widget" data-widget_type="spacer.default">
				<div class="elementor-widget-container">
							<div class="elementor-spacer">
			<div class="elementor-spacer-inner"></div>
		</div>
						</div>
				</div>
					</div>
		</div>
					</div>
		</section>
				<section class="elementor-section elementor-top-section elementor-element elementor-element-4b06fa8 elementor-section-boxed elementor-section-height-default elementor-section-height-default wpr-particle-no wpr-sticky-section-no" data-id="4b06fa8" data-element_type="section">
						<div class="elementor-container elementor-column-gap-default">
					<div class="elementor-column elementor-col-100 elementor-top-column elementor-element elementor-element-7222861" data-id="7222861" data-element_type="column">
			<div class="elementor-widget-wrap elementor-element-populated">
						<div class="elementor-element elementor-element-0fc12c2 wpr-grid-columns-3 wpr-grid-columns--tablet2 wpr-grid-columns--mobile1 wpr-grid-pagination-center wpr-item-styles-inner elementor-widget elementor-widget-wpr-grid" data-id="0fc12c2" data-element_type="widget" data-widget_type="wpr-grid.default">
				<div class="elementor-widget-container">
					<ul class="wpr-grid-filters elementor-clearfix wpr-grid-filters-sep-right"><li class=" wpr-pointer-none wpr-pointer-line-fx wpr-pointer-fx-fade"><span  data-filter="*" class="wpr-grid-filters-item wpr-active-filter "><i class=" wpr-grid-filters-icon-left"></i>Todos</span><em class="wpr-grid-filters-sep"></em></li><li class=" wpr-pointer-none wpr-pointer-line-fx wpr-pointer-fx-fade"><span   data-ajax-filter=["category","comunicados"]  data-filter=".category-comunicados"><i class=" wpr-grid-filters-icon-left"></i>Comunicados</span><em class="wpr-grid-filters-sep"></em></li><li class=" wpr-pointer-none wpr-pointer-line-fx wpr-pointer-fx-fade"><span   data-ajax-filter=["category","noticias"]  data-filter=".category-noticias"><i class=" wpr-grid-filters-icon-left"></i>Notícias</span><em class="wpr-grid-filters-sep"></em></li></ul><section class="wpr-grid elementor-clearfix" data-settings="{&quot;layout&quot;:&quot;masonry&quot;,&quot;stick_last_element_to_bottom&quot;:&quot;no&quot;,&quot;columns_desktop&quot;:3,&quot;gutter_hr&quot;:64,&quot;gutter_hr_mobile&quot;:64,&quot;gutter_hr_mobile_extra&quot;:64,&quot;gutter_hr_tablet&quot;:64,&quot;gutter_hr_tablet_extra&quot;:64,&quot;gutter_hr_laptop&quot;:64,&quot;gutter_hr_widescreen&quot;:64,&quot;gutter_vr&quot;:15,&quot;gutter_vr_mobile&quot;:15,&quot;gutter_vr_mobile_extra&quot;:15,&quot;gutter_vr_tablet&quot;:15,&quot;gutter_vr_tablet_extra&quot;:15,&quot;gutter_vr_laptop&quot;:15,&quot;gutter_vr_widescreen&quot;:15,&quot;animation&quot;:&quot;default&quot;,&quot;animation_duration&quot;:0.299999999999999988897769753748434595763683319091796875,&quot;animation_delay&quot;:0.1000000000000000055511151231257827021181583404541015625,&quot;deeplinking&quot;:&quot;no&quot;,&quot;filters_linkable&quot;:&quot;&quot;,&quot;filters_default_filter&quot;:&quot;&quot;,&quot;filters_count&quot;:&quot;no&quot;,&quot;filters_hide_empty&quot;:&quot;&quot;,&quot;filters_animation&quot;:&quot;default&quot;,&quot;filters_animation_duration&quot;:0.299999999999999988897769753748434595763683319091796875,&quot;filters_animation_delay&quot;:0.1000000000000000055511151231257827021181583404541015625,&quot;pagination_type&quot;:&quot;load-more&quot;,&quot;pagination_max_pages&quot;:1,&quot;lightbox&quot;:{&quot;selector&quot;:&quot;.wpr-grid-image-wrap&quot;,&quot;iframeMaxWidth&quot;:&quot;60%&quot;,&quot;hash&quot;:false,&quot;autoplay&quot;:&quot;true&quot;,&quot;pause&quot;:5000,&quot;progressBar&quot;:&quot;true&quot;,&quot;counter&quot;:&quot;true&quot;,&quot;controls&quot;:&quot;true&quot;,&quot;getCaptionFromTitleOrAlt&quot;:&quot;true&quot;,&quot;thumbnail&quot;:&quot;true&quot;,&quot;showThumbByDefault&quot;:&quot;true&quot;,&quot;share&quot;:&quot;true&quot;,&quot;zoom&quot;:&quot;true&quot;,&quot;fullScreen&quot;:&quot;true&quot;,&quot;download&quot;:&quot;true&quot;}}"><article class="wpr-grid-item elementor-clearfix post-6148 post type-post status-publish format-standard hentry category-noticias"><div class="wpr-grid-item-inner"><div class="wpr-grid-item-below-content elementor-clearfix"><h2 class="wpr-grid-item-title elementor-repeater-item-615846c wpr-grid-item-display-block wpr-grid-item-align-left wpr-pointer-none wpr-pointer-line-fx wpr-pointer-fx-slide"><div class="inner-block"><a target="_self"  href="https://abra.org.pt/index.php/2024/12/09/abra-recebe-medalha-de-prata-da-cidade-de-braga/">Um reconhecimento pelo trabalho da nossa associação</a></div></h2><div class="wpr-grid-item-date elementor-repeater-item-a0521b1 wpr-grid-item-display-inline wpr-grid-item-align-left"><div class="inner-block"><span>Dezembro 9, 2024<span class="wpr-grid-extra-text-right">/</span></span></div></div><div class="wpr-grid-item-excerpt elementor-repeater-item-2765264 wpr-grid-item-display-block wpr-grid-item-align-left"><div class="inner-block"><p>ABRA recebe Medalha de Prata da Cidade de Braga.</p></div></div><div class="wpr-grid-item-read-more elementor-repeater-item-85d2680 wpr-grid-item-display-block wpr-grid-item-align-left"><div class="inner-block"><a target="_self" href="https://abra.org.pt/index.php/2024/12/09/abra-recebe-medalha-de-prata-da-cidade-de-braga/" class="wpr-button-effect wpr-button-none"><span>Ler mais</span></a></div></div></div></div></article><article class="wpr-grid-item elementor-clearfix post-1150 post type-post status-publish format-standard hentry category-comunicados"><div class="wpr-grid-item-inner"><div class="wpr-grid-item-below-content elementor-clearfix"><h2 class="wpr-grid-item-title elementor-repeater-item-615846c wpr-grid-item-display-block wpr-grid-item-align-left wpr-pointer-none wpr-pointer-line-fx wpr-pointer-fx-slide"><div class="inner-block"><a target="_self"  href="https://abra.org.pt/index.php/2023/10/08/comunicado/">Cuidado com a lagarta do pinheiro</a></div></h2><div class="wpr-grid-item-date elementor-repeater-item-a0521b1 wpr-grid-item-display-inline wpr-grid-item-align-left"><div class="inner-block"><span>Outubro 8, 2023<span class="wpr-grid-extra-text-right">/</span></span></div></div><div class="wpr-grid-item-excerpt elementor-repeater-item-2765264 wpr-grid-item-display-block wpr-grid-item-align-left"><div class="inner-block"><p>Uma praga presente no nosso país que carece de especial atenção entre os meses de Janeiro e Maio.</p></div></div><div class="wpr-grid-item-read-more elementor-repeater-item-85d2680 wpr-grid-item-display-block wpr-grid-item-align-left"><div class="inner-block"><a target="_self" href="https://abra.org.pt/index.php/2023/10/08/comunicado/" class="wpr-button-effect wpr-button-none"><span>Ler mais</span></a></div></div></div></div></article><article class="wpr-grid-item elementor-clearfix post-1075 post type-post status-publish format-standard hentry category-noticias"><div class="wpr-grid-item-inner"><div class="wpr-grid-item-below-content elementor-clearfix"><h2 class="wpr-grid-item-title elementor-repeater-item-615846c wpr-grid-item-display-block wpr-grid-item-align-left wpr-pointer-none wpr-pointer-line-fx wpr-pointer-fx-slide"><div class="inner-block"><a target="_self"  href="https://abra.org.pt/index.php/2023/10/07/voluntario-por-um-dia/">Dia do Cão</a></div></h2><div class="wpr-grid-item-date elementor-repeater-item-a0521b1 wpr-grid-item-display-inline wpr-grid-item-align-left"><div class="inner-block"><span>Outubro 7, 2023<span class="wpr-grid-extra-text-right">/</span></span></div></div><div class="wpr-grid-item-excerpt elementor-repeater-item-2765264 wpr-grid-item-display-block wpr-grid-item-align-left"><div class="inner-block"><p>Fomos comemorar o Dia do Cão à instituição FelizMenteLar e levamos uma surpresa para os residentes do espaço.</p></div></div><div class="wpr-grid-item-read-more elementor-repeater-item-85d2680 wpr-grid-item-display-block wpr-grid-item-align-left"><div class="inner-block"><a target="_self" href="https://abra.org.pt/index.php/2023/10/07/voluntario-por-um-dia/" class="wpr-button-effect wpr-button-none"><span>Ler mais</span></a></div></div></div></div></article></section>				</div>
				</div>
					</div>
		</div>
					</div>
		</section>
				</div>

<p>Notícias e Comunicados Todos Comunicados Notícias Comunicado October 8, 2023/ Comunicado Quinta, 15 de Agosto de 2019 O Presidente da Mesa da Assembleia Geral da ABRA – Associação Bracarense dos&hellip; Ler mais Voluntário por um dia October 7, 2023/ Voluntário por um dia Quarta, 20 Janeiro 2016 No passado dia 16, a ABRA recebeu um grupo de amigos que&hellip; Ler mais</p>
